000
CDUS41 KBOX 262138
CLIBDL


CLIMATE REPORT
NATIONAL WEATHER SERVICE TAUNTON MA
529 PM EDT WED APR 26 2017


...................................

...THE HARTFORD CT CLIMATE SUMMARY FOR APRIL 26 2017...
VALID TODAY AS OF 0500 PM LOCAL TIME.

CLIMATE NORMAL PERIOD 1981 TO 2010
CLIMATE RECORD PERIOD 1904 TO 2017


WEATHER ITEM   OBSERVED TIME   RECORD YEAR NORMAL DEPARTURE LAST
                VALUE   (LST)  VALUE       VALUE  FROM      YEAR
                                                  NORMAL
..................................................................
TEMPERATURE (F)
 TODAY
  MAXIMUM         62    331 PM  88    2009  65     -3       52
  MINIMUM         48    404 AM  26    1919  42      6       40
  AVERAGE         55                        53      2       46

PRECIPITATION (IN)
  TODAY            0.26          1.49 1910   0.12   0.14     0.27
  MONTH TO DATE    3.66                      3.21   0.45     2.44
  SINCE MAR 1      7.59                      6.83   0.76     4.64
  SINCE JAN 1     13.57                     12.95   0.62    11.47

SNOWFALL (IN)
  TODAY            0.0           T    1975   0.0    0.0      0.0
  MONTH TO DATE    0.5                       1.4   -0.9      6.9
  SINCE MAR 1     19.6                       7.8   11.8      9.8
  SINCE JUL 1     62.3                      40.5   21.8     26.9
  SNOW DEPTH       0

DEGREE DAYS
 HEATING
  TODAY           10                        12     -2       19
  MONTH TO DATE  352                       429    -77      459
  SINCE MAR 1   1329                      1272     57     1103
  SINCE JUL 1   5222                      5710   -488     4779

 COOLING
  TODAY            0                         0      0        0
  MONTH TO DATE    9                         0      9        2
  SINCE MAR 1      9                         0      9        2
  SINCE JAN 1      9                         0      9        2
..................................................................


WIND (MPH)
  HIGHEST WIND SPEED    17   HIGHEST WIND DIRECTION     N (10)
  HIGHEST GUST SPEED    21   HIGHEST GUST DIRECTION     N (10)
  AVERAGE WIND SPEED    12.1


SKY COVER
  POSSIBLE SUNSHINE  MM
  AVERAGE SKY COVER 1.0


WEATHER CONDITIONS
 THE FOLLOWING WEATHER WAS RECORDED TODAY.
  RAIN
  LIGHT RAIN
  FOG


RELATIVE HUMIDITY (PERCENT)
 HIGHEST   100           500 AM
 LOWEST     80           200 PM
 AVERAGE    90

..........................................................


THE HARTFORD CT CLIMATE NORMALS FOR TOMORROW
                         NORMAL    RECORD    YEAR
 MAXIMUM TEMPERATURE (F)   65        94      1962
 MINIMUM TEMPERATURE (F)   42        30      2002
                                             1987
                                             1963


SUNRISE AND SUNSET
APRIL 26 2017.........SUNRISE   553 AM EDT   SUNSET   744 PM EDT
APRIL 27 2017.........SUNRISE   552 AM EDT   SUNSET   745 PM EDT


-  INDICATES NEGATIVE NUMBERS.
R  INDICATES RECORD WAS SET OR TIED.
MM INDICATES DATA IS MISSING.
T  INDICATES TRACE AMOUNT.




$$
