000
CDUS41 KBOX 190633
CLIBDL


CLIMATE REPORT
NATIONAL WEATHER SERVICE TAUNTON MA
123 AM EST MON FEB 19 2018


...................................

...THE HARTFORD CT CLIMATE SUMMARY FOR FEBRUARY 18 2018...

CLIMATE NORMAL PERIOD 1981 TO 2010
CLIMATE RECORD PERIOD 1904 TO 2018


WEATHER ITEM   OBSERVED TIME   RECORD YEAR NORMAL DEPARTURE LAST
                VALUE   (LST)  VALUE       VALUE  FROM      YEAR
                                                  NORMAL
..................................................................
TEMPERATURE (F)
 YESTERDAY
  MAXIMUM         41    137 PM  68    1981  39      2       53
  MINIMUM         24   1159 PM  -9    1979  22      2       17
  AVERAGE         33                        30      3       35

PRECIPITATION (IN)
  YESTERDAY        0.13          0.91 2008   0.11   0.02     0.00
  MONTH TO DATE    3.80                      1.84   1.96     2.09
  SINCE DEC 1     10.07                      8.51   1.56     8.31
  SINCE JAN 1      7.66                      5.07   2.59     5.58

SNOWFALL (IN)
  YESTERDAY        2.0           6.3  1928   0.4    1.6      0.0
  MONTH TO DATE    7.7                       7.7    0.0     22.6
  SINCE DEC 1     31.2                      27.4    3.8     41.2
  SINCE JUL 1     31.2                      29.4    1.8     42.7
  SNOW DEPTH       5

DEGREE DAYS
 HEATING
  YESTERDAY       32                        35     -3       30
  MONTH TO DATE  610                       656    -46      650
  SINCE DEC 1   2996                      2899     97     2653
  SINCE JUL 1   3987                      4106   -119     3690

 COOLING
  YESTERDAY        0                         0      0        0
  MONTH TO DATE    0                         0      0        0
  SINCE DEC 1      0                         0      0        0
  SINCE JAN 1      0                         0      0        0
..................................................................


WIND (MPH)
  RESULTANT WIND SPEED   9   RESULTANT WIND DIRECTION  NW (330)
  HIGHEST WIND SPEED    26   HIGHEST WIND DIRECTION    NW (300)
  HIGHEST GUST SPEED    35   HIGHEST GUST DIRECTION    NW (300)
  AVERAGE WIND SPEED     8.8


SKY COVER
  POSSIBLE SUNSHINE  MM
  AVERAGE SKY COVER 0.5


WEATHER CONDITIONS
 THE FOLLOWING WEATHER WAS RECORDED YESTERDAY.
  SNOW
  LIGHT SNOW
  FOG


RELATIVE HUMIDITY (PERCENT)
 HIGHEST   100          1200 AM
 LOWEST     48          1200 PM
 AVERAGE    74

..........................................................


THE HARTFORD CT CLIMATE NORMALS FOR TODAY
                         NORMAL    RECORD    YEAR
 MAXIMUM TEMPERATURE (F)   40        67      1981
 MINIMUM TEMPERATURE (F)   22         1      1996
                                             1936


SUNRISE AND SUNSET
FEBRUARY 19 2018......SUNRISE   641 AM EST   SUNSET   529 PM EST
FEBRUARY 20 2018......SUNRISE   639 AM EST   SUNSET   530 PM EST


-  INDICATES NEGATIVE NUMBERS.
R  INDICATES RECORD WAS SET OR TIED.
MM INDICATES DATA IS MISSING.
T  INDICATES TRACE AMOUNT.




$$
