000
CDUS41 KBOX 310545
CLIBDL


CLIMATE REPORT
NATIONAL WEATHER SERVICE TAUNTON MA
135 AM EDT WED MAY 31 2017


...................................

...THE HARTFORD CT CLIMATE SUMMARY FOR MAY 30 2017...

CLIMATE NORMAL PERIOD 1981 TO 2010
CLIMATE RECORD PERIOD 1904 TO 2017


WEATHER ITEM   OBSERVED TIME   RECORD YEAR NORMAL DEPARTURE LAST
                VALUE   (LST)  VALUE       VALUE  FROM      YEAR
                                                  NORMAL
..................................................................
TEMPERATURE (F)
 YESTERDAY
  MAXIMUM         63    105 PM  93    1987  75    -12       81
  MINIMUM         52    535 AM  37    1961  52      0       62
                                      1949
  AVERAGE         58                        64     -6       72

PRECIPITATION (IN)
  YESTERDAY        T             2.55 1908   0.17  -0.17     0.64
  MONTH TO DATE    4.20                      4.19   0.01     2.47
  SINCE MAR 1     11.90                     11.53   0.37     7.11
  SINCE JAN 1     17.88                     17.65   0.23    13.94

SNOWFALL (IN)
  YESTERDAY        0.0           0.0  2002   0.0    0.0      0.0
                                      2001
                                      2000
  MONTH TO DATE    0.0                       0.0    0.0      0.0
  SINCE MAR 1     19.6                       7.8   11.8      9.8
  SINCE JUL 1     62.3                      40.5   21.8     26.9
  SNOW DEPTH       0

DEGREE DAYS
 HEATING
  YESTERDAY        7                         4      3        0
  MONTH TO DATE  235                       201     34      208
  SINCE MAR 1   1577                      1516     61     1368
  SINCE JUL 1   5470                      5954   -484     5044

 COOLING
  YESTERDAY        0                         2     -2        7
  MONTH TO DATE   37                        30      7       61
  SINCE MAR 1     60                        36     24       63
  SINCE JAN 1     60                        36     24       63
..................................................................


WIND (MPH)
  RESULTANT WIND SPEED   8   RESULTANT WIND DIRECTION   S (160)
  HIGHEST WIND SPEED    15   HIGHEST WIND DIRECTION     S (170)
  HIGHEST GUST SPEED    18   HIGHEST GUST DIRECTION     S (170)
  AVERAGE WIND SPEED     7.8


SKY COVER
  POSSIBLE SUNSHINE  MM
  AVERAGE SKY COVER 1.0


WEATHER CONDITIONS
 THE FOLLOWING WEATHER WAS RECORDED YESTERDAY.
  LIGHT RAIN
  FOG


RELATIVE HUMIDITY (PERCENT)
 HIGHEST    96           500 AM
 LOWEST     72           100 PM
 AVERAGE    84

..........................................................


THE HARTFORD CT CLIMATE NORMALS FOR TODAY
                         NORMAL    RECORD    YEAR
 MAXIMUM TEMPERATURE (F)   75        95      2013
                                             1987
 MINIMUM TEMPERATURE (F)   52        33      1961


SUNRISE AND SUNSET
MAY 31 2017...........SUNRISE   518 AM EDT   SUNSET   819 PM EDT
JUNE  1 2017..........SUNRISE   518 AM EDT   SUNSET   820 PM EDT


-  INDICATES NEGATIVE NUMBERS.
R  INDICATES RECORD WAS SET OR TIED.
MM INDICATES DATA IS MISSING.
T  INDICATES TRACE AMOUNT.




$$
