000
CDUS41 KBOX 081216
CLIBDL


CLIMATE REPORT
NATIONAL WEATHER SERVICE TAUNTON MA
712 AM EST MON DEC 8 2014


...................................

...THE HARTFORD CT CLIMATE SUMMARY FOR DECEMBER 7 2014...

CLIMATE NORMAL PERIOD 1981 TO 2010
CLIMATE RECORD PERIOD 1904 TO 2014


WEATHER ITEM   OBSERVED TIME   RECORD YEAR NORMAL DEPARTURE LAST
                VALUE   (LST)  VALUE       VALUE  FROM      YEAR
                                                  NORMAL
..................................................................
TEMPERATURE (F)
 YESTERDAY
  MAXIMUM         39    133 AM  76    1998  43     -4       39
  MINIMUM         21   1159 PM  -1    1964  27     -6       28
  AVERAGE         30                        35     -5       34

PRECIPITATION (IN)
  YESTERDAY        T             2.05 2011   0.12  -0.12     0.06
  MONTH TO DATE    1.33                      0.87   0.46     0.67
  SINCE DEC 1      1.33                      0.87   0.46     0.67
  SINCE JAN 1     42.61                     43.28  -0.67    48.46

SNOWFALL (IN)
  YESTERDAY        0.0           9.8  1996   0.2   -0.2      0.2
  MONTH TO DATE    T                         1.2   -1.2      0.4
  SINCE DEC 1      T                         1.2   -1.2      0.4
  SINCE JUL 1      5.1                       3.2    1.9      0.4
  SNOW DEPTH       0

DEGREE DAYS
 HEATING
  YESTERDAY       35                        30      5       31
  MONTH TO DATE  195                       204     -9      192
  SINCE DEC 1    195                       204     -9      192
  SINCE JUL 1   1292                      1411   -119     1424

 COOLING
  YESTERDAY        0                         0      0        0
  MONTH TO DATE    0                         0      0        0
  SINCE DEC 1      0                         0      0        0
  SINCE JAN 1    771                       756     15      894
..................................................................


WIND (MPH)
  RESULTANT WIND SPEED  18   RESULTANT WIND DIRECTION   N (10)
  HIGHEST WIND SPEED    30   HIGHEST WIND DIRECTION     N (20)
  HIGHEST GUST SPEED    39   HIGHEST GUST DIRECTION     N (10)
  AVERAGE WIND SPEED    17.6


SKY COVER
  POSSIBLE SUNSHINE  MM
  AVERAGE SKY COVER 0.5


WEATHER CONDITIONS
 THE FOLLOWING WEATHER WAS RECORDED YESTERDAY.
  LIGHT RAIN


RELATIVE HUMIDITY (PERCENT)
 HIGHEST    85          1200 AM
 LOWEST     32           200 PM
 AVERAGE    59

..........................................................


THE HARTFORD CT CLIMATE NORMALS FOR TODAY
                         NORMAL    RECORD    YEAR
 MAXIMUM TEMPERATURE (F)   42        63      1966
 MINIMUM TEMPERATURE (F)   26        -3      1964


SUNRISE AND SUNSET
DECEMBER  8 2014......SUNRISE   706 AM EST   SUNSET   419 PM EST
DECEMBER  9 2014......SUNRISE   707 AM EST   SUNSET   419 PM EST


-  INDICATES NEGATIVE NUMBERS.
R  INDICATES RECORD WAS SET OR TIED.
MM INDICATES DATA IS MISSING.
T  INDICATES TRACE AMOUNT.




$$
