000
CDUS41 KBOX 220545
CLIBDL


CLIMATE REPORT
NATIONAL WEATHER SERVICE TAUNTON MA
1239 AM EST TUE NOV 22 2016


...................................

...THE HARTFORD CT CLIMATE SUMMARY FOR NOVEMBER 21 2016...

CLIMATE NORMAL PERIOD 1981 TO 2010
CLIMATE RECORD PERIOD 1904 TO 2016


WEATHER ITEM   OBSERVED TIME   RECORD YEAR NORMAL DEPARTURE LAST
                VALUE   (LST)  VALUE       VALUE  FROM      YEAR
                                                  NORMAL
..................................................................
TEMPERATURE (F)
 YESTERDAY
  MAXIMUM         36   1127 AM  70    1931  49    -13       51
  MINIMUM         31   1159 PM  13    1987  32     -1       33
  AVERAGE         34                        41     -7       42

PRECIPITATION (IN)
  YESTERDAY        T             1.72 1994   0.14  -0.14     0.00
  MONTH TO DATE    1.22                      2.70  -1.48     1.99
  SINCE SEP 1      5.81                     10.95  -5.14     9.34
  SINCE JAN 1     28.15                     41.22 -13.07    34.75

SNOWFALL (IN)
  YESTERDAY        T             1.5  1978   0.0    0.0      0.0
  MONTH TO DATE    T                         1.0   -1.0      0.0
  SINCE SEP 1      1.5                       1.0    0.5       T
  SINCE JUL 1      1.5                       1.0    0.5       T
  SNOW DEPTH       0

DEGREE DAYS
 HEATING
  YESTERDAY       31                        24      7       23
  MONTH TO DATE  390                       442    -52      330
  SINCE SEP 1    799                       959   -160      762
  SINCE JUL 1    799                       971   -172      763

 COOLING
  YESTERDAY        0                         0      0        0
  MONTH TO DATE    0                         0      0        2
  SINCE SEP 1    138                        81     57      150
  SINCE JAN 1   1068                       756    312      964
..................................................................


WIND (MPH)
  RESULTANT WIND SPEED  13   RESULTANT WIND DIRECTION   W (280)
  HIGHEST WIND SPEED    25   HIGHEST WIND DIRECTION     W (280)
  HIGHEST GUST SPEED    31   HIGHEST GUST DIRECTION     W (270)
  AVERAGE WIND SPEED    13.7


SKY COVER
  POSSIBLE SUNSHINE  MM
  AVERAGE SKY COVER 0.9


WEATHER CONDITIONS
 THE FOLLOWING WEATHER WAS RECORDED YESTERDAY.
  LIGHT SNOW


RELATIVE HUMIDITY (PERCENT)
 HIGHEST    64          1100 AM
 LOWEST     56          1200 PM
 AVERAGE    60

..........................................................


THE HARTFORD CT CLIMATE NORMALS FOR TODAY
                         NORMAL    RECORD    YEAR
 MAXIMUM TEMPERATURE (F)   49        72      1931
 MINIMUM TEMPERATURE (F)   32        14      1969


SUNRISE AND SUNSET
NOVEMBER 22 2016......SUNRISE   649 AM EST   SUNSET   424 PM EST
NOVEMBER 23 2016......SUNRISE   651 AM EST   SUNSET   424 PM EST


-  INDICATES NEGATIVE NUMBERS.
R  INDICATES RECORD WAS SET OR TIED.
MM INDICATES DATA IS MISSING.
T  INDICATES TRACE AMOUNT.




$$
