000
CDUS41 KBOX 050546
CLIBDL


CLIMATE REPORT
NATIONAL WEATHER SERVICE TAUNTON MA
146 AM EDT FRI MAY 5 2017


...................................

...THE HARTFORD CT CLIMATE SUMMARY FOR MAY 4 2017...

CLIMATE NORMAL PERIOD 1981 TO 2010
CLIMATE RECORD PERIOD 1904 TO 2017


WEATHER ITEM   OBSERVED TIME   RECORD YEAR NORMAL DEPARTURE LAST
                VALUE   (LST)  VALUE       VALUE  FROM      YEAR
                                                  NORMAL
..................................................................
TEMPERATURE (F)
 YESTERDAY
  MAXIMUM         68    211 PM  91    2001  68      0       52
  MINIMUM         35    458 AM  28    1985  44     -9       45
  AVERAGE         52                        56     -4       49

PRECIPITATION (IN)
  YESTERDAY        0.00          1.47 1984   0.13  -0.13     0.03
  MONTH TO DATE    T                         0.49  -0.49     1.18
  SINCE MAR 1      7.70                      7.83  -0.13     5.82
  SINCE JAN 1     13.68                     13.95  -0.27    12.65

SNOWFALL (IN)
  YESTERDAY        0.0           0.0  2002   0.0    0.0      0.0
                                      2001
                                      2000
  MONTH TO DATE    0.0                       0.0    0.0      0.0
  SINCE MAR 1     19.6                       7.8   11.8      9.8
  SINCE JUL 1     62.3                      40.5   21.8     26.9
  SNOW DEPTH       0

DEGREE DAYS
 HEATING
  YESTERDAY       13                         9      4       16
  MONTH TO DATE   31                        39     -8       67
  SINCE MAR 1   1373                      1354     19     1227
  SINCE JUL 1   5266                      5792   -526     4903

 COOLING
  YESTERDAY        0                         0      0        0
  MONTH TO DATE    0                         0      0        0
  SINCE MAR 1     23                         6     17        2
  SINCE JAN 1     23                         6     17        2
..................................................................


WIND (MPH)
  RESULTANT WIND SPEED   5   RESULTANT WIND DIRECTION   S (170)
  HIGHEST WIND SPEED    20   HIGHEST WIND DIRECTION     S (200)
  HIGHEST GUST SPEED    27   HIGHEST GUST DIRECTION     S (180)
  AVERAGE WIND SPEED     6.8


SKY COVER
  POSSIBLE SUNSHINE  MM
  AVERAGE SKY COVER 0.7


WEATHER CONDITIONS
 THE FOLLOWING WEATHER WAS RECORDED YESTERDAY.
  NO SIGNIFICANT WEATHER WAS OBSERVED.


RELATIVE HUMIDITY (PERCENT)
 HIGHEST    92           500 AM
 LOWEST     20           200 PM
 AVERAGE    56

..........................................................


THE HARTFORD CT CLIMATE NORMALS FOR TODAY
                         NORMAL    RECORD    YEAR
 MAXIMUM TEMPERATURE (F)   68        93      1949
 MINIMUM TEMPERATURE (F)   45        30      2005


SUNRISE AND SUNSET
MAY  5 2017...........SUNRISE   541 AM EDT   SUNSET   754 PM EDT
MAY  6 2017...........SUNRISE   540 AM EDT   SUNSET   755 PM EDT


-  INDICATES NEGATIVE NUMBERS.
R  INDICATES RECORD WAS SET OR TIED.
MM INDICATES DATA IS MISSING.
T  INDICATES TRACE AMOUNT.




$$
