000
CDUS41 KBOX 310549
CLIBDL


CLIMATE REPORT
NATIONAL WEATHER SERVICE TAUNTON MA
1249 AM EST SAT DEC 31 2016


...................................

...THE HARTFORD CT CLIMATE SUMMARY FOR DECEMBER 30 2016...

CLIMATE NORMAL PERIOD 1981 TO 2010
CLIMATE RECORD PERIOD 1904 TO 2016


WEATHER ITEM   OBSERVED TIME   RECORD YEAR NORMAL DEPARTURE LAST
                VALUE   (LST)  VALUE       VALUE  FROM      YEAR
                                                  NORMAL
..................................................................
TEMPERATURE (F)
 YESTERDAY
  MAXIMUM         40   1131 AM  59    1984  36      4       32
  MINIMUM         27   1056 PM -18    1917  19      8       30
  AVERAGE         34                        27      7       31

PRECIPITATION (IN)
  YESTERDAY        0.01          1.96 1942   0.10  -0.09     0.08
  MONTH TO DATE    2.70                      3.34  -0.64     4.18
  SINCE DEC 1      2.70                      3.34  -0.64     4.18
  SINCE JAN 1     32.69                     45.75 -13.06    39.14

SNOWFALL (IN)
  YESTERDAY        T             3.9  1989   0.4   -0.4      0.0
  MONTH TO DATE   10.2                       7.1    3.1      1.0
  SINCE DEC 1     10.2                       7.1    3.1      1.0
  SINCE JUL 1     11.7                       9.1    2.6      1.0
  SNOW DEPTH       0

DEGREE DAYS
 HEATING
  YESTERDAY       31                        38     -7       34
  MONTH TO DATE  977                       998    -21      643
  SINCE DEC 1    977                       998    -21      643
  SINCE JUL 1   2014                      2205   -191     1627

 COOLING
  YESTERDAY        0                         0      0        0
  MONTH TO DATE    0                         0      0        0
  SINCE DEC 1      0                         0      0        0
  SINCE JAN 1   1068                       756    312      964
..................................................................


WIND (MPH)
  RESULTANT WIND SPEED  11   RESULTANT WIND DIRECTION   W (260)
  HIGHEST WIND SPEED    25   HIGHEST WIND DIRECTION     W (280)
  HIGHEST GUST SPEED    34   HIGHEST GUST DIRECTION     W (290)
  AVERAGE WIND SPEED    12.2


SKY COVER
  POSSIBLE SUNSHINE  MM
  AVERAGE SKY COVER 0.4


WEATHER CONDITIONS
 THE FOLLOWING WEATHER WAS RECORDED YESTERDAY.
  LIGHT SNOW
  FOG


RELATIVE HUMIDITY (PERCENT)
 HIGHEST    78          1200 AM
 LOWEST     47           400 PM
 AVERAGE    63

..........................................................


THE HARTFORD CT CLIMATE NORMALS FOR TODAY
                         NORMAL    RECORD    YEAR
 MAXIMUM TEMPERATURE (F)   35        65      1965
 MINIMUM TEMPERATURE (F)   19       -15      1917


SUNRISE AND SUNSET
DECEMBER 31 2016......SUNRISE   718 AM EST   SUNSET   430 PM EST
JANUARY  1 2017.......SUNRISE   719 AM EST   SUNSET   430 PM EST


-  INDICATES NEGATIVE NUMBERS.
R  INDICATES RECORD WAS SET OR TIED.
MM INDICATES DATA IS MISSING.
T  INDICATES TRACE AMOUNT.




$$
