000
CDUS41 KBOX 150536
CLIBDL


CLIMATE REPORT
NATIONAL WEATHER SERVICE TAUNTON MA
1236 AM EST FRI DEC 15 2017


...................................

...THE HARTFORD CT CLIMATE SUMMARY FOR DECEMBER 14 2017...

CLIMATE NORMAL PERIOD 1981 TO 2010
CLIMATE RECORD PERIOD 1904 TO 2017


WEATHER ITEM   OBSERVED TIME   RECORD YEAR NORMAL DEPARTURE LAST
                VALUE   (LST)  VALUE       VALUE  FROM      YEAR
                                                  NORMAL
..................................................................
TEMPERATURE (F)
 YESTERDAY
  MAXIMUM         27    108 PM  60    1920  40    -13       40
  MINIMUM         16   1159 PM  -2    2005  24     -8       24
  AVERAGE         22                        32    -10       32

PRECIPITATION (IN)
  YESTERDAY        0.02          2.00 1920   0.11  -0.09      T
  MONTH TO DATE    1.22                      1.69  -0.47     1.05
  SINCE DEC 1      1.22                      1.69  -0.47     1.05
  SINCE JAN 1     44.39                     44.10   0.29    31.04

SNOWFALL (IN)
  YESTERDAY        0.4          10.8  1977   0.2    0.2       T
  MONTH TO DATE    5.9                       2.6    3.3      3.0
  SINCE DEC 1      5.9                       2.6    3.3      3.0
  SINCE JUL 1      5.9                       4.6    1.3      4.5
  SNOW DEPTH       2

DEGREE DAYS
 HEATING
  YESTERDAY       43                        33     10       33
  MONTH TO DATE  431                       428      3      425
  SINCE DEC 1    431                       428      3      425
  SINCE JUL 1   1422                      1635   -213     1462

 COOLING
  YESTERDAY        0                         0      0        0
  MONTH TO DATE    0                         0      0        0
  SINCE DEC 1      0                         0      0        0
  SINCE JAN 1    865                       756    109     1068
..................................................................


WIND (MPH)
  RESULTANT WIND SPEED   6   RESULTANT WIND DIRECTION  NW (310)
  HIGHEST WIND SPEED    25   HIGHEST WIND DIRECTION     W (290)
  HIGHEST GUST SPEED    31   HIGHEST GUST DIRECTION     W (280)
  AVERAGE WIND SPEED     8.0


SKY COVER
  POSSIBLE SUNSHINE  MM
  AVERAGE SKY COVER 0.6


WEATHER CONDITIONS
 THE FOLLOWING WEATHER WAS RECORDED YESTERDAY.
  LIGHT SNOW
  FOG


RELATIVE HUMIDITY (PERCENT)
 HIGHEST    91           400 AM
 LOWEST     40           300 PM
 AVERAGE    66

..........................................................


THE HARTFORD CT CLIMATE NORMALS FOR TODAY
                         NORMAL    RECORD    YEAR
 MAXIMUM TEMPERATURE (F)   40        63      1975
 MINIMUM TEMPERATURE (F)   24        -4      1960


SUNRISE AND SUNSET
DECEMBER 15 2017......SUNRISE   712 AM EST   SUNSET   420 PM EST
DECEMBER 16 2017......SUNRISE   712 AM EST   SUNSET   421 PM EST


-  INDICATES NEGATIVE NUMBERS.
R  INDICATES RECORD WAS SET OR TIED.
MM INDICATES DATA IS MISSING.
T  INDICATES TRACE AMOUNT.




$$
