471
CDUS41 KBOX 242140
CLIBDL


CLIMATE REPORT
NATIONAL WEATHER SERVICE TAUNTON MA
530 PM EDT FRI MAR 24 2017


...................................

...THE HARTFORD CT CLIMATE SUMMARY FOR MARCH 24 2017...
VALID AS OF 0500 PM LOCAL TIME.

CLIMATE NORMAL PERIOD 1981 TO 2010
CLIMATE RECORD PERIOD 1904 TO 2017


WEATHER ITEM   OBSERVED TIME   RECORD YEAR NORMAL DEPARTURE LAST
                VALUE   (LST)  VALUE       VALUE  FROM      YEAR
                                                  NORMAL
..................................................................
TEMPERATURE (F)
 TODAY
  MAXIMUM         44    359 PM  74    1988  51     -7       56
  MINIMUM         23    101 AM   7    1906  30     -7       37
  AVERAGE         34                        41     -7       47

PRECIPITATION (IN)
  TODAY            0.04          1.26 1912   0.13  -0.09      T
  MONTH TO DATE    1.93                      2.77  -0.84     1.52
  SINCE MAR 1      1.93                      2.77  -0.84     1.52
  SINCE JAN 1      7.91                      8.89  -0.98     8.35

SNOWFALL (IN)
  TODAY            T             6.8  1956   0.2   -0.2      0.0
  MONTH TO DATE   18.1                       5.4   12.7      2.9
  SINCE MAR 1     18.1                       5.4   12.7      2.9
  SINCE JUL 1     60.8                      38.1   22.7     20.0
  SNOW DEPTH       2

DEGREE DAYS
 HEATING
  TODAY           31                        25      6       18
  MONTH TO DATE  796                       683    113      510
  SINCE MAR 1    796                       683    113      510
  SINCE JUL 1   4689                      5121   -432     4186

 COOLING
  TODAY            0                         0      0        0
  MONTH TO DATE    0                         0      0        0
  SINCE MAR 1      0                         0      0        0
  SINCE JAN 1      0                         0      0        0
..................................................................


WIND (MPH)
  HIGHEST WIND SPEED    20   HIGHEST WIND DIRECTION    SW (220)
  HIGHEST GUST SPEED    25   HIGHEST GUST DIRECTION     S (200)
  AVERAGE WIND SPEED     7.0


SKY COVER
  POSSIBLE SUNSHINE  MM
  AVERAGE SKY COVER 0.9


WEATHER CONDITIONS
 THE FOLLOWING WEATHER WAS RECORDED TODAY.
  RAIN
  LIGHT RAIN
  LIGHT SNOW
  SLEET


RELATIVE HUMIDITY (PERCENT)
 HIGHEST    70           800 AM
 LOWEST     50          1200 AM
 AVERAGE    60

..........................................................


THE HARTFORD CT CLIMATE NORMALS FOR TOMORROW
                         NORMAL    RECORD    YEAR
 MAXIMUM TEMPERATURE (F)   51        78      1910
 MINIMUM TEMPERATURE (F)   31         9      1956
                                             1906


SUNRISE AND SUNSET
MARCH 24 2017.........SUNRISE   647 AM EDT   SUNSET   708 PM EDT
MARCH 25 2017.........SUNRISE   645 AM EDT   SUNSET   709 PM EDT


-  INDICATES NEGATIVE NUMBERS.
R  INDICATES RECORD WAS SET OR TIED.
MM INDICATES DATA IS MISSING.
T  INDICATES TRACE AMOUNT.




$$
