000
CDUS41 KBOX 162140
CLIBDL


CLIMATE REPORT
NATIONAL WEATHER SERVICE TAUNTON MA
530 PM EDT WED APR 16 2014


...................................

...THE HARTFORD CT CLIMATE SUMMARY FOR APRIL 16 2014...
VALID AS OF 0500 PM LOCAL TIME.

CLIMATE NORMAL PERIOD 1981 TO 2010
CLIMATE RECORD PERIOD 1904 TO 2014


WEATHER ITEM   OBSERVED TIME   RECORD YEAR NORMAL DEPARTURE LAST
                VALUE   (LST)  VALUE       VALUE  FROM      YEAR
                                                  NORMAL
..................................................................
TEMPERATURE (F)
 TODAY
  MAXIMUM         46    313 PM  92    2012  61    -15       67
  MINIMUM         30    712 AM  21    1943  39     -9       36
  AVERAGE         38                        50    -12       52

PRECIPITATION (IN)
  TODAY            0.04          2.76 1996   0.12  -0.08     0.06
  MONTH TO DATE    2.44                      2.02   0.42     0.92
  SINCE MAR 1      7.16                      5.64   1.52     3.52
  SINCE JAN 1     14.53                     11.76   2.77     9.03

SNOWFALL (IN)
  TODAY           MM             2.6  1992   0.0   MM        0.0
  MONTH TO DATE    T                         1.1   -1.1      0.0
  SINCE MAR 1      0.8                       7.5   -6.7      9.8
  SINCE JUL 1     50.9                      40.2   10.7     56.9
  SNOW DEPTH       0

DEGREE DAYS
 HEATING
  TODAY           27                        15     12       13
  MONTH TO DATE  244                       294    -50      300
  SINCE MAR 1   1283                      1137    146     1160
  SINCE JUL 1   5962                      5575    387     5312

 COOLING
  TODAY            0                         0      0        0
  MONTH TO DATE    1                         0      1        0
  SINCE MAR 1      1                         0      1        0
  SINCE JAN 1      1                         0      1        0
..................................................................


WIND (MPH)
  HIGHEST WIND SPEED    24   HIGHEST WIND DIRECTION    NW (330)
  HIGHEST GUST SPEED    35   HIGHEST GUST DIRECTION     N (340)
  AVERAGE WIND SPEED    14.5


SKY COVER
  POSSIBLE SUNSHINE  MM
  AVERAGE SKY COVER 0.4


WEATHER CONDITIONS
 THE FOLLOWING WEATHER WAS RECORDED TODAY.
  SNOW
  LIGHT SNOW
  SLEET
  FOG


RELATIVE HUMIDITY (PERCENT)
 HIGHEST    85           100 AM
 LOWEST     27           200 PM
 AVERAGE    56

..........................................................


THE HARTFORD CT CLIMATE NORMALS FOR TOMORROW
                         NORMAL    RECORD    YEAR
 MAXIMUM TEMPERATURE (F)   61        95      2002
 MINIMUM TEMPERATURE (F)   39        25      1908


SUNRISE AND SUNSET
APRIL 16 2014.........SUNRISE   609 AM EDT   SUNSET   733 PM EDT
APRIL 17 2014.........SUNRISE   607 AM EDT   SUNSET   734 PM EDT


-  INDICATES NEGATIVE NUMBERS.
R  INDICATES RECORD WAS SET OR TIED.
MM INDICATES DATA IS MISSING.
T  INDICATES TRACE AMOUNT.




$$
