000
CDUS41 KBOX 150541
CLIBDL


CLIMATE REPORT
NATIONAL WEATHER SERVICE TAUNTON MA
1240 AM EST SUN JAN 15 2017


...................................

...THE HARTFORD CT CLIMATE SUMMARY FOR JANUARY 14 2017...

CLIMATE NORMAL PERIOD 1981 TO 2010
CLIMATE RECORD PERIOD 1904 TO 2017


WEATHER ITEM   OBSERVED TIME   RECORD YEAR NORMAL DEPARTURE LAST
                VALUE   (LST)  VALUE       VALUE  FROM      YEAR
                                                  NORMAL
..................................................................
TEMPERATURE (F)
 YESTERDAY
  MAXIMUM         29    650 PM  70    1932  34     -5       33
  MINIMUM         17    737 AM -12    1957  17      0       16
                                      1912
  AVERAGE         23                        26     -3       25

PRECIPITATION (IN)
  YESTERDAY        0.00          1.54 1940   0.11  -0.11      T
  MONTH TO DATE    1.66                      1.43   0.23     1.51
  SINCE DEC 1      4.39                      4.87  -0.48     5.76
  SINCE JAN 1      1.66                      1.43   0.23     1.51

SNOWFALL (IN)
  YESTERDAY        0.0           6.3  2008   0.4   -0.4       T
  MONTH TO DATE    4.1                       5.5   -1.4      0.3
  SINCE DEC 1     14.3                      12.9    1.4      1.3
  SINCE JUL 1     15.8                      14.9    0.9      1.3
  SNOW DEPTH       0

DEGREE DAYS
 HEATING
  YESTERDAY       42                        39      3       40
  MONTH TO DATE  495                       543    -48      493
  SINCE DEC 1   1505                      1580    -75     1163
  SINCE JUL 1   2542                      2787   -245     2147

 COOLING
  YESTERDAY        0                         0      0        0
  MONTH TO DATE    0                         0      0        0
  SINCE DEC 1      0                         0      0        0
  SINCE JAN 1      0                         0      0        0
..................................................................


WIND (MPH)
  RESULTANT WIND SPEED   2   RESULTANT WIND DIRECTION  SW (210)
  HIGHEST WIND SPEED    15   HIGHEST WIND DIRECTION    SW (210)
  HIGHEST GUST SPEED    20   HIGHEST GUST DIRECTION    SW (210)
  AVERAGE WIND SPEED     5.8


SKY COVER
  POSSIBLE SUNSHINE  MM
  AVERAGE SKY COVER 0.8


WEATHER CONDITIONS
 THE FOLLOWING WEATHER WAS RECORDED YESTERDAY.
  NO SIGNIFICANT WEATHER WAS OBSERVED.


RELATIVE HUMIDITY (PERCENT)
 HIGHEST    75          1000 PM
 LOWEST     39           100 PM
 AVERAGE    57

..........................................................


THE HARTFORD CT CLIMATE NORMALS FOR TODAY
                         NORMAL    RECORD    YEAR
 MAXIMUM TEMPERATURE (F)   34        63      1995
 MINIMUM TEMPERATURE (F)   17       -15      1957


SUNRISE AND SUNSET
JANUARY 15 2017.......SUNRISE   716 AM EST   SUNSET   445 PM EST
JANUARY 16 2017.......SUNRISE   715 AM EST   SUNSET   446 PM EST


-  INDICATES NEGATIVE NUMBERS.
R  INDICATES RECORD WAS SET OR TIED.
MM INDICATES DATA IS MISSING.
T  INDICATES TRACE AMOUNT.




$$
