985
CDUS41 KBOX 300533
CLIBDL


CLIMATE REPORT
NATIONAL WEATHER SERVICE TAUNTON MA
132 AM EDT MON MAY 30 2016


...................................

...THE HARTFORD CT CLIMATE SUMMARY FOR MAY 29 2016...

CLIMATE NORMAL PERIOD 1981 TO 2010
CLIMATE RECORD PERIOD 1904 TO 2016


WEATHER ITEM   OBSERVED TIME   RECORD YEAR NORMAL DEPARTURE LAST
                VALUE   (LST)  VALUE       VALUE  FROM      YEAR
                                                  NORMAL
..................................................................
TEMPERATURE (F)
 YESTERDAY
  MAXIMUM         91    149 PM  93    2012  75     16       84
                                      1987
  MINIMUM         65    511 AM  37    1962  52     13       56
  AVERAGE         78                        63     15       70

PRECIPITATION (IN)
  YESTERDAY        0.00          2.60 1984   0.16  -0.16     0.00
  MONTH TO DATE    1.83                      4.02  -2.19     1.04
  SINCE MAR 1      6.47                     11.36  -4.89     7.10
  SINCE JAN 1     13.30                     17.48  -4.18    13.28

SNOWFALL (IN)
  YESTERDAY        0.0           0.0  2002   0.0    0.0      0.0
                                      2001
                                      2000
  MONTH TO DATE    0.0                       0.0    0.0      0.0
  SINCE MAR 1      9.8                       7.8    2.0      9.0
  SINCE JUL 1     26.9                      40.5  -13.6     63.8
  SNOW DEPTH       0

DEGREE DAYS
 HEATING
  YESTERDAY        0                         4     -4        0
  MONTH TO DATE  208                       197     11       74
  SINCE MAR 1   1368                      1512   -144     1532
  SINCE JUL 1   5044                      5950   -906     6177

 COOLING
  YESTERDAY       13                         2     11        5
  MONTH TO DATE   54                        28     26      108
  SINCE MAR 1     56                        34     22      108
  SINCE JAN 1     56                        34     22      108
..................................................................


WIND (MPH)
  RESULTANT WIND SPEED   6   RESULTANT WIND DIRECTION   S (170)
  HIGHEST WIND SPEED    18   HIGHEST WIND DIRECTION     S (200)
  HIGHEST GUST SPEED    24   HIGHEST GUST DIRECTION     S (200)
  AVERAGE WIND SPEED     7.6


SKY COVER
  POSSIBLE SUNSHINE  MM
  AVERAGE SKY COVER 0.6


WEATHER CONDITIONS
 THE FOLLOWING WEATHER WAS RECORDED YESTERDAY.
  NO SIGNIFICANT WEATHER WAS OBSERVED.


RELATIVE HUMIDITY (PERCENT)
 HIGHEST    84          1000 PM
 LOWEST     40           400 PM
 AVERAGE    62

..........................................................


THE HARTFORD CT CLIMATE NORMALS FOR TODAY
                         NORMAL    RECORD    YEAR
 MAXIMUM TEMPERATURE (F)   75        93      1987
 MINIMUM TEMPERATURE (F)   52        37      1961
                                             1949


SUNRISE AND SUNSET
MAY 30 2016...........SUNRISE   519 AM EDT   SUNSET   818 PM EDT
MAY 31 2016...........SUNRISE   518 AM EDT   SUNSET   819 PM EDT


-  INDICATES NEGATIVE NUMBERS.
R  INDICATES RECORD WAS SET OR TIED.
MM INDICATES DATA IS MISSING.
T  INDICATES TRACE AMOUNT.




$$
