000
CDUS41 KBOX 280542
CLIBDL


CLIMATE REPORT
NATIONAL WEATHER SERVICE TAUNTON MA
137 AM EDT MON JUL 28 2014


...................................

...THE HARTFORD CT CLIMATE SUMMARY FOR JULY 27 2014...

CLIMATE NORMAL PERIOD 1981 TO 2010
CLIMATE RECORD PERIOD 1904 TO 2014


WEATHER ITEM   OBSERVED TIME   RECORD YEAR NORMAL DEPARTURE LAST
                VALUE   (LST)  VALUE       VALUE  FROM      YEAR
                                                  NORMAL
..................................................................
TEMPERATURE (F)
 YESTERDAY
  MAXIMUM         85    506 PM  96    1964  85      0       85
  MINIMUM         66   1159 PM  49    2001  63      3       58
                                      1977
  AVERAGE         76                        74      2       72

PRECIPITATION (IN)
  YESTERDAY        0.49          2.48 2000   0.14   0.35     0.00
  MONTH TO DATE    4.20                      3.56   0.64     4.19
  SINCE JUN 1      5.91                      7.91  -2.00    14.98
  SINCE JAN 1     27.92                     25.72   2.20    31.12

SNOWFALL (IN)
  YESTERDAY        0.0           0.0  2002   0.0    0.0      0.0
                                      2001
                                      2000
  MONTH TO DATE    0.0                       0.0    0.0      0.0
  SINCE JUN 1      0.0                       0.0    0.0      0.0
  SINCE JUL 1      0.0                       0.0    0.0      0.0
  SNOW DEPTH       0

DEGREE DAYS
 HEATING
  YESTERDAY        0                         0      0        0
  MONTH TO DATE    0                         0      0        2
  SINCE JUN 1      6                        40    -34       35
  SINCE JUL 1      0                         0      0        2

 COOLING
  YESTERDAY       11                         9      2        7
  MONTH TO DATE  280                       235     45      381
  SINCE JUN 1    428                       379     49      556
  SINCE JAN 1    460                       418     42      610
..................................................................


WIND (MPH)
  RESULTANT WIND SPEED   8   RESULTANT WIND DIRECTION   S (190)
  HIGHEST WIND SPEED    32   HIGHEST WIND DIRECTION    NW (330)
  HIGHEST GUST SPEED    47   HIGHEST GUST DIRECTION    NW (330)
  AVERAGE WIND SPEED     8.2


SKY COVER
  POSSIBLE SUNSHINE  MM
  AVERAGE SKY COVER 0.7


WEATHER CONDITIONS
 THE FOLLOWING WEATHER WAS RECORDED YESTERDAY.
  THUNDERSTORM
  HEAVY RAIN
  RAIN
  LIGHT RAIN
  FOG


RELATIVE HUMIDITY (PERCENT)
 HIGHEST    90           400 AM
 LOWEST     59           500 PM
 AVERAGE    75

..........................................................


THE HARTFORD CT CLIMATE NORMALS FOR TODAY
                         NORMAL    RECORD    YEAR
 MAXIMUM TEMPERATURE (F)   85        96      1970
                                             1949
                                             1931
 MINIMUM TEMPERATURE (F)   63        48      2001


SUNRISE AND SUNSET
JULY 28 2014..........SUNRISE   540 AM EDT   SUNSET   813 PM EDT
JULY 29 2014..........SUNRISE   541 AM EDT   SUNSET   812 PM EDT


-  INDICATES NEGATIVE NUMBERS.
R  INDICATES RECORD WAS SET OR TIED.
MM INDICATES DATA IS MISSING.
T  INDICATES TRACE AMOUNT.




$$
