000
CDUS41 KBOX 192133
CLIBDL


CLIMATE REPORT
NATIONAL WEATHER SERVICE TAUNTON MA
433 PM EST MON FEB 19 2018


...................................

...THE HARTFORD CT CLIMATE SUMMARY FOR FEBRUARY 19 2018...
VALID TODAY AS OF 0400 PM LOCAL TIME.

CLIMATE NORMAL PERIOD 1981 TO 2010
CLIMATE RECORD PERIOD 1904 TO 2018


WEATHER ITEM   OBSERVED TIME   RECORD YEAR NORMAL DEPARTURE LAST
                VALUE   (LST)  VALUE       VALUE  FROM      YEAR
                                                  NORMAL
..................................................................
TEMPERATURE (F)
 TODAY
  MAXIMUM         46    343 PM  67    1981  40      6       58
  MINIMUM         18    714 AM   1    1996  22     -4       31
                                      1936
  AVERAGE         32                        31      1       45

PRECIPITATION (IN)
  TODAY            T             1.41 1963   0.10  -0.10     0.00
  MONTH TO DATE    3.80                      1.94   1.86     2.09
  SINCE DEC 1     10.07                      8.61   1.46     8.31
  SINCE JAN 1      7.66                      5.17   2.49     5.58

SNOWFALL (IN)
  TODAY           MM            11.0  1972   0.4   MM        0.0
  MONTH TO DATE    7.7                       8.1   -0.4     22.6
  SINCE DEC 1     31.2                      27.8    3.4     41.2
  SINCE JUL 1     31.2                      29.8    1.4     42.7
  SNOW DEPTH       3

DEGREE DAYS
 HEATING
  TODAY           33                        34     -1       20
  MONTH TO DATE  643                       690    -47      670
  SINCE DEC 1   3029                      2933     96     2673
  SINCE JUL 1   4020                      4140   -120     3710

 COOLING
  TODAY            0                         0      0        0
  MONTH TO DATE    0                         0      0        0
  SINCE DEC 1      0                         0      0        0
  SINCE JAN 1      0                         0      0        0
..................................................................


WIND (MPH)
  HIGHEST WIND SPEED    20   HIGHEST WIND DIRECTION     S (190)
  HIGHEST GUST SPEED    26   HIGHEST GUST DIRECTION     S (200)
  AVERAGE WIND SPEED     5.1


SKY COVER
  POSSIBLE SUNSHINE  MM
  AVERAGE SKY COVER 0.5


WEATHER CONDITIONS
 THE FOLLOWING WEATHER WAS RECORDED TODAY.
  LIGHT RAIN


RELATIVE HUMIDITY (PERCENT)
 HIGHEST    92           200 AM
 LOWEST     62          1100 AM
 AVERAGE    77

..........................................................


THE HARTFORD CT CLIMATE NORMALS FOR TOMORROW
                         NORMAL    RECORD    YEAR
 MAXIMUM TEMPERATURE (F)   40        69      1930
 MINIMUM TEMPERATURE (F)   22        -4      2015


SUNRISE AND SUNSET
FEBRUARY 19 2018......SUNRISE   641 AM EST   SUNSET   529 PM EST
FEBRUARY 20 2018......SUNRISE   639 AM EST   SUNSET   530 PM EST


-  INDICATES NEGATIVE NUMBERS.
R  INDICATES RECORD WAS SET OR TIED.
MM INDICATES DATA IS MISSING.
T  INDICATES TRACE AMOUNT.




$$
