000
CDUS41 KBOX 122122
CLIBDL


CLIMATE REPORT
NATIONAL WEATHER SERVICE TAUNTON MA
522 PM EDT SAT APR 12 2014


...................................

...THE HARTFORD CT CLIMATE SUMMARY FOR APRIL 12 2014...
VALID AS OF 0500 PM LOCAL TIME.

CLIMATE NORMAL PERIOD 1981 TO 2010
CLIMATE RECORD PERIOD 1904 TO 2014


WEATHER ITEM   OBSERVED TIME   RECORD YEAR NORMAL DEPARTURE LAST
                VALUE   (LST)  VALUE       VALUE  FROM      YEAR
                                                  NORMAL
..................................................................
TEMPERATURE (F)
 TODAY
  MAXIMUM         71    338 PM  88    1977  59     12       42
  MINIMUM         41    541 AM  22    1976  37      4       36
                                      1926
  AVERAGE         56                        48      8       39

PRECIPITATION (IN)
  TODAY            0.03          2.53 1934   0.13  -0.10     0.42
  MONTH TO DATE    0.96                      1.52  -0.56     0.74
  SINCE MAR 1      5.68                      5.14   0.54     3.34
  SINCE JAN 1     13.05                     11.26   1.79     8.85

SNOWFALL (IN)
  TODAY            0.0           2.7  1918   0.1   -0.1      0.0
  MONTH TO DATE    0.0                       0.9   -0.9      0.0
  SINCE MAR 1      0.8                       7.3   -6.5      9.8
  SINCE JUL 1     50.9                      40.0   10.9     56.9
  SNOW DEPTH       0

DEGREE DAYS
 HEATING
  TODAY            9                        17     -8       26
  MONTH TO DATE  194                       230    -36      227
  SINCE MAR 1   1233                      1073    160     1087
  SINCE JUL 1   5912                      5511    401     5239

 COOLING
  TODAY            0                         0      0        0
  MONTH TO DATE    0                         0      0        0
  SINCE MAR 1      0                         0      0        0
  SINCE JAN 1      0                         0      0        0
..................................................................


WIND (MPH)
  HIGHEST WIND SPEED    18   HIGHEST WIND DIRECTION     W (270)
  HIGHEST GUST SPEED    26   HIGHEST GUST DIRECTION    NW (300)
  AVERAGE WIND SPEED     5.0


SKY COVER
  POSSIBLE SUNSHINE  MM
  AVERAGE SKY COVER 0.2


WEATHER CONDITIONS
 THE FOLLOWING WEATHER WAS RECORDED TODAY.
  LIGHT RAIN
  FOG


RELATIVE HUMIDITY (PERCENT)
 HIGHEST    93           200 AM
 LOWEST     20           200 PM
 AVERAGE    57

..........................................................


THE HARTFORD CT CLIMATE NORMALS FOR TOMORROW
                         NORMAL    RECORD    YEAR
 MAXIMUM TEMPERATURE (F)   60        86      1977
 MINIMUM TEMPERATURE (F)   38        24      1990


SUNRISE AND SUNSET
APRIL 12 2014.........SUNRISE   615 AM EDT   SUNSET   728 PM EDT
APRIL 13 2014.........SUNRISE   614 AM EDT   SUNSET   730 PM EDT


-  INDICATES NEGATIVE NUMBERS.
R  INDICATES RECORD WAS SET OR TIED.
MM INDICATES DATA IS MISSING.
T  INDICATES TRACE AMOUNT.




$$
