000
CDUS41 KBOX 160549
CLIBDL


CLIMATE REPORT
NATIONAL WEATHER SERVICE TAUNTON MA
1246 AM EST TUE DEC 16 2014


...................................

...THE HARTFORD CT CLIMATE SUMMARY FOR DECEMBER 15 2014...

CLIMATE NORMAL PERIOD 1981 TO 2010
CLIMATE RECORD PERIOD 1904 TO 2014


WEATHER ITEM   OBSERVED TIME   RECORD YEAR NORMAL DEPARTURE LAST
                VALUE   (LST)  VALUE       VALUE  FROM      YEAR
                                                  NORMAL
..................................................................
TEMPERATURE (F)
 YESTERDAY
  MAXIMUM         47    314 PM  63    1975  40      7       34
  MINIMUM         29   1159 PM  -4    1960  24      5       18
  AVERAGE         38                        32      6       26

PRECIPITATION (IN)
  YESTERDAY        0.00          1.04 1972   0.11  -0.11     0.30
  MONTH TO DATE    3.34                      1.80   1.54     1.66
  SINCE DEC 1      3.34                      1.80   1.54     1.66
  SINCE JAN 1     44.62                     44.21   0.41    49.45

SNOWFALL (IN)
  YESTERDAY        0.0           5.1  1972   0.2   -0.2      1.4
  MONTH TO DATE    0.1                       2.8   -2.7      7.6
  SINCE DEC 1      0.1                       2.8   -2.7      7.6
  SINCE JUL 1      5.2                       4.8    0.4      7.6
  SNOW DEPTH       0

DEGREE DAYS
 HEATING
  YESTERDAY       27                        33     -6       39
  MONTH TO DATE  449                       461    -12      516
  SINCE DEC 1    449                       461    -12      516
  SINCE JUL 1   1546                      1668   -122     1748

 COOLING
  YESTERDAY        0                         0      0        0
  MONTH TO DATE    0                         0      0        0
  SINCE DEC 1      0                         0      0        0
  SINCE JAN 1    771                       756     15      894
..................................................................


WIND (MPH)
  RESULTANT WIND SPEED   5   RESULTANT WIND DIRECTION  NW (330)
  HIGHEST WIND SPEED    13   HIGHEST WIND DIRECTION    NW (330)
  HIGHEST GUST SPEED    17   HIGHEST GUST DIRECTION    NW (320)
  AVERAGE WIND SPEED     5.4


SKY COVER
  POSSIBLE SUNSHINE  MM
  AVERAGE SKY COVER 0.5


WEATHER CONDITIONS
 THE FOLLOWING WEATHER WAS RECORDED YESTERDAY.
  NO SIGNIFICANT WEATHER WAS OBSERVED.


RELATIVE HUMIDITY (PERCENT)
 HIGHEST    85          1000 PM
 LOWEST     49           200 PM
 AVERAGE    67

..........................................................


THE HARTFORD CT CLIMATE NORMALS FOR TODAY
                         NORMAL    RECORD    YEAR
 MAXIMUM TEMPERATURE (F)   39        60      1971
 MINIMUM TEMPERATURE (F)   23        -4      1917


SUNRISE AND SUNSET
DECEMBER 16 2014......SUNRISE   712 AM EST   SUNSET   421 PM EST
DECEMBER 17 2014......SUNRISE   713 AM EST   SUNSET   421 PM EST


-  INDICATES NEGATIVE NUMBERS.
R  INDICATES RECORD WAS SET OR TIED.
MM INDICATES DATA IS MISSING.
T  INDICATES TRACE AMOUNT.




$$
