000
CDUS41 KBOX 160558
CLIBDL


CLIMATE REPORT
NATIONAL WEATHER SERVICE TAUNTON MA
156 AM EDT WED AUG 16 2017


...................................

...THE HARTFORD CT CLIMATE SUMMARY FOR AUGUST 15 2017...

CLIMATE NORMAL PERIOD 1981 TO 2010
CLIMATE RECORD PERIOD 1904 TO 2017


WEATHER ITEM   OBSERVED TIME   RECORD YEAR NORMAL DEPARTURE LAST
                VALUE   (LST)  VALUE       VALUE  FROM      YEAR
                                                  NORMAL
..................................................................
TEMPERATURE (F)
 YESTERDAY
  MAXIMUM         79   1235 PM  97    1996  83     -4       89
                                      1988
  MINIMUM         67    340 AM  46    1964  62      5       70
  AVERAGE         73                        72      1       80

PRECIPITATION (IN)
  YESTERDAY        0.08          1.33 2012   0.13  -0.05     0.00
  MONTH TO DATE    2.10                      2.12  -0.02     2.48
  SINCE JUN 1     12.28                     10.65   1.63     6.69
  SINCE JAN 1     30.55                     28.46   2.09    20.63

SNOWFALL (IN)
  YESTERDAY        0.0           0.0  2002   0.0    0.0      0.0
                                      2001
                                      2000
  MONTH TO DATE    0.0                       0.0    0.0      0.0
  SINCE JUN 1      0.0                       0.0    0.0      0.0
  SINCE JUL 1      0.0                       0.0    0.0      0.0
  SNOW DEPTH       0

DEGREE DAYS
 HEATING
  YESTERDAY        0                         0      0        0
  MONTH TO DATE    0                         0      0        0
  SINCE JUN 1     52                        43      9       16
  SINCE JUL 1      8                         3      5        0

 COOLING
  YESTERDAY        8                         8      0       15
  MONTH TO DATE  119                       123     -4      191
  SINCE JUN 1    543                       536      7      701
  SINCE JAN 1    603                       575     28      775
..................................................................


WIND (MPH)
  RESULTANT WIND SPEED   7   RESULTANT WIND DIRECTION   S (190)
  HIGHEST WIND SPEED    14   HIGHEST WIND DIRECTION     S (200)
  HIGHEST GUST SPEED    17   HIGHEST GUST DIRECTION    SW (220)
  AVERAGE WIND SPEED     6.7


SKY COVER
  POSSIBLE SUNSHINE  MM
  AVERAGE SKY COVER 0.9


WEATHER CONDITIONS
 THE FOLLOWING WEATHER WAS RECORDED YESTERDAY.
  RAIN
  LIGHT RAIN
  FOG


RELATIVE HUMIDITY (PERCENT)
 HIGHEST    97           700 AM
 LOWEST     62           100 PM
 AVERAGE    80

..........................................................


THE HARTFORD CT CLIMATE NORMALS FOR TODAY
                         NORMAL    RECORD    YEAR
 MAXIMUM TEMPERATURE (F)   83        97      2002
                                             1970
 MINIMUM TEMPERATURE (F)   61        47      1972
                                             1968


SUNRISE AND SUNSET
AUGUST 16 2017........SUNRISE   600 AM EDT   SUNSET   749 PM EDT
AUGUST 17 2017........SUNRISE   601 AM EDT   SUNSET   748 PM EDT


-  INDICATES NEGATIVE NUMBERS.
R  INDICATES RECORD WAS SET OR TIED.
MM INDICATES DATA IS MISSING.
T  INDICATES TRACE AMOUNT.




$$
