000
CDUS41 KBOX 210549
CLIBDL


CLIMATE REPORT
NATIONAL WEATHER SERVICE TAUNTON MA
1247 AM EST TUE FEB 21 2017


...................................

...THE HARTFORD CT CLIMATE SUMMARY FOR FEBRUARY 20 2017...

CLIMATE NORMAL PERIOD 1981 TO 2010
CLIMATE RECORD PERIOD 1904 TO 2017


WEATHER ITEM   OBSERVED TIME   RECORD YEAR NORMAL DEPARTURE LAST
                VALUE   (LST)  VALUE       VALUE  FROM      YEAR
                                                  NORMAL
..................................................................
TEMPERATURE (F)
 YESTERDAY
  MAXIMUM         46    347 PM  69    1930  40      6       61
  MINIMUM         27   1155 PM  -4    2015  22      5       34
  AVERAGE         37                        31      6       48

PRECIPITATION (IN)
  YESTERDAY        0.00          2.16 1921   0.10  -0.10     0.01
  MONTH TO DATE    2.09                      2.04   0.05     2.71
  SINCE DEC 1      8.31                      8.71  -0.40     8.92
  SINCE JAN 1      5.58                      5.27   0.31     4.67

SNOWFALL (IN)
  YESTERDAY        0.0          17.2  1934   0.4   -0.4      0.0
  MONTH TO DATE   22.6                       8.5   14.1     13.7
  SINCE DEC 1     41.2                      28.2   13.0     16.6
  SINCE JUL 1     42.7                      30.2   12.5     16.6
  SNOW DEPTH       5

DEGREE DAYS
 HEATING
  YESTERDAY       28                        34     -6       17
  MONTH TO DATE  698                       724    -26      733
  SINCE DEC 1   2701                      2967   -266     2474
  SINCE JUL 1   3738                      4174   -436     3458

 COOLING
  YESTERDAY        0                         0      0        0
  MONTH TO DATE    0                         0      0        0
  SINCE DEC 1      0                         0      0        0
  SINCE JAN 1      0                         0      0        0
..................................................................


WIND (MPH)
  RESULTANT WIND SPEED   6   RESULTANT WIND DIRECTION   N (340)
  HIGHEST WIND SPEED    18   HIGHEST WIND DIRECTION    NW (320)
  HIGHEST GUST SPEED    21   HIGHEST GUST DIRECTION    NW (330)
  AVERAGE WIND SPEED     7.4


SKY COVER
  POSSIBLE SUNSHINE  MM
  AVERAGE SKY COVER 0.1


WEATHER CONDITIONS
 THE FOLLOWING WEATHER WAS RECORDED YESTERDAY.
  NO SIGNIFICANT WEATHER WAS OBSERVED.


RELATIVE HUMIDITY (PERCENT)
 HIGHEST    82           700 AM
 LOWEST     29           500 PM
 AVERAGE    56

..........................................................


THE HARTFORD CT CLIMATE NORMALS FOR TODAY
                         NORMAL    RECORD    YEAR
 MAXIMUM TEMPERATURE (F)   40        63      1930
 MINIMUM TEMPERATURE (F)   22        -9      2015


SUNRISE AND SUNSET
FEBRUARY 21 2017......SUNRISE   638 AM EST   SUNSET   532 PM EST
FEBRUARY 22 2017......SUNRISE   636 AM EST   SUNSET   533 PM EST


-  INDICATES NEGATIVE NUMBERS.
R  INDICATES RECORD WAS SET OR TIED.
MM INDICATES DATA IS MISSING.
T  INDICATES TRACE AMOUNT.




$$
