000
CDUS41 KBOX 142137
CLIBDL


CLIMATE REPORT
NATIONAL WEATHER SERVICE TAUNTON MA
430 PM EST SUN FEB 14 2016


...................................

...THE HARTFORD CT CLIMATE SUMMARY FOR FEBRUARY 14 2016...
VALID AS OF 0400 PM LOCAL TIME.

CLIMATE NORMAL PERIOD 1981 TO 2010
CLIMATE RECORD PERIOD 1904 TO 2016


WEATHER ITEM   OBSERVED TIME   RECORD YEAR NORMAL DEPARTURE LAST
                VALUE   (LST)  VALUE       VALUE  FROM      YEAR
                                                  NORMAL
..................................................................
TEMPERATURE (F)
 TODAY
  MAXIMUM         10    319 PM  55    2011  38    -28       20
                                      1949
  MINIMUM        -12R   711 AM  -9    1979  21    -33       -5
  AVERAGE         -1                        30    -31        8

PRECIPITATION (IN)
  TODAY            0.00          1.35 1950   0.10  -0.10     0.19
  MONTH TO DATE    1.65                      1.42   0.23     2.05
  SINCE DEC 1      7.86                      8.09  -0.23     9.83
  SINCE JAN 1      3.61                      4.65  -1.04     5.28

SNOWFALL (IN)
  TODAY            0.0          16.0  1914   0.5   -0.5      2.2
  MONTH TO DATE   12.5                       6.1    6.4     20.8
  SINCE DEC 1     15.4                      25.8  -10.4     38.6
  SINCE JUL 1     15.4                      27.8  -12.4     43.7
  SNOW DEPTH       7

DEGREE DAYS
 HEATING
  TODAY           66                        36     30       57
  MONTH TO DATE  522                       516      6      660
  SINCE DEC 1   2263                      2759   -496     2847
  SINCE JUL 1   3247                      3966   -719     3944

 COOLING
  TODAY            0                         0      0        0
  MONTH TO DATE    0                         0      0        0
  SINCE DEC 1      0                         0      0        0
  SINCE JAN 1      0                         0      0        0
..................................................................


WIND (MPH)
  HIGHEST WIND SPEED    26   HIGHEST WIND DIRECTION     W (290)
  HIGHEST GUST SPEED    34   HIGHEST GUST DIRECTION     W (290)
  AVERAGE WIND SPEED     9.7


SKY COVER
  POSSIBLE SUNSHINE  MM
  AVERAGE SKY COVER 0.0


WEATHER CONDITIONS
 THE FOLLOWING WEATHER WAS RECORDED TODAY.
  NO SIGNIFICANT WEATHER WAS OBSERVED.


RELATIVE HUMIDITY (PERCENT)
 HIGHEST    49           700 AM
 LOWEST     29           300 PM
 AVERAGE    39

..........................................................


THE HARTFORD CT CLIMATE NORMALS FOR TOMORROW
                         NORMAL    RECORD    YEAR
 MAXIMUM TEMPERATURE (F)   39        69      1954
 MINIMUM TEMPERATURE (F)   21       -18      1943


SUNRISE AND SUNSET
FEBRUARY 14 2016......SUNRISE   649 AM EST   SUNSET   522 PM EST
FEBRUARY 15 2016......SUNRISE   647 AM EST   SUNSET   523 PM EST


-  INDICATES NEGATIVE NUMBERS.
R  INDICATES RECORD WAS SET OR TIED.
MM INDICATES DATA IS MISSING.
T  INDICATES TRACE AMOUNT.




$$
