000
CDUS41 KBOX 290549
CLIBDL


CLIMATE REPORT
NATIONAL WEATHER SERVICE TAUNTON MA
139 AM EDT TUE JUL 29 2014


...................................

...THE HARTFORD CT CLIMATE SUMMARY FOR JULY 28 2014...

CLIMATE NORMAL PERIOD 1981 TO 2010
CLIMATE RECORD PERIOD 1904 TO 2014


WEATHER ITEM   OBSERVED TIME   RECORD YEAR NORMAL DEPARTURE LAST
                VALUE   (LST)  VALUE       VALUE  FROM      YEAR
                                                  NORMAL
..................................................................
TEMPERATURE (F)
 YESTERDAY
  MAXIMUM         85    343 PM  96    1970  85      0       81
                                      1949
                                      1931
  MINIMUM         65   1159 PM  48    2001  63      2       62
  AVERAGE         75                        74      1       72

PRECIPITATION (IN)
  YESTERDAY        0.29          2.96 1994   0.16   0.13      T
  MONTH TO DATE    4.49                      3.72   0.77     4.19
  SINCE JUN 1      6.20                      8.07  -1.87    14.98
  SINCE JAN 1     28.21                     25.88   2.33    31.12

SNOWFALL (IN)
  YESTERDAY        0.0           0.0  2002   0.0    0.0      0.0
                                      2001
                                      2000
  MONTH TO DATE    0.0                       0.0    0.0      0.0
  SINCE JUN 1      0.0                       0.0    0.0      0.0
  SINCE JUL 1      0.0                       0.0    0.0      0.0
  SNOW DEPTH       0

DEGREE DAYS
 HEATING
  YESTERDAY        0                         0      0        0
  MONTH TO DATE    0                         0      0        2
  SINCE JUN 1      6                        40    -34       35
  SINCE JUL 1      0                         0      0        2

 COOLING
  YESTERDAY       10                         9      1        7
  MONTH TO DATE  290                       244     46      388
  SINCE JUN 1    438                       388     50      563
  SINCE JAN 1    470                       427     43      617
..................................................................


WIND (MPH)
  RESULTANT WIND SPEED   5   RESULTANT WIND DIRECTION  SW (210)
  HIGHEST WIND SPEED    46   HIGHEST WIND DIRECTION     W (260)
  HIGHEST GUST SPEED    56   HIGHEST GUST DIRECTION     W (280)
  AVERAGE WIND SPEED     8.1


SKY COVER
  POSSIBLE SUNSHINE  MM
  AVERAGE SKY COVER 0.8


WEATHER CONDITIONS
 THE FOLLOWING WEATHER WAS RECORDED YESTERDAY.
  THUNDERSTORM
  HEAVY RAIN
  LIGHT RAIN
  FOG
  HAZE


RELATIVE HUMIDITY (PERCENT)
 HIGHEST    93           100 AM
 LOWEST     47           400 PM
 AVERAGE    70

..........................................................


THE HARTFORD CT CLIMATE NORMALS FOR TODAY
                         NORMAL    RECORD    YEAR
 MAXIMUM TEMPERATURE (F)   85        96      1933
 MINIMUM TEMPERATURE (F)   63        51      1977


SUNRISE AND SUNSET
JULY 29 2014..........SUNRISE   541 AM EDT   SUNSET   812 PM EDT
JULY 30 2014..........SUNRISE   542 AM EDT   SUNSET   811 PM EDT


-  INDICATES NEGATIVE NUMBERS.
R  INDICATES RECORD WAS SET OR TIED.
MM INDICATES DATA IS MISSING.
T  INDICATES TRACE AMOUNT.




$$
