829
CDUS41 KBOX 200538
CLIBDL


CLIMATE REPORT
NATIONAL WEATHER SERVICE TAUNTON MA
1238 AM EST MON FEB 20 2017


...................................

...THE HARTFORD CT CLIMATE SUMMARY FOR FEBRUARY 19 2017...

CLIMATE NORMAL PERIOD 1981 TO 2010
CLIMATE RECORD PERIOD 1904 TO 2017


WEATHER ITEM   OBSERVED TIME   RECORD YEAR NORMAL DEPARTURE LAST
                VALUE   (LST)  VALUE       VALUE  FROM      YEAR
                                                  NORMAL
..................................................................
TEMPERATURE (F)
 YESTERDAY
  MAXIMUM         58    331 PM  67    1981  40     18       39
  MINIMUM         31    528 AM   1    1996  22      9       13
                                      1936
  AVERAGE         45                        31     14       26

PRECIPITATION (IN)
  YESTERDAY        0.00          1.41 1963   0.10  -0.10      T
  MONTH TO DATE    2.09                      1.94   0.15     2.70
  SINCE DEC 1      8.31                      8.61  -0.30     8.91
  SINCE JAN 1      5.58                      5.17   0.41     4.66

SNOWFALL (IN)
  YESTERDAY        0.0          11.0  1972   0.4   -0.4       T
  MONTH TO DATE   22.6                       8.1   14.5     13.7
  SINCE DEC 1     41.2                      27.8   13.4     16.6
  SINCE JUL 1     42.7                      29.8   12.9     16.6
  SNOW DEPTH       8

DEGREE DAYS
 HEATING
  YESTERDAY       20                        34    -14       39
  MONTH TO DATE  670                       690    -20      716
  SINCE DEC 1   2673                      2933   -260     2457
  SINCE JUL 1   3710                      4140   -430     3441

 COOLING
  YESTERDAY        0                         0      0        0
  MONTH TO DATE    0                         0      0        0
  SINCE DEC 1      0                         0      0        0
  SINCE JAN 1      0                         0      0        0
..................................................................


WIND (MPH)
  RESULTANT WIND SPEED   7   RESULTANT WIND DIRECTION   W (290)
  HIGHEST WIND SPEED    24   HIGHEST WIND DIRECTION    NW (300)
  HIGHEST GUST SPEED    29   HIGHEST GUST DIRECTION    NW (310)
  AVERAGE WIND SPEED     9.1


SKY COVER
  POSSIBLE SUNSHINE  MM
  AVERAGE SKY COVER 0.4


WEATHER CONDITIONS
 THE FOLLOWING WEATHER WAS RECORDED YESTERDAY.
  NO SIGNIFICANT WEATHER WAS OBSERVED.


RELATIVE HUMIDITY (PERCENT)
 HIGHEST    89           400 AM
 LOWEST     32           400 PM
 AVERAGE    61

..........................................................


THE HARTFORD CT CLIMATE NORMALS FOR TODAY
                         NORMAL    RECORD    YEAR
 MAXIMUM TEMPERATURE (F)   40        69      1930
 MINIMUM TEMPERATURE (F)   22        -4      2015


SUNRISE AND SUNSET
FEBRUARY 20 2017......SUNRISE   639 AM EST   SUNSET   530 PM EST
FEBRUARY 21 2017......SUNRISE   638 AM EST   SUNSET   532 PM EST


-  INDICATES NEGATIVE NUMBERS.
R  INDICATES RECORD WAS SET OR TIED.
MM INDICATES DATA IS MISSING.
T  INDICATES TRACE AMOUNT.




$$
