000
CDUS41 KBOX 300533
CLIBDL


CLIMATE REPORT
NATIONAL WEATHER SERVICE TAUNTON MA
133 AM EDT SUN APR 30 2017


...................................

...THE HARTFORD CT CLIMATE SUMMARY FOR APRIL 29 2017...

CLIMATE NORMAL PERIOD 1981 TO 2010
CLIMATE RECORD PERIOD 1904 TO 2017


WEATHER ITEM   OBSERVED TIME   RECORD YEAR NORMAL DEPARTURE LAST
                VALUE   (LST)  VALUE       VALUE  FROM      YEAR
                                                  NORMAL
..................................................................
TEMPERATURE (F)
 YESTERDAY
  MAXIMUM         84    347 PM  91    1974  66     18       59
  MINIMUM         59   1159 PM  30    1949  43     16       44
  AVERAGE         72                        54     18       52

PRECIPITATION (IN)
  YESTERDAY        0.00          1.19 1996   0.13  -0.13     0.00
  MONTH TO DATE    3.67                      3.60   0.07     2.44
  SINCE MAR 1      7.60                      7.22   0.38     4.64
  SINCE JAN 1     13.58                     13.34   0.24    11.47

SNOWFALL (IN)
  YESTERDAY        0.0           0.5  1909   0.0    0.0      0.0
  MONTH TO DATE    0.5                       1.4   -0.9      6.9
  SINCE MAR 1     19.6                       7.8   11.8      9.8
  SINCE JUL 1     62.3                      40.5   21.8     26.9
  SNOW DEPTH       0

DEGREE DAYS
 HEATING
  YESTERDAY        0                        11    -11       13
  MONTH TO DATE  355                       463   -108      506
  SINCE MAR 1   1332                      1306     26     1150
  SINCE JUL 1   5225                      5744   -519     4826

 COOLING
  YESTERDAY        7                         0      7        0
  MONTH TO DATE   23                         0     23        2
  SINCE MAR 1     23                         0     23        2
  SINCE JAN 1     23                         0     23        2
..................................................................


WIND (MPH)
  RESULTANT WIND SPEED   5   RESULTANT WIND DIRECTION   W (290)
  HIGHEST WIND SPEED    23   HIGHEST WIND DIRECTION    NW (310)
  HIGHEST GUST SPEED    28   HIGHEST GUST DIRECTION     W (290)
  AVERAGE WIND SPEED     9.2


SKY COVER
  POSSIBLE SUNSHINE  MM
  AVERAGE SKY COVER 0.7


WEATHER CONDITIONS
 THE FOLLOWING WEATHER WAS RECORDED YESTERDAY.
  NO SIGNIFICANT WEATHER WAS OBSERVED.


RELATIVE HUMIDITY (PERCENT)
 HIGHEST    78           200 AM
 LOWEST     40           300 PM
 AVERAGE    59

..........................................................


THE HARTFORD CT CLIMATE NORMALS FOR TODAY
                         NORMAL    RECORD    YEAR
 MAXIMUM TEMPERATURE (F)   66        86      1942
 MINIMUM TEMPERATURE (F)   43        31      1978


SUNRISE AND SUNSET
APRIL 30 2017.........SUNRISE   548 AM EDT   SUNSET   749 PM EDT
MAY  1 2017...........SUNRISE   547 AM EDT   SUNSET   750 PM EDT


-  INDICATES NEGATIVE NUMBERS.
R  INDICATES RECORD WAS SET OR TIED.
MM INDICATES DATA IS MISSING.
T  INDICATES TRACE AMOUNT.




$$
