000
CDUS41 KBOX 050601
CLIBDL


CLIMATE REPORT
NATIONAL WEATHER SERVICE TAUNTON MA
201 AM EDT WED AUG 5 2015


...................................

...THE HARTFORD CT CLIMATE SUMMARY FOR AUGUST 4 2015...

CLIMATE NORMAL PERIOD 1981 TO 2010
CLIMATE RECORD PERIOD 1904 TO 2015


WEATHER ITEM   OBSERVED TIME   RECORD YEAR NORMAL DEPARTURE LAST
                VALUE   (LST)  VALUE       VALUE  FROM      YEAR
                                                  NORMAL
..................................................................
TEMPERATURE (F)
 YESTERDAY
  MAXIMUM         89    214 PM  96    1944  84      5       85
                                      1928
  MINIMUM         67   1158 PM  49    1964  63      4       65
  AVERAGE         78                        73      5       75

PRECIPITATION (IN)
  YESTERDAY        0.01          2.03 1915   0.15  -0.14     0.37
  MONTH TO DATE    0.01                      0.60  -0.59     0.75
  SINCE JUN 1      9.77                      9.13   0.64     6.95
  SINCE JAN 1     23.34                     26.94  -3.60    28.96

SNOWFALL (IN)
  YESTERDAY        0.0           0.0  2002   0.0    0.0      0.0
                                      2001
                                      2000
  MONTH TO DATE    0.0                       0.0    0.0      0.0
  SINCE JUN 1      0.0                       0.0    0.0      0.0
  SINCE JUL 1      0.0                       0.0    0.0      0.0
  SNOW DEPTH       0

DEGREE DAYS
 HEATING
  YESTERDAY        0                         0      0        0
  MONTH TO DATE    0                         0      0        0
  SINCE JUN 1     49                        43      6        6
  SINCE JUL 1      1                         3     -2        0

 COOLING
  YESTERDAY       13                         8      5       10
  MONTH TO DATE   43                        35      8       27
  SINCE JUN 1    459                       448     11      479
  SINCE JAN 1    576                       487     89      511
..................................................................


WIND (MPH)
  RESULTANT WIND SPEED   4   RESULTANT WIND DIRECTION   S (200)
  HIGHEST WIND SPEED    18   HIGHEST WIND DIRECTION    SW (220)
  HIGHEST GUST SPEED    25   HIGHEST GUST DIRECTION    SW (220)
  AVERAGE WIND SPEED     6.8


SKY COVER
  POSSIBLE SUNSHINE  MM
  AVERAGE SKY COVER 0.6


WEATHER CONDITIONS
 THE FOLLOWING WEATHER WAS RECORDED YESTERDAY.
  LIGHT RAIN
  FOG


RELATIVE HUMIDITY (PERCENT)
 HIGHEST    87          1200 AM
 LOWEST     43           200 PM
 AVERAGE    65

..........................................................


THE HARTFORD CT CLIMATE NORMALS FOR TODAY
                         NORMAL    RECORD    YEAR
 MAXIMUM TEMPERATURE (F)   84       101      1955
 MINIMUM TEMPERATURE (F)   63        47      1972


SUNRISE AND SUNSET
AUGUST  5 2015........SUNRISE   548 AM EDT   SUNSET   805 PM EDT
AUGUST  6 2015........SUNRISE   549 AM EDT   SUNSET   803 PM EDT


-  INDICATES NEGATIVE NUMBERS.
R  INDICATES RECORD WAS SET OR TIED.
MM INDICATES DATA IS MISSING.
T  INDICATES TRACE AMOUNT.




$$
