000
CDUS41 KBOX 130543
CLIBDL


CLIMATE REPORT
NATIONAL WEATHER SERVICE TAUNTON MA
1243 AM EST SAT FEB 13 2016


...................................

...THE HARTFORD CT CLIMATE SUMMARY FOR FEBRUARY 12 2016...

CLIMATE NORMAL PERIOD 1981 TO 2010
CLIMATE RECORD PERIOD 1904 TO 2016


WEATHER ITEM   OBSERVED TIME   RECORD YEAR NORMAL DEPARTURE LAST
                VALUE   (LST)  VALUE       VALUE  FROM      YEAR
                                                  NORMAL
..................................................................
TEMPERATURE (F)
 YESTERDAY
  MAXIMUM         23    411 PM  54    1999  38    -15       32
                                      1984
  MINIMUM          1    546 AM -13    1979  20    -19       11
  AVERAGE         12                        29    -17       22

PRECIPITATION (IN)
  YESTERDAY        0.00          1.82 1988   0.10  -0.10      T
  MONTH TO DATE    1.65                      1.22   0.43     1.86
  SINCE DEC 1      7.86                      7.89  -0.03     9.64
  SINCE JAN 1      3.61                      4.45  -0.84     5.09

SNOWFALL (IN)
  YESTERDAY        0.0          21.9  2006   0.4   -0.4       T
  MONTH TO DATE   12.5                       5.2    7.3     18.6
  SINCE DEC 1     15.4                      24.9   -9.5     36.4
  SINCE JUL 1     15.4                      26.9  -11.5     41.5
  SNOW DEPTH       8

DEGREE DAYS
 HEATING
  YESTERDAY       53                        36     17       43
  MONTH TO DATE  398                       444    -46      543
  SINCE DEC 1   2139                      2687   -548     2730
  SINCE JUL 1   3123                      3894   -771     3827

 COOLING
  YESTERDAY        0                         0      0        0
  MONTH TO DATE    0                         0      0        0
  SINCE DEC 1      0                         0      0        0
  SINCE JAN 1      0                         0      0        0
..................................................................


WIND (MPH)
  RESULTANT WIND SPEED   6   RESULTANT WIND DIRECTION  SW (230)
  HIGHEST WIND SPEED    22   HIGHEST WIND DIRECTION    NW (310)
  HIGHEST GUST SPEED    33   HIGHEST GUST DIRECTION    NW (300)
  AVERAGE WIND SPEED     8.1


SKY COVER
  POSSIBLE SUNSHINE  MM
  AVERAGE SKY COVER 0.5


WEATHER CONDITIONS
 THE FOLLOWING WEATHER WAS RECORDED YESTERDAY.
  NO SIGNIFICANT WEATHER WAS OBSERVED.


RELATIVE HUMIDITY (PERCENT)
 HIGHEST    69           600 AM
 LOWEST     39           300 PM
 AVERAGE    54

..........................................................


THE HARTFORD CT CLIMATE NORMALS FOR TODAY
                         NORMAL    RECORD    YEAR
 MAXIMUM TEMPERATURE (F)   38        59      1937
 MINIMUM TEMPERATURE (F)   21        -7      1967


SUNRISE AND SUNSET
FEBRUARY 13 2016......SUNRISE   650 AM EST   SUNSET   521 PM EST
FEBRUARY 14 2016......SUNRISE   649 AM EST   SUNSET   522 PM EST


-  INDICATES NEGATIVE NUMBERS.
R  INDICATES RECORD WAS SET OR TIED.
MM INDICATES DATA IS MISSING.
T  INDICATES TRACE AMOUNT.




$$
