000
CDUS41 KBOX 230538
CLIBDL


CLIMATE REPORT
NATIONAL WEATHER SERVICE TAUNTON MA
1237 AM EST FRI FEB 23 2018


...................................

...THE HARTFORD CT CLIMATE SUMMARY FOR FEBRUARY 22 2018...

CLIMATE NORMAL PERIOD 1981 TO 2010
CLIMATE RECORD PERIOD 1904 TO 2018


WEATHER ITEM   OBSERVED TIME   RECORD YEAR NORMAL DEPARTURE LAST
                VALUE   (LST)  VALUE       VALUE  FROM      YEAR
                                                  NORMAL
..................................................................
TEMPERATURE (F)
 YESTERDAY
  MAXIMUM         52   1227 AM  69    1997  40     12       55
  MINIMUM         28   1144 PM  -2    1916  22      6       35
  AVERAGE         40                        31      9       45

PRECIPITATION (IN)
  YESTERDAY        0.11          1.11 1928   0.10   0.01      T
  MONTH TO DATE    4.04                      2.23   1.81     2.09
  SINCE DEC 1     10.31                      8.90   1.41     8.31
  SINCE JAN 1      7.90                      5.46   2.44     5.58

SNOWFALL (IN)
  YESTERDAY        0.6           7.8  2008   0.4    0.2      0.0
  MONTH TO DATE    8.3                       9.2   -0.9     22.6
  SINCE DEC 1     31.8                      28.9    2.9     41.2
  SINCE JUL 1     31.8                      30.9    0.9     42.7
  SNOW DEPTH       0

DEGREE DAYS
 HEATING
  YESTERDAY       25                        34     -9       20
  MONTH TO DATE  680                       792   -112      749
  SINCE DEC 1   3066                      3035     31     2752
  SINCE JUL 1   4057                      4242   -185     3789

 COOLING
  YESTERDAY        0                         0      0        0
  MONTH TO DATE    0                         0      0        0
  SINCE DEC 1      0                         0      0        0
  SINCE JAN 1      0                         0      0        0
..................................................................


WIND (MPH)
  RESULTANT WIND SPEED   9   RESULTANT WIND DIRECTION   N (360)
  HIGHEST WIND SPEED    15   HIGHEST WIND DIRECTION     N (20)
  HIGHEST GUST SPEED    22   HIGHEST GUST DIRECTION     N (20)
  AVERAGE WIND SPEED     8.8


SKY COVER
  POSSIBLE SUNSHINE  MM
  AVERAGE SKY COVER 0.9


WEATHER CONDITIONS
 THE FOLLOWING WEATHER WAS RECORDED YESTERDAY.
  RAIN
  LIGHT RAIN
  LIGHT SNOW
  SLEET
  FOG


RELATIVE HUMIDITY (PERCENT)
 HIGHEST   100           900 PM
 LOWEST     39          1000 AM
 AVERAGE    70

..........................................................


THE HARTFORD CT CLIMATE NORMALS FOR TODAY
                         NORMAL    RECORD    YEAR
 MAXIMUM TEMPERATURE (F)   41        68      1990
 MINIMUM TEMPERATURE (F)   23        -3      1907


SUNRISE AND SUNSET
FEBRUARY 23 2018......SUNRISE   635 AM EST   SUNSET   534 PM EST
FEBRUARY 24 2018......SUNRISE   634 AM EST   SUNSET   535 PM EST


-  INDICATES NEGATIVE NUMBERS.
R  INDICATES RECORD WAS SET OR TIED.
MM INDICATES DATA IS MISSING.
T  INDICATES TRACE AMOUNT.




$$
