000
CDUS41 KBOX 180549
CLIBDL


CLIMATE REPORT
NATIONAL WEATHER SERVICE TAUNTON MA
1241 AM EST WED JAN 18 2017


...................................

...THE HARTFORD CT CLIMATE SUMMARY FOR JANUARY 17 2017...

CLIMATE NORMAL PERIOD 1981 TO 2010
CLIMATE RECORD PERIOD 1904 TO 2017


WEATHER ITEM   OBSERVED TIME   RECORD YEAR NORMAL DEPARTURE LAST
                VALUE   (LST)  VALUE       VALUE  FROM      YEAR
                                                  NORMAL
..................................................................
TEMPERATURE (F)
 YESTERDAY
  MAXIMUM         40   1249 PM  60    1973  34      6       38
  MINIMUM         26    513 AM  -9    1971  17      9       29
  AVERAGE         33                        26      7       34

PRECIPITATION (IN)
  YESTERDAY        0.27          1.11 1994   0.10   0.17     0.00
  MONTH TO DATE    1.93                      1.75   0.18     1.86
  SINCE DEC 1      4.66                      5.19  -0.53     6.11
  SINCE JAN 1      1.93                      1.75   0.18     1.86

SNOWFALL (IN)
  YESTERDAY        T             8.2  1978   0.4   -0.4      0.0
  MONTH TO DATE    4.1                       6.7   -2.6      0.3
  SINCE DEC 1     14.3                      14.1    0.2      1.3
  SINCE JUL 1     15.8                      16.1   -0.3      1.3
  SNOW DEPTH       0

DEGREE DAYS
 HEATING
  YESTERDAY       32                        39     -7       31
  MONTH TO DATE  597                       660    -63      583
  SINCE DEC 1   1607                      1697    -90     1253
  SINCE JUL 1   2644                      2904   -260     2237

 COOLING
  YESTERDAY        0                         0      0        0
  MONTH TO DATE    0                         0      0        0
  SINCE DEC 1      0                         0      0        0
  SINCE JAN 1      0                         0      0        0
..................................................................


WIND (MPH)
  RESULTANT WIND SPEED   2   RESULTANT WIND DIRECTION   N (350)
  HIGHEST WIND SPEED    12   HIGHEST WIND DIRECTION     W (270)
  HIGHEST GUST SPEED    13   HIGHEST GUST DIRECTION     W (270)
  AVERAGE WIND SPEED     3.1


SKY COVER
  POSSIBLE SUNSHINE  MM
  AVERAGE SKY COVER 0.9


WEATHER CONDITIONS
 THE FOLLOWING WEATHER WAS RECORDED YESTERDAY.
  RAIN
  LIGHT RAIN
  SLEET
  FOG


RELATIVE HUMIDITY (PERCENT)
 HIGHEST   100           900 PM
 LOWEST     48           100 PM
 AVERAGE    74

..........................................................


THE HARTFORD CT CLIMATE NORMALS FOR TODAY
                         NORMAL    RECORD    YEAR
 MAXIMUM TEMPERATURE (F)   34        63      1990
                                             1973
 MINIMUM TEMPERATURE (F)   17       -17      1957


SUNRISE AND SUNSET
JANUARY 18 2017.......SUNRISE   714 AM EST   SUNSET   448 PM EST
JANUARY 19 2017.......SUNRISE   714 AM EST   SUNSET   450 PM EST


-  INDICATES NEGATIVE NUMBERS.
R  INDICATES RECORD WAS SET OR TIED.
MM INDICATES DATA IS MISSING.
T  INDICATES TRACE AMOUNT.




$$
