000
CDUS41 KBOX 230604
CLIBDL


CLIMATE REPORT
NATIONAL WEATHER SERVICE TAUNTON MA
153 AM EDT TUE SEP 23 2014


...................................

...THE HARTFORD CT CLIMATE SUMMARY FOR SEPTEMBER 22 2014...

CLIMATE NORMAL PERIOD 1981 TO 2010
CLIMATE RECORD PERIOD 1904 TO 2014


WEATHER ITEM   OBSERVED TIME   RECORD YEAR NORMAL DEPARTURE LAST
                VALUE   (LST)  VALUE       VALUE  FROM      YEAR
                                                  NORMAL
..................................................................
TEMPERATURE (F)
 YESTERDAY
  MAXIMUM         71    107 PM  94    1970  73     -2       71
  MINIMUM         48   1159 PM  32    1962  50     -2       51
  AVERAGE         60                        61     -1       61

PRECIPITATION (IN)
  YESTERDAY        T             1.30 1981   0.14  -0.14     1.29
  MONTH TO DATE    1.58                      2.69  -1.11     3.58
  SINCE SEP 1      1.58                      2.69  -1.11     3.58
  SINCE JAN 1     33.55                     32.96   0.59    41.58

SNOWFALL (IN)
  YESTERDAY        0.0           0.0  2002   0.0    0.0      0.0
                                      2001
                                      2000
  MONTH TO DATE    0.0                       0.0    0.0      0.0
  SINCE SEP 1      0.0                       0.0    0.0      0.0
  SINCE JUL 1      0.0                       0.0    0.0      0.0
  SNOW DEPTH       0

DEGREE DAYS
 HEATING
  YESTERDAY        5                         5      0        4
  MONTH TO DATE   65                        57      8       71
  SINCE SEP 1     65                        57      8       71
  SINCE JUL 1     67                        69     -2       73

 COOLING
  YESTERDAY        0                         1     -1        0
  MONTH TO DATE   85                        68     17       65
  SINCE SEP 1     85                        68     17       65
  SINCE JAN 1    744                       743      1      889
..................................................................


WIND (MPH)
  RESULTANT WIND SPEED  10   RESULTANT WIND DIRECTION  NW (310)
  HIGHEST WIND SPEED    24   HIGHEST WIND DIRECTION     W (290)
  HIGHEST GUST SPEED    31   HIGHEST GUST DIRECTION    NW (310)
  AVERAGE WIND SPEED    10.2


SKY COVER
  POSSIBLE SUNSHINE  MM
  AVERAGE SKY COVER 0.4


WEATHER CONDITIONS
 THE FOLLOWING WEATHER WAS RECORDED YESTERDAY.
  LIGHT RAIN


RELATIVE HUMIDITY (PERCENT)
 HIGHEST    87          1200 AM
 LOWEST     40           200 PM
 AVERAGE    64

..........................................................


THE HARTFORD CT CLIMATE NORMALS FOR TODAY
                         NORMAL    RECORD    YEAR
 MAXIMUM TEMPERATURE (F)   72        93      1914
 MINIMUM TEMPERATURE (F)   50        34      1974


SUNRISE AND SUNSET
SEPTEMBER 23 2014.....SUNRISE   639 AM EDT   SUNSET   646 PM EDT
SEPTEMBER 24 2014.....SUNRISE   640 AM EDT   SUNSET   645 PM EDT


-  INDICATES NEGATIVE NUMBERS.
R  INDICATES RECORD WAS SET OR TIED.
MM INDICATES DATA IS MISSING.
T  INDICATES TRACE AMOUNT.




$$
