000
CDUS41 KBOX 200528
CLIBDL


CLIMATE REPORT
NATIONAL WEATHER SERVICE TAUNTON MA
127 AM EDT FRI OCT 20 2017


...................................

...THE HARTFORD CT CLIMATE SUMMARY FOR OCTOBER 19 2017...

CLIMATE NORMAL PERIOD 1981 TO 2010
CLIMATE RECORD PERIOD 1904 TO 2017


WEATHER ITEM   OBSERVED TIME   RECORD YEAR NORMAL DEPARTURE LAST
                VALUE   (LST)  VALUE       VALUE  FROM      YEAR
                                                  NORMAL
..................................................................
TEMPERATURE (F)
 YESTERDAY
  MAXIMUM         74    231 PM  82    1963  62     12       80
  MINIMUM         40    603 AM  18    1974  40      0       51
  AVERAGE         57                        51      6       66

PRECIPITATION (IN)
  YESTERDAY        0.00          2.08 1966   0.13  -0.13     0.00
  MONTH TO DATE    0.91                      2.80  -1.89     0.45
  SINCE SEP 1      3.16                      6.68  -3.52     2.87
  SINCE JAN 1     34.27                     36.95  -2.68    25.21

SNOWFALL (IN)
  YESTERDAY        0.0           0.4  1972   0.0    0.0      0.0
  MONTH TO DATE    0.0                       0.0    0.0      0.0
  SINCE SEP 1      0.0                       0.0    0.0      0.0
  SINCE JUL 1      0.0                       0.0    0.0      0.0
  SNOW DEPTH       0

DEGREE DAYS
 HEATING
  YESTERDAY        8                        14     -6        0
  MONTH TO DATE  103                       214   -111      161
  SINCE SEP 1    162                       324   -162      219
  SINCE JUL 1    178                       336   -158      219

 COOLING
  YESTERDAY        0                         0      0        1
  MONTH TO DATE   31                         5     26        9
  SINCE SEP 1    173                        79     94      135
  SINCE JAN 1    860                       754    106     1065
..................................................................


WIND (MPH)
  RESULTANT WIND SPEED   7   RESULTANT WIND DIRECTION   S (190)
  HIGHEST WIND SPEED    21   HIGHEST WIND DIRECTION    SW (210)
  HIGHEST GUST SPEED    26   HIGHEST GUST DIRECTION     S (200)
  AVERAGE WIND SPEED     7.9


SKY COVER
  POSSIBLE SUNSHINE  MM
  AVERAGE SKY COVER 0.3


WEATHER CONDITIONS
 THE FOLLOWING WEATHER WAS RECORDED YESTERDAY.
  FOG


RELATIVE HUMIDITY (PERCENT)
 HIGHEST   100          1200 AM
 LOWEST     27           200 PM
 AVERAGE    64

..........................................................


THE HARTFORD CT CLIMATE NORMALS FOR TODAY
                         NORMAL    RECORD    YEAR
 MAXIMUM TEMPERATURE (F)   62        81      1969
 MINIMUM TEMPERATURE (F)   40        23      1972


SUNRISE AND SUNSET
OCTOBER 20 2017.......SUNRISE   709 AM EDT   SUNSET   601 PM EDT
OCTOBER 21 2017.......SUNRISE   710 AM EDT   SUNSET   600 PM EDT


-  INDICATES NEGATIVE NUMBERS.
R  INDICATES RECORD WAS SET OR TIED.
MM INDICATES DATA IS MISSING.
T  INDICATES TRACE AMOUNT.




$$
