000
CDUS41 KBOX 010548
CLIBDL


CLIMATE REPORT
NATIONAL WEATHER SERVICE TAUNTON MA
1238 AM EST SUN FEB 1 2015


...................................

...THE HARTFORD CT CLIMATE SUMMARY FOR JANUARY 31 2015...

CLIMATE NORMAL PERIOD 1981 TO 2010
CLIMATE RECORD PERIOD 1904 TO 2015


WEATHER ITEM   OBSERVED TIME   RECORD YEAR NORMAL DEPARTURE LAST
                VALUE   (LST)  VALUE       VALUE  FROM      YEAR
                                                  NORMAL
..................................................................
TEMPERATURE (F)
 YESTERDAY
  MAXIMUM         20    404 PM  61    2013  35    -15       43
  MINIMUM          5    750 AM -12    1948  18    -13       20
  AVERAGE         13                        27    -14       32

PRECIPITATION (IN)
  YESTERDAY        0.00          1.61 1914   0.11  -0.11     0.00
  MONTH TO DATE    3.23                      3.23   0.00     3.41
  SINCE DEC 1      7.78                      6.67   1.11     7.33
  SINCE JAN 1      3.23                      3.23   0.00     3.41

SNOWFALL (IN)
  YESTERDAY        0.0           5.5  1931   0.4   -0.4      0.0
  MONTH TO DATE   17.1                      12.3    4.8     10.3
  SINCE DEC 1     17.8                      19.7   -1.9     23.0
  SINCE JUL 1     22.9                      21.7    1.2     23.0
  SNOW DEPTH       9

DEGREE DAYS
 HEATING
  YESTERDAY       52                        38     14       33
  MONTH TO DATE 1285                      1203     82     1250
  SINCE DEC 1   2187                      2243    -56     2314
  SINCE JUL 1   3284                      3450   -166     3546

 COOLING
  YESTERDAY        0                         0      0        0
  MONTH TO DATE    0                         0      0        0
  SINCE DEC 1      0                         0      0        0
  SINCE JAN 1      0                         0      0        0
..................................................................


WIND (MPH)
  RESULTANT WIND SPEED  13   RESULTANT WIND DIRECTION  NW (330)
  HIGHEST WIND SPEED    28   HIGHEST WIND DIRECTION    NW (320)
  HIGHEST GUST SPEED    35   HIGHEST GUST DIRECTION    NW (320)
  AVERAGE WIND SPEED    12.9


SKY COVER
  POSSIBLE SUNSHINE  MM
  AVERAGE SKY COVER 0.1


WEATHER CONDITIONS
 THE FOLLOWING WEATHER WAS RECORDED YESTERDAY.
  NO SIGNIFICANT WEATHER WAS OBSERVED.


RELATIVE HUMIDITY (PERCENT)
 HIGHEST    58          1200 AM
 LOWEST     33           100 PM
 AVERAGE    46

..........................................................


THE HARTFORD CT CLIMATE NORMALS FOR TODAY
                         NORMAL    RECORD    YEAR
 MAXIMUM TEMPERATURE (F)   36        67      1989
 MINIMUM TEMPERATURE (F)   19       -14      1920


SUNRISE AND SUNSET
FEBRUARY  1 2015......SUNRISE   704 AM EST   SUNSET   505 PM EST
FEBRUARY  2 2015......SUNRISE   703 AM EST   SUNSET   507 PM EST


-  INDICATES NEGATIVE NUMBERS.
R  INDICATES RECORD WAS SET OR TIED.
MM INDICATES DATA IS MISSING.
T  INDICATES TRACE AMOUNT.




$$
