000
CDUS41 KBOX 192131
CLIBDL


CLIMATE REPORT
NATIONAL WEATHER SERVICE TAUNTON MA
429 PM EST THU JAN 19 2017


...................................

...THE HARTFORD CT CLIMATE SUMMARY FOR JANUARY 19 2017...
VALID AS OF 0400 PM LOCAL TIME.

CLIMATE NORMAL PERIOD 1981 TO 2010
CLIMATE RECORD PERIOD 1904 TO 2017


WEATHER ITEM   OBSERVED TIME   RECORD YEAR NORMAL DEPARTURE LAST
                VALUE   (LST)  VALUE       VALUE  FROM      YEAR
                                                  NORMAL
..................................................................
TEMPERATURE (F)
 TODAY
  MAXIMUM         49    137 PM  60    1951  34     15       27
                                      1929
  MINIMUM         33    738 AM -16    1948  17     16       17
  AVERAGE         41                        26     15       22

PRECIPITATION (IN)
  TODAY            T             1.95 1936   0.10  -0.10     0.00
  MONTH TO DATE    2.02                      1.96   0.06     1.86
  SINCE DEC 1      4.75                      5.40  -0.65     6.11
  SINCE JAN 1      2.02                      1.96   0.06     1.86

SNOWFALL (IN)
  TODAY            T             7.7  1936   0.4   -0.4      0.0
  MONTH TO DATE    4.1                       7.4   -3.3      0.4
  SINCE DEC 1     14.3                      14.8   -0.5      1.4
  SINCE JUL 1     15.8                      16.8   -1.0      1.4
  SNOW DEPTH       0

DEGREE DAYS
 HEATING
  TODAY           24                        39    -15       43
  MONTH TO DATE  650                       738    -88      667
  SINCE DEC 1   1660                      1775   -115     1337
  SINCE JUL 1   2697                      2982   -285     2321

 COOLING
  TODAY            0                         0      0        0
  MONTH TO DATE    0                         0      0        0
  SINCE DEC 1      0                         0      0        0
  SINCE JAN 1      0                         0      0        0
..................................................................


WIND (MPH)
  HIGHEST WIND SPEED    20   HIGHEST WIND DIRECTION    NW (310)
  HIGHEST GUST SPEED    24   HIGHEST GUST DIRECTION    NW (310)
  AVERAGE WIND SPEED     4.5


SKY COVER
  POSSIBLE SUNSHINE  MM
  AVERAGE SKY COVER 0.9


WEATHER CONDITIONS
 THE FOLLOWING WEATHER WAS RECORDED TODAY.
  LIGHT RAIN
  LIGHT SNOW
  FOG


RELATIVE HUMIDITY (PERCENT)
 HIGHEST   100          1200 AM
 LOWEST     60           200 PM
 AVERAGE    80

..........................................................


THE HARTFORD CT CLIMATE NORMALS FOR TOMORROW
                         NORMAL    RECORD    YEAR
 MAXIMUM TEMPERATURE (F)   34        60      1951
 MINIMUM TEMPERATURE (F)   17       -13      1971


SUNRISE AND SUNSET
JANUARY 19 2017.......SUNRISE   714 AM EST   SUNSET   450 PM EST
JANUARY 20 2017.......SUNRISE   713 AM EST   SUNSET   451 PM EST


-  INDICATES NEGATIVE NUMBERS.
R  INDICATES RECORD WAS SET OR TIED.
MM INDICATES DATA IS MISSING.
T  INDICATES TRACE AMOUNT.




$$
