802
CDUS41 KBOX 232121
CLIBDL


CLIMATE REPORT
NATIONAL WEATHER SERVICE TAUNTON MA
418 PM EST THU FEB 23 2017


...................................

...THE HARTFORD CT CLIMATE SUMMARY FOR FEBRUARY 23 2017...
VALID AS OF 0400 PM LOCAL TIME.

CLIMATE NORMAL PERIOD 1981 TO 2010
CLIMATE RECORD PERIOD 1904 TO 2017


WEATHER ITEM   OBSERVED TIME   RECORD YEAR NORMAL DEPARTURE LAST
                VALUE   (LST)  VALUE       VALUE  FROM      YEAR
                                                  NORMAL
..................................................................
TEMPERATURE (F)
 TODAY
  MAXIMUM         66    148 PM  68    1990  41     25       40
  MINIMUM         34    714 AM  -3    1907  23     11       25
  AVERAGE         50                        32     18       33

PRECIPITATION (IN)
  TODAY            0.00          0.83 2003   0.11  -0.11     0.13
                                      1919
  MONTH TO DATE    2.09                      2.34  -0.25     2.84
  SINCE DEC 1      8.31                      9.01  -0.70     9.05
  SINCE JAN 1      5.58                      5.57   0.01     4.80

SNOWFALL (IN)
  TODAY            0.0           5.5  1935   0.3   -0.3      0.5
  MONTH TO DATE   22.6                       9.5   13.1     14.2
  SINCE DEC 1     41.2                      29.2   12.0     17.1
  SINCE JUL 1     42.7                      31.2   11.5     17.1
  SNOW DEPTH       0

DEGREE DAYS
 HEATING
  TODAY           15                        33    -18       32
  MONTH TO DATE  764                       825    -61      812
  SINCE DEC 1   2767                      3068   -301     2553
  SINCE JUL 1   3804                      4275   -471     3537

 COOLING
  TODAY            0                         0      0        0
  MONTH TO DATE    0                         0      0        0
  SINCE DEC 1      0                         0      0        0
  SINCE JAN 1      0                         0      0        0
..................................................................


WIND (MPH)
  HIGHEST WIND SPEED    21   HIGHEST WIND DIRECTION     S (170)
  HIGHEST GUST SPEED    23   HIGHEST GUST DIRECTION     S (170)
  AVERAGE WIND SPEED     5.8


SKY COVER
  POSSIBLE SUNSHINE  MM
  AVERAGE SKY COVER 0.3


WEATHER CONDITIONS
 THE FOLLOWING WEATHER WAS RECORDED TODAY.
  FOG


RELATIVE HUMIDITY (PERCENT)
 HIGHEST    92           100 AM
 LOWEST     52          1200 PM
 AVERAGE    72

..........................................................


THE HARTFORD CT CLIMATE NORMALS FOR TOMORROW
                         NORMAL    RECORD    YEAR
 MAXIMUM TEMPERATURE (F)   41        73      1985
 MINIMUM TEMPERATURE (F)   23        -8      2015


SUNRISE AND SUNSET
FEBRUARY 23 2017......SUNRISE   635 AM EST   SUNSET   534 PM EST
FEBRUARY 24 2017......SUNRISE   633 AM EST   SUNSET   535 PM EST


-  INDICATES NEGATIVE NUMBERS.
R  INDICATES RECORD WAS SET OR TIED.
MM INDICATES DATA IS MISSING.
T  INDICATES TRACE AMOUNT.




$$
