638
CDUS41 KBOX 240539
CLIBDL


CLIMATE REPORT
NATIONAL WEATHER SERVICE TAUNTON MA
135 AM EDT SAT JUN 24 2017


...................................

...THE HARTFORD CT CLIMATE SUMMARY FOR JUNE 23 2017...

CLIMATE NORMAL PERIOD 1981 TO 2010
CLIMATE RECORD PERIOD 1904 TO 2017


WEATHER ITEM   OBSERVED TIME   RECORD YEAR NORMAL DEPARTURE LAST
                VALUE   (LST)  VALUE       VALUE  FROM      YEAR
                                                  NORMAL
..................................................................
TEMPERATURE (F)
 YESTERDAY
  MAXIMUM         90    158 PM  97    1965  82      8       82
  MINIMUM         67    402 AM  45    1940  60      7       51
  AVERAGE         79                        71      8       67

PRECIPITATION (IN)
  YESTERDAY        0.01          1.84 2008   0.12  -0.11     0.00
  MONTH TO DATE    2.88                      3.52  -0.64     1.71
  SINCE JUN 1      2.88                      3.52  -0.64     1.71
  SINCE JAN 1     21.15                     21.33  -0.18    15.65

SNOWFALL (IN)
  YESTERDAY        0.0           0.0  2002   0.0    0.0      0.0
                                      2001
                                      2000
  MONTH TO DATE    0.0                       0.0    0.0      0.0
  SINCE JUN 1      0.0                       0.0    0.0      0.0
  SINCE JUL 1     62.3                      40.5   21.8     26.9
  SNOW DEPTH       0

DEGREE DAYS
 HEATING
  YESTERDAY        0                         0      0        0
  MONTH TO DATE   43                        39      4       16
  SINCE JUN 1     43                        39      4       16
  SINCE JUL 1   5514                      5997   -483     5060

 COOLING
  YESTERDAY       14                         6      8        2
  MONTH TO DATE  131                        96     35       89
  SINCE JUN 1    131                        96     35       89
  SINCE JAN 1    191                       135     56      163
..................................................................


WIND (MPH)
  RESULTANT WIND SPEED  10   RESULTANT WIND DIRECTION   S (190)
  HIGHEST WIND SPEED    22   HIGHEST WIND DIRECTION     S (190)
  HIGHEST GUST SPEED    29   HIGHEST GUST DIRECTION     S (180)
  AVERAGE WIND SPEED    10.0


SKY COVER
  POSSIBLE SUNSHINE  MM
  AVERAGE SKY COVER 0.8


WEATHER CONDITIONS
 THE FOLLOWING WEATHER WAS RECORDED YESTERDAY.
  LIGHT RAIN
  FOG
  HAZE


RELATIVE HUMIDITY (PERCENT)
 HIGHEST    93           400 AM
 LOWEST     47           100 PM
 AVERAGE    70

..........................................................


THE HARTFORD CT CLIMATE NORMALS FOR TODAY
                         NORMAL    RECORD    YEAR
 MAXIMUM TEMPERATURE (F)   82        94      2013
                                             1975
                                             1971
 MINIMUM TEMPERATURE (F)   60        46      1988


SUNRISE AND SUNSET
JUNE 24 2017..........SUNRISE   516 AM EDT   SUNSET   830 PM EDT
JUNE 25 2017..........SUNRISE   517 AM EDT   SUNSET   830 PM EDT


-  INDICATES NEGATIVE NUMBERS.
R  INDICATES RECORD WAS SET OR TIED.
MM INDICATES DATA IS MISSING.
T  INDICATES TRACE AMOUNT.




$$
