000
CDUS41 KBOX 170536
CLIBDL


CLIMATE REPORT
NATIONAL WEATHER SERVICE TAUNTON MA
136 AM EDT SUN SEP 17 2017


...................................

...THE HARTFORD CT CLIMATE SUMMARY FOR SEPTEMBER 16 2017...

CLIMATE NORMAL PERIOD 1981 TO 2010
CLIMATE RECORD PERIOD 1904 TO 2017


WEATHER ITEM   OBSERVED TIME   RECORD YEAR NORMAL DEPARTURE LAST
                VALUE   (LST)  VALUE       VALUE  FROM      YEAR
                                                  NORMAL
..................................................................
TEMPERATURE (F)
 YESTERDAY
  MAXIMUM         83    416 PM  92    1991  75      8       76
                                      1941
                                      1915
  MINIMUM         61    335 AM  33    1964  53      8       48
  AVERAGE         72                        64      8       62

PRECIPITATION (IN)
  YESTERDAY        0.00          5.72 1999   0.14  -0.14     0.00
  MONTH TO DATE    2.18                      1.86   0.32     0.98
  SINCE SEP 1      2.18                      1.86   0.32     0.98
  SINCE JAN 1     33.29                     32.13   1.16    23.32

SNOWFALL (IN)
  YESTERDAY        0.0           0.0  2002   0.0    0.0      0.0
                                      2001
                                      2000
  MONTH TO DATE    0.0                       0.0    0.0      0.0
  SINCE SEP 1      0.0                       0.0    0.0      0.0
  SINCE JUL 1      0.0                       0.0    0.0      0.0
  SNOW DEPTH       0

DEGREE DAYS
 HEATING
  YESTERDAY        0                         3     -3        3
  MONTH TO DATE   39                        31      8        7
  SINCE SEP 1     39                        31      8        7
  SINCE JUL 1     55                        43     12        7

 COOLING
  YESTERDAY        7                         2      5        0
  MONTH TO DATE   44                        57    -13       93
  SINCE SEP 1     44                        57    -13       93
  SINCE JAN 1    731                       732     -1     1023
..................................................................


WIND (MPH)
  RESULTANT WIND SPEED   1   RESULTANT WIND DIRECTION   N (340)
  HIGHEST WIND SPEED     8   HIGHEST WIND DIRECTION     S (200)
  HIGHEST GUST SPEED    10   HIGHEST GUST DIRECTION     S (180)
  AVERAGE WIND SPEED     2.1


SKY COVER
  POSSIBLE SUNSHINE  MM
  AVERAGE SKY COVER 0.5


WEATHER CONDITIONS
 THE FOLLOWING WEATHER WAS RECORDED YESTERDAY.
  FOG


RELATIVE HUMIDITY (PERCENT)
 HIGHEST   100           300 AM
 LOWEST     55           400 PM
 AVERAGE    78

..........................................................


THE HARTFORD CT CLIMATE NORMALS FOR TODAY
                         NORMAL    RECORD    YEAR
 MAXIMUM TEMPERATURE (F)   75        90      1991
                                             1972
                                             1915
 MINIMUM TEMPERATURE (F)   52        34      1984


SUNRISE AND SUNSET
SEPTEMBER 17 2017.....SUNRISE   633 AM EDT   SUNSET   656 PM EDT
SEPTEMBER 18 2017.....SUNRISE   634 AM EDT   SUNSET   655 PM EDT


-  INDICATES NEGATIVE NUMBERS.
R  INDICATES RECORD WAS SET OR TIED.
MM INDICATES DATA IS MISSING.
T  INDICATES TRACE AMOUNT.




$$
