000
CDUS41 KBOX 210555
CLIBDL


CLIMATE REPORT
NATIONAL WEATHER SERVICE TAUNTON MA
153 AM EDT TUE MAR 21 2017


...................................

...THE HARTFORD CT CLIMATE SUMMARY FOR MARCH 20 2017...

CLIMATE NORMAL PERIOD 1981 TO 2010
CLIMATE RECORD PERIOD 1904 TO 2017


WEATHER ITEM   OBSERVED TIME   RECORD YEAR NORMAL DEPARTURE LAST
                VALUE   (LST)  VALUE       VALUE  FROM      YEAR
                                                  NORMAL
..................................................................
TEMPERATURE (F)
 YESTERDAY
  MAXIMUM         54    425 PM  81    1945  49      5       43
  MINIMUM         27    613 AM   2    1949  29     -2       22
  AVERAGE         41                        39      2       33

PRECIPITATION (IN)
  YESTERDAY        0.00          1.19 1922   0.13  -0.13     0.01
  MONTH TO DATE    1.89                      2.26  -0.37     1.40
  SINCE MAR 1      1.89                      2.26  -0.37     1.40
  SINCE JAN 1      7.87                      8.38  -0.51     8.23

SNOWFALL (IN)
  YESTERDAY        0.0          10.8  1944   0.2   -0.2      0.1
  MONTH TO DATE   18.1                       4.7   13.4      0.3
  SINCE MAR 1     18.1                       4.7   13.4      0.3
  SINCE JUL 1     60.8                      37.4   23.4     17.4
  SNOW DEPTH       7

DEGREE DAYS
 HEATING
  YESTERDAY       24                        26     -2       32
  MONTH TO DATE  669                       582     87      433
  SINCE MAR 1    669                       582     87      433
  SINCE JUL 1   4562                      5020   -458     4109

 COOLING
  YESTERDAY        0                         0      0        0
  MONTH TO DATE    0                         0      0        0
  SINCE MAR 1      0                         0      0        0
  SINCE JAN 1      0                         0      0        0
..................................................................


WIND (MPH)
  RESULTANT WIND SPEED   6   RESULTANT WIND DIRECTION   N (350)
  HIGHEST WIND SPEED    18   HIGHEST WIND DIRECTION    NE (30)
  HIGHEST GUST SPEED    22   HIGHEST GUST DIRECTION     N (20)
  AVERAGE WIND SPEED     6.5


SKY COVER
  POSSIBLE SUNSHINE  MM
  AVERAGE SKY COVER 0.4


WEATHER CONDITIONS
 THE FOLLOWING WEATHER WAS RECORDED YESTERDAY.
  NO SIGNIFICANT WEATHER WAS OBSERVED.


RELATIVE HUMIDITY (PERCENT)
 HIGHEST    58          1200 AM
 LOWEST     19           300 PM
 AVERAGE    39

..........................................................


THE HARTFORD CT CLIMATE NORMALS FOR TODAY
                         NORMAL    RECORD    YEAR
 MAXIMUM TEMPERATURE (F)   50        82      1921
 MINIMUM TEMPERATURE (F)   29        10      1986


SUNRISE AND SUNSET
MARCH 21 2017.........SUNRISE   652 AM EDT   SUNSET   704 PM EDT
MARCH 22 2017.........SUNRISE   650 AM EDT   SUNSET   705 PM EDT


-  INDICATES NEGATIVE NUMBERS.
R  INDICATES RECORD WAS SET OR TIED.
MM INDICATES DATA IS MISSING.
T  INDICATES TRACE AMOUNT.




$$
