444
CDUS41 KBOX 270625
CLIBDL


CLIMATE REPORT
NATIONAL WEATHER SERVICE TAUNTON MA
220 AM EDT SAT MAY 27 2017


...................................

...THE HARTFORD CT CLIMATE SUMMARY FOR MAY 26 2017...

CLIMATE NORMAL PERIOD 1981 TO 2010
CLIMATE RECORD PERIOD 1904 TO 2017


WEATHER ITEM   OBSERVED TIME   RECORD YEAR NORMAL DEPARTURE LAST
                VALUE   (LST)  VALUE       VALUE  FROM      YEAR
                                                  NORMAL
..................................................................
TEMPERATURE (F)
 YESTERDAY
  MAXIMUM         64    609 PM  99    2010  74    -10       90
  MINIMUM         50    522 AM  36    1992  51     -1       59
                                      1972
  AVERAGE         57                        62     -5       75

PRECIPITATION (IN)
  YESTERDAY        0.50          1.60 2003   0.16   0.34      T
  MONTH TO DATE    4.17                      3.55   0.62     1.83
  SINCE MAR 1     11.87                     10.89   0.98     6.47
  SINCE JAN 1     17.85                     17.01   0.84    13.30

SNOWFALL (IN)
  YESTERDAY        0.0           T    1988   0.0    0.0      0.0
  MONTH TO DATE    0.0                       0.0    0.0      0.0
  SINCE MAR 1     19.6                       7.8   11.8      9.8
  SINCE JUL 1     62.3                      40.5   21.8     26.9
  SNOW DEPTH       0

DEGREE DAYS
 HEATING
  YESTERDAY        8                         4      4        0
  MONTH TO DATE  214                       185     29      208
  SINCE MAR 1   1556                      1500     56     1368
  SINCE JUL 1   5449                      5938   -489     5044

 COOLING
  YESTERDAY        0                         2     -2       10
  MONTH TO DATE   37                        22     15       16
  SINCE MAR 1     60                        28     32       18
  SINCE JAN 1     60                        28     32       18
..................................................................


WIND (MPH)
  RESULTANT WIND SPEED   6   RESULTANT WIND DIRECTION  NW (330)
  HIGHEST WIND SPEED    18   HIGHEST WIND DIRECTION     N (10)
  HIGHEST GUST SPEED    24   HIGHEST GUST DIRECTION     N (360)
  AVERAGE WIND SPEED     6.9


SKY COVER
  POSSIBLE SUNSHINE  MM
  AVERAGE SKY COVER 1.0


WEATHER CONDITIONS
 THE FOLLOWING WEATHER WAS RECORDED YESTERDAY.
  RAIN
  LIGHT RAIN
  FOG


RELATIVE HUMIDITY (PERCENT)
 HIGHEST   100          1200 AM
 LOWEST     73           600 PM
 AVERAGE    87

..........................................................


THE HARTFORD CT CLIMATE NORMALS FOR TODAY
                         NORMAL    RECORD    YEAR
 MAXIMUM TEMPERATURE (F)   74        94      1965
                                             1914
 MINIMUM TEMPERATURE (F)   51        37      1969
                                             1968


SUNRISE AND SUNSET
MAY 27 2017...........SUNRISE   521 AM EDT   SUNSET   816 PM EDT
MAY 28 2017...........SUNRISE   520 AM EDT   SUNSET   817 PM EDT


-  INDICATES NEGATIVE NUMBERS.
R  INDICATES RECORD WAS SET OR TIED.
MM INDICATES DATA IS MISSING.
T  INDICATES TRACE AMOUNT.




$$
