000
CDUS41 KBOX 162130
CLIBDL


CLIMATE REPORT
NATIONAL WEATHER SERVICE TAUNTON MA
528 PM EDT SAT AUG 16 2014


...................................

...THE HARTFORD CT CLIMATE SUMMARY FOR AUGUST 16 2014...
VALID AS OF 0500 PM LOCAL TIME.

CLIMATE NORMAL PERIOD 1981 TO 2010
CLIMATE RECORD PERIOD 1904 TO 2014


WEATHER ITEM   OBSERVED TIME   RECORD YEAR NORMAL DEPARTURE LAST
                VALUE   (LST)  VALUE       VALUE  FROM      YEAR
                                                  NORMAL
..................................................................
TEMPERATURE (F)
 TODAY
  MAXIMUM         78    224 PM  97    2002  83     -5       79
                                      1970
  MINIMUM         56    521 AM  47    1972  61     -5       52
                                      1968
  AVERAGE         67                        72     -5       66

PRECIPITATION (IN)
  TODAY            0.00          1.68 1920   0.12  -0.12     0.00
  MONTH TO DATE    3.30                      2.24   1.06     5.31
  SINCE JUN 1      9.50                     10.77  -1.27    20.29
  SINCE JAN 1     31.51                     28.58   2.93    36.43

SNOWFALL (IN)
  TODAY            0.0           0.0  2002   0.0    0.0      0.0
                                      2001
                                      2000
  MONTH TO DATE    0.0                       0.0    0.0      0.0
  SINCE JUN 1      0.0                       0.0    0.0      0.0
  SINCE JUL 1      0.0                       0.0    0.0      0.0
  SNOW DEPTH       0

DEGREE DAYS
 HEATING
  TODAY            0                         0      0        0
  MONTH TO DATE    2                         0      2        0
  SINCE JUN 1      8                        43    -35       35
  SINCE JUL 1      2                         3     -1        2

 COOLING
  TODAY            2                         7     -5        1
  MONTH TO DATE   93                       130    -37       76
  SINCE JUN 1    545                       543      2      664
  SINCE JAN 1    577                       582     -5      718
..................................................................


WIND (MPH)
  HIGHEST WIND SPEED    17   HIGHEST WIND DIRECTION    SW (220)
  HIGHEST GUST SPEED    22   HIGHEST GUST DIRECTION    SW (220)
  AVERAGE WIND SPEED     7.6


SKY COVER
  POSSIBLE SUNSHINE  MM
  AVERAGE SKY COVER 0.7


WEATHER CONDITIONS
 THE FOLLOWING WEATHER WAS RECORDED TODAY.
  NO SIGNIFICANT WEATHER WAS OBSERVED.


RELATIVE HUMIDITY (PERCENT)
 HIGHEST    80           400 AM
 LOWEST     36          1200 PM
 AVERAGE    58

..........................................................


THE HARTFORD CT CLIMATE NORMALS FOR TOMORROW
                         NORMAL    RECORD    YEAR
 MAXIMUM TEMPERATURE (F)   83        96      1913
 MINIMUM TEMPERATURE (F)   61        45      1979


SUNRISE AND SUNSET
AUGUST 16 2014........SUNRISE   600 AM EDT   SUNSET   750 PM EDT
AUGUST 17 2014........SUNRISE   601 AM EDT   SUNSET   748 PM EDT


-  INDICATES NEGATIVE NUMBERS.
R  INDICATES RECORD WAS SET OR TIED.
MM INDICATES DATA IS MISSING.
T  INDICATES TRACE AMOUNT.




$$
