000
CDUS41 KBOX 152132
CLIBDL


CLIMATE REPORT
NATIONAL WEATHER SERVICE TAUNTON MA
528 PM EDT SAT JUL 15 2017


...................................

...THE HARTFORD CT CLIMATE SUMMARY FOR JULY 15 2017...
VALID AS OF 0500 PM LOCAL TIME.

CLIMATE NORMAL PERIOD 1981 TO 2010
CLIMATE RECORD PERIOD 1904 TO 2017


WEATHER ITEM   OBSERVED TIME   RECORD YEAR NORMAL DEPARTURE LAST
                VALUE   (LST)  VALUE       VALUE  FROM      YEAR
                                                  NORMAL
..................................................................
TEMPERATURE (F)
 TODAY
  MAXIMUM         85    359 PM 100    1995  85      0       94
  MINIMUM         63   1203 AM  52    1950  63      0       68
  AVERAGE         74                        74      0       81

PRECIPITATION (IN)
  TODAY            T             3.32 2005   0.14  -0.14      T
  MONTH TO DATE    4.69                      1.89   2.80     1.16
  SINCE JUN 1      8.30                      6.24   2.06     3.17
  SINCE JAN 1     26.57                     24.05   2.52    17.11

SNOWFALL (IN)
  TODAY            0.0           0.0  2002   0.0    0.0      0.0
                                      2001
                                      2000
  MONTH TO DATE    0.0                       0.0    0.0      0.0
  SINCE JUN 1      0.0                       0.0    0.0      0.0
  SINCE JUL 1      0.0                       0.0    0.0      0.0
  SNOW DEPTH       0

DEGREE DAYS
 HEATING
  TODAY            0                         0      0        0
  MONTH TO DATE    3                         0      3        0
  SINCE JUN 1     47                        40      7       16
  SINCE JUL 1      3                         0      3        0

 COOLING
  TODAY            9                         9      0       16
  MONTH TO DATE  128                       127      1      143
  SINCE JUN 1    294                       271     23      292
  SINCE JAN 1    354                       310     44      366
..................................................................


WIND (MPH)
  HIGHEST WIND SPEED    15   HIGHEST WIND DIRECTION     W (260)
  HIGHEST GUST SPEED    20   HIGHEST GUST DIRECTION     N (350)
  AVERAGE WIND SPEED     5.1


SKY COVER
  POSSIBLE SUNSHINE  MM
  AVERAGE SKY COVER 0.9


WEATHER CONDITIONS
 THE FOLLOWING WEATHER WAS RECORDED TODAY.
  LIGHT RAIN
  FOG


RELATIVE HUMIDITY (PERCENT)
 HIGHEST   100          1200 AM
 LOWEST     47           400 PM
 AVERAGE    74

..........................................................


THE HARTFORD CT CLIMATE NORMALS FOR TOMORROW
                         NORMAL    RECORD    YEAR
 MAXIMUM TEMPERATURE (F)   85        96      1983
                                             1980
                                             1968
 MINIMUM TEMPERATURE (F)   63        50      1946


SUNRISE AND SUNSET
JULY 15 2017..........SUNRISE   529 AM EDT   SUNSET   824 PM EDT
JULY 16 2017..........SUNRISE   530 AM EDT   SUNSET   824 PM EDT


-  INDICATES NEGATIVE NUMBERS.
R  INDICATES RECORD WAS SET OR TIED.
MM INDICATES DATA IS MISSING.
T  INDICATES TRACE AMOUNT.




$$
