000
CDUS41 KBOX 240538
CLIBDL


CLIMATE REPORT
NATIONAL WEATHER SERVICE TAUNTON MA
1235 AM EST SAT JAN 24 2015


...................................

...THE HARTFORD CT CLIMATE SUMMARY FOR JANUARY 23 2015...

CLIMATE NORMAL PERIOD 1981 TO 2010
CLIMATE RECORD PERIOD 1904 TO 2015


WEATHER ITEM   OBSERVED TIME   RECORD YEAR NORMAL DEPARTURE LAST
                VALUE   (LST)  VALUE       VALUE  FROM      YEAR
                                                  NORMAL
..................................................................
TEMPERATURE (F)
 YESTERDAY
  MAXIMUM         40    351 PM  60    1967  34      6       20
                                      1906
  MINIMUM         17    710 AM -19    1961  18     -1        2
  AVERAGE         29                        26      3       11

PRECIPITATION (IN)
  YESTERDAY        0.00          1.45 1992   0.11  -0.11     0.00
  MONTH TO DATE    2.41                      2.40   0.01     3.36
  SINCE DEC 1      6.96                      5.84   1.12     7.28
  SINCE JAN 1      2.41                      2.40   0.01     3.36

SNOWFALL (IN)
  YESTERDAY        0.0          11.6  1965   0.4   -0.4      0.0
  MONTH TO DATE    4.1                       9.0   -4.9      9.8
  SINCE DEC 1      4.8                      16.4  -11.6     22.5
  SINCE JUL 1      9.9                      18.4   -8.5     22.5
  SNOW DEPTH       0

DEGREE DAYS
 HEATING
  YESTERDAY       36                        39     -3       54
  MONTH TO DATE  937                       894     43      893
  SINCE DEC 1   1839                      1931    -92     1957
  SINCE JUL 1   2936                      3138   -202     3189

 COOLING
  YESTERDAY        0                         0      0        0
  MONTH TO DATE    0                         0      0        0
  SINCE DEC 1      0                         0      0        0
  SINCE JAN 1      0                         0      0        0
..................................................................


WIND (MPH)
  RESULTANT WIND SPEED   3   RESULTANT WIND DIRECTION  SW (210)
  HIGHEST WIND SPEED    14   HIGHEST WIND DIRECTION    SW (220)
  HIGHEST GUST SPEED    16   HIGHEST GUST DIRECTION    SW (220)
  AVERAGE WIND SPEED     5.7


SKY COVER
  POSSIBLE SUNSHINE  MM
  AVERAGE SKY COVER 0.2


WEATHER CONDITIONS
 THE FOLLOWING WEATHER WAS RECORDED YESTERDAY.
  NO SIGNIFICANT WEATHER WAS OBSERVED.


RELATIVE HUMIDITY (PERCENT)
 HIGHEST    71           800 AM
 LOWEST     37           400 PM
 AVERAGE    54

..........................................................


THE HARTFORD CT CLIMATE NORMALS FOR TODAY
                         NORMAL    RECORD    YEAR
 MAXIMUM TEMPERATURE (F)   35        65      1967
 MINIMUM TEMPERATURE (F)   18       -19      1961


SUNRISE AND SUNSET
JANUARY 24 2015.......SUNRISE   711 AM EST   SUNSET   455 PM EST
JANUARY 25 2015.......SUNRISE   710 AM EST   SUNSET   456 PM EST


-  INDICATES NEGATIVE NUMBERS.
R  INDICATES RECORD WAS SET OR TIED.
MM INDICATES DATA IS MISSING.
T  INDICATES TRACE AMOUNT.




$$
