450
CDUS41 KBOX 110533
CLIBDL


CLIMATE REPORT
NATIONAL WEATHER SERVICE TAUNTON MA
1233 AM EST THU FEB 11 2016


...................................

...THE HARTFORD CT CLIMATE SUMMARY FOR FEBRUARY 10 2016...

CLIMATE NORMAL PERIOD 1981 TO 2010
CLIMATE RECORD PERIOD 1904 TO 2016


WEATHER ITEM   OBSERVED TIME   RECORD YEAR NORMAL DEPARTURE LAST
                VALUE   (LST)  VALUE       VALUE  FROM      YEAR
                                                  NORMAL
..................................................................
TEMPERATURE (F)
 YESTERDAY
  MAXIMUM         35    454 PM  55    1909  37     -2       33
  MINIMUM         20    110 AM  -7    1979  20      0       20
                                      1948
  AVERAGE         28                        29     -1       27

PRECIPITATION (IN)
  YESTERDAY        0.15          1.31 1970   0.10   0.05     0.01
  MONTH TO DATE    1.65                      1.02   0.63     1.86
  SINCE DEC 1      7.86                      7.69   0.17     9.64
  SINCE JAN 1      3.61                      4.25  -0.64     5.09

SNOWFALL (IN)
  YESTERDAY        2.3          12.5  1926   0.4    1.9       T
  MONTH TO DATE   12.5                       4.3    8.2     18.6
  SINCE DEC 1     15.4                      24.0   -8.6     36.4
  SINCE JUL 1     15.4                      26.0  -10.6     41.5
  SNOW DEPTH       8

DEGREE DAYS
 HEATING
  YESTERDAY       37                        36      1       38
  MONTH TO DATE  299                       372    -73      456
  SINCE DEC 1   2040                      2615   -575     2643
  SINCE JUL 1   3024                      3822   -798     3740

 COOLING
  YESTERDAY        0                         0      0        0
  MONTH TO DATE    0                         0      0        0
  SINCE DEC 1      0                         0      0        0
  SINCE JAN 1      0                         0      0        0
..................................................................


WIND (MPH)
  RESULTANT WIND SPEED   3   RESULTANT WIND DIRECTION   W (250)
  HIGHEST WIND SPEED    15   HIGHEST WIND DIRECTION    NW (300)
  HIGHEST GUST SPEED    19   HIGHEST GUST DIRECTION     W (280)
  AVERAGE WIND SPEED     4.8


SKY COVER
  POSSIBLE SUNSHINE  MM
  AVERAGE SKY COVER 0.9


WEATHER CONDITIONS
 THE FOLLOWING WEATHER WAS RECORDED YESTERDAY.
  LIGHT SNOW
  FOG


RELATIVE HUMIDITY (PERCENT)
 HIGHEST    92           300 AM
 LOWEST     58          1100 PM
 AVERAGE    75

..........................................................


THE HARTFORD CT CLIMATE NORMALS FOR TODAY
                         NORMAL    RECORD    YEAR
 MAXIMUM TEMPERATURE (F)   38        61      1981
 MINIMUM TEMPERATURE (F)   20        -9      1979
                                             1948


SUNRISE AND SUNSET
FEBRUARY 11 2016......SUNRISE   652 AM EST   SUNSET   518 PM EST
FEBRUARY 12 2016......SUNRISE   651 AM EST   SUNSET   519 PM EST


-  INDICATES NEGATIVE NUMBERS.
R  INDICATES RECORD WAS SET OR TIED.
MM INDICATES DATA IS MISSING.
T  INDICATES TRACE AMOUNT.




$$
