000
CDUS41 KBOX 250539
CLIBDL


CLIMATE REPORT
NATIONAL WEATHER SERVICE TAUNTON MA
139 AM EDT MON AUG 25 2014


...................................

...THE HARTFORD CT CLIMATE SUMMARY FOR AUGUST 24 2014...

CLIMATE NORMAL PERIOD 1981 TO 2010
CLIMATE RECORD PERIOD 1904 TO 2014


WEATHER ITEM   OBSERVED TIME   RECORD YEAR NORMAL DEPARTURE LAST
                VALUE   (LST)  VALUE       VALUE  FROM      YEAR
                                                  NORMAL
..................................................................
TEMPERATURE (F)
 YESTERDAY
  MAXIMUM         82    416 PM  94    1969  82      0       78
  MINIMUM         54    512 AM  43    1971  60     -6       53
                                      1957
  AVERAGE         68                        71     -3       66

PRECIPITATION (IN)
  YESTERDAY        0.00          1.92 1945   0.11  -0.11     0.00
  MONTH TO DATE    3.49                      3.20   0.29     5.39
  SINCE JUN 1      9.69                     11.73  -2.04    20.37
  SINCE JAN 1     31.70                     29.54   2.16    36.51

SNOWFALL (IN)
  YESTERDAY        0.0           0.0  2002   0.0    0.0      0.0
                                      2001
                                      2000
  MONTH TO DATE    0.0                       0.0    0.0      0.0
  SINCE JUN 1      0.0                       0.0    0.0      0.0
  SINCE JUL 1      0.0                       0.0    0.0      0.0
  SNOW DEPTH       0

DEGREE DAYS
 HEATING
  YESTERDAY        0                         0      0        0
  MONTH TO DATE    2                         0      2        0
  SINCE JUN 1      8                        43    -35       35
  SINCE JUL 1      2                         3     -1        2

 COOLING
  YESTERDAY        3                         6     -3        1
  MONTH TO DATE  122                       184    -62      122
  SINCE JUN 1    574                       597    -23      710
  SINCE JAN 1    606                       636    -30      764
..................................................................


WIND (MPH)
  RESULTANT WIND SPEED   3   RESULTANT WIND DIRECTION  NE (40)
  HIGHEST WIND SPEED    12   HIGHEST WIND DIRECTION    NE (50)
  HIGHEST GUST SPEED    16   HIGHEST GUST DIRECTION    NE (30)
  AVERAGE WIND SPEED     4.4


SKY COVER
  POSSIBLE SUNSHINE  MM
  AVERAGE SKY COVER 0.3


WEATHER CONDITIONS
 THE FOLLOWING WEATHER WAS RECORDED YESTERDAY.
  FOG


RELATIVE HUMIDITY (PERCENT)
 HIGHEST   100           400 AM
 LOWEST     39           500 PM
 AVERAGE    70

..........................................................


THE HARTFORD CT CLIMATE NORMALS FOR TODAY
                         NORMAL    RECORD    YEAR
 MAXIMUM TEMPERATURE (F)   81        95      1968
                                             1948
 MINIMUM TEMPERATURE (F)   60        38      1940


SUNRISE AND SUNSET
AUGUST 25 2014........SUNRISE   609 AM EDT   SUNSET   736 PM EDT
AUGUST 26 2014........SUNRISE   610 AM EDT   SUNSET   734 PM EDT


-  INDICATES NEGATIVE NUMBERS.
R  INDICATES RECORD WAS SET OR TIED.
MM INDICATES DATA IS MISSING.
T  INDICATES TRACE AMOUNT.




$$
