000
CDUS41 KBOX 030550
CLIBDL


CLIMATE REPORT
NATIONAL WEATHER SERVICE TAUNTON MA
1238 AM EST TUE MAR 3 2015


...................................

...THE HARTFORD CT CLIMATE SUMMARY FOR MARCH 2 2015...

CLIMATE NORMAL PERIOD 1981 TO 2010
CLIMATE RECORD PERIOD 1904 TO 2015


WEATHER ITEM   OBSERVED TIME   RECORD YEAR NORMAL DEPARTURE LAST
                VALUE   (LST)  VALUE       VALUE  FROM      YEAR
                                                  NORMAL
..................................................................
TEMPERATURE (F)
 YESTERDAY
  MAXIMUM         35    140 PM  64    2004  43     -8       37
  MINIMUM         22   1159 PM   4    1962  24     -2       25
  AVERAGE         29                        33     -4       31

PRECIPITATION (IN)
  YESTERDAY        T             1.85 2007   0.11  -0.11      T
  MONTH TO DATE    0.28                      0.22   0.06      T
  SINCE MAR 1      0.28                      0.22   0.06      T
  SINCE JAN 1      6.46                      6.34   0.12     7.37

SNOWFALL (IN)
  YESTERDAY        T             7.9  2009   0.2   -0.2       T
                                      1948
  MONTH TO DATE    2.9                       0.5    2.4       T
  SINCE MAR 1      2.9                       0.5    2.4       T
  SINCE JUL 1     57.7                      33.2   24.5     50.1
  SNOW DEPTH      24

DEGREE DAYS
 HEATING
  YESTERDAY       36                        32      4       34
  MONTH TO DATE   86                        64     22       82
  SINCE MAR 1     86                        64     22       82
  SINCE JUL 1   4731                      4502    229     4761

 COOLING
  YESTERDAY        0                         0      0        0
  MONTH TO DATE    0                         0      0        0
  SINCE MAR 1      0                         0      0        0
  SINCE JAN 1      0                         0      0        0
..................................................................


WIND (MPH)
  RESULTANT WIND SPEED  10   RESULTANT WIND DIRECTION  NW (300)
  HIGHEST WIND SPEED    33   HIGHEST WIND DIRECTION    NW (300)
  HIGHEST GUST SPEED    42   HIGHEST GUST DIRECTION    NW (300)
  AVERAGE WIND SPEED    11.0


SKY COVER
  POSSIBLE SUNSHINE  MM
  AVERAGE SKY COVER 0.7


WEATHER CONDITIONS
 THE FOLLOWING WEATHER WAS RECORDED YESTERDAY.
  LIGHT SNOW
  FOG
  HAZE


RELATIVE HUMIDITY (PERCENT)
 HIGHEST    88           700 AM
 LOWEST     39           600 PM
 AVERAGE    64

..........................................................


THE HARTFORD CT CLIMATE NORMALS FOR TODAY
                         NORMAL    RECORD    YEAR
 MAXIMUM TEMPERATURE (F)   43        63      1991
 MINIMUM TEMPERATURE (F)   24         4      1950


SUNRISE AND SUNSET
MARCH  3 2015.........SUNRISE   623 AM EST   SUNSET   543 PM EST
MARCH  4 2015.........SUNRISE   621 AM EST   SUNSET   544 PM EST


-  INDICATES NEGATIVE NUMBERS.
R  INDICATES RECORD WAS SET OR TIED.
MM INDICATES DATA IS MISSING.
T  INDICATES TRACE AMOUNT.




$$
