000
CDUS41 KBOX 012134
CLIBDL


CLIMATE REPORT
NATIONAL WEATHER SERVICE TAUNTON MA
531 PM EDT MON JUN 1 2015


...................................

...THE HARTFORD CT CLIMATE SUMMARY FOR JUNE 1 2015...
VALID AS OF 0500 PM LOCAL TIME.

CLIMATE NORMAL PERIOD 1981 TO 2010
CLIMATE RECORD PERIOD 1904 TO 2015


WEATHER ITEM   OBSERVED TIME   RECORD YEAR NORMAL DEPARTURE LAST
                VALUE   (LST)  VALUE       VALUE  FROM      YEAR
                                                  NORMAL
..................................................................
TEMPERATURE (F)
 TODAY
  MAXIMUM         53    323 PM  95    1937  76    -23       77
  MINIMUM         50    701 AM  38    2001  53     -3       44
  AVERAGE         52                        64    -12       61

PRECIPITATION (IN)
  TODAY            0.45          1.73 1952   0.17   0.28     0.00
  MONTH TO DATE    0.45                      0.17   0.28     0.00
  SINCE JUN 1      0.45                      0.17   0.28     0.00
  SINCE JAN 1     14.02                     17.98  -3.96    22.01

SNOWFALL (IN)
  TODAY            0.0           0.0  2002   0.0    0.0      0.0
                                      2001
                                      2000
  MONTH TO DATE    0.0                       0.0    0.0      0.0
  SINCE JUN 1      0.0                       0.0    0.0      0.0
  SINCE JUL 1     63.8                      40.5   23.3     51.1
  SNOW DEPTH       0

DEGREE DAYS
 HEATING
  TODAY           13                         3     10        4
  MONTH TO DATE   13                         3     10        4
  SINCE JUN 1     13                         3     10        4
  SINCE JUL 1   6191                      5961    230     6357

 COOLING
  TODAY            0                         2     -2        0
  MONTH TO DATE    0                         2     -2        0
  SINCE JUN 1      0                         2     -2        0
  SINCE JAN 1    117                        41     76       32
..................................................................


WIND (MPH)
  HIGHEST WIND SPEED    17   HIGHEST WIND DIRECTION    NE (30)
  HIGHEST GUST SPEED    21   HIGHEST GUST DIRECTION    NE (40)
  AVERAGE WIND SPEED     9.4


SKY COVER
  POSSIBLE SUNSHINE  MM
  AVERAGE SKY COVER 0.9


WEATHER CONDITIONS
 THE FOLLOWING WEATHER WAS RECORDED TODAY.
  RAIN
  LIGHT RAIN
  FOG


RELATIVE HUMIDITY (PERCENT)
 HIGHEST    93           300 AM
 LOWEST     86           600 AM
 AVERAGE    90

..........................................................


THE HARTFORD CT CLIMATE NORMALS FOR TOMORROW
                         NORMAL    RECORD    YEAR
 MAXIMUM TEMPERATURE (F)   76        91      1961
 MINIMUM TEMPERATURE (F)   53        42      1998
                                             1993


SUNRISE AND SUNSET
JUNE  1 2015..........SUNRISE   518 AM EDT   SUNSET   819 PM EDT
JUNE  2 2015..........SUNRISE   518 AM EDT   SUNSET   820 PM EDT


-  INDICATES NEGATIVE NUMBERS.
R  INDICATES RECORD WAS SET OR TIED.
MM INDICATES DATA IS MISSING.
T  INDICATES TRACE AMOUNT.




$$
