000
CDUS41 KBOX 242143
CLIBDL


CLIMATE REPORT
NATIONAL WEATHER SERVICE TAUNTON MA
543 PM EDT MON APR 24 2017


...................................

...THE HARTFORD CT CLIMATE SUMMARY FOR APRIL 24 2017...
VALID AS OF 0500 PM LOCAL TIME.

CLIMATE NORMAL PERIOD 1981 TO 2010
CLIMATE RECORD PERIOD 1904 TO 2017


WEATHER ITEM   OBSERVED TIME   RECORD YEAR NORMAL DEPARTURE LAST
                VALUE   (LST)  VALUE       VALUE  FROM      YEAR
                                                  NORMAL
..................................................................
TEMPERATURE (F)
 TODAY
  MAXIMUM         72    142 PM  88    2001  64      8       64
  MINIMUM         38    529 AM  27    1930  41     -3       38
  AVERAGE         55                        53      2       51

PRECIPITATION (IN)
  TODAY            0.00          2.25 1944   0.13  -0.13     0.00
  MONTH TO DATE    2.88                      2.97  -0.09     2.17
  SINCE MAR 1      6.81                      6.59   0.22     4.37
  SINCE JAN 1     12.79                     12.71   0.08    11.20

SNOWFALL (IN)
  TODAY            0.0           1.1  1967   0.1   -0.1      0.0
  MONTH TO DATE    0.5                       1.4   -0.9      6.9
  SINCE MAR 1     19.6                       7.8   11.8      9.8
  SINCE JUL 1     62.3                      40.5   21.8     26.9
  SNOW DEPTH       0

DEGREE DAYS
 HEATING
  TODAY           10                        13     -3       14
  MONTH TO DATE  329                       405    -76      432
  SINCE MAR 1   1306                      1248     58     1076
  SINCE JUL 1   5199                      5686   -487     4752

 COOLING
  TODAY            0                         0      0        0
  MONTH TO DATE    9                         0      9        2
  SINCE MAR 1      9                         0      9        2
  SINCE JAN 1      9                         0      9        2
..................................................................


WIND (MPH)
  HIGHEST WIND SPEED    14   HIGHEST WIND DIRECTION     S (200)
  HIGHEST GUST SPEED    16   HIGHEST GUST DIRECTION     S (190)
  AVERAGE WIND SPEED     3.8


SKY COVER
  POSSIBLE SUNSHINE  MM
  AVERAGE SKY COVER 0.6


WEATHER CONDITIONS
 THE FOLLOWING WEATHER WAS RECORDED TODAY.
  NO SIGNIFICANT WEATHER WAS OBSERVED.


RELATIVE HUMIDITY (PERCENT)
 HIGHEST    93           600 AM
 LOWEST     27           200 PM
 AVERAGE    60

..........................................................


THE HARTFORD CT CLIMATE NORMALS FOR TOMORROW
                         NORMAL    RECORD    YEAR
 MAXIMUM TEMPERATURE (F)   65        91      2009
 MINIMUM TEMPERATURE (F)   42        26      1956


SUNRISE AND SUNSET
APRIL 24 2017.........SUNRISE   556 AM EDT   SUNSET   742 PM EDT
APRIL 25 2017.........SUNRISE   555 AM EDT   SUNSET   743 PM EDT


-  INDICATES NEGATIVE NUMBERS.
R  INDICATES RECORD WAS SET OR TIED.
MM INDICATES DATA IS MISSING.
T  INDICATES TRACE AMOUNT.




$$
