000
CDUS41 KBOX 202131
CLIBDL


CLIMATE REPORT
NATIONAL WEATHER SERVICE TAUNTON MA
428 PM EST SAT DEC 20 2014


...................................

...THE HARTFORD CT CLIMATE SUMMARY FOR DECEMBER 20 2014...
VALID AS OF 0400 PM LOCAL TIME.

CLIMATE NORMAL PERIOD 1981 TO 2010
CLIMATE RECORD PERIOD 1904 TO 2014


WEATHER ITEM   OBSERVED TIME   RECORD YEAR NORMAL DEPARTURE LAST
                VALUE   (LST)  VALUE       VALUE  FROM      YEAR
                                                  NORMAL
..................................................................
TEMPERATURE (F)
 TODAY
  MAXIMUM         32    359 PM  61    1957  38     -6       47
  MINIMUM         24    316 AM -10    1942  22      2       28
  AVERAGE         28                        30     -2       38

PRECIPITATION (IN)
  TODAY            T             1.19 1936   0.10  -0.10     0.00
  MONTH TO DATE    3.80                      2.31   1.49     2.01
  SINCE DEC 1      3.80                      2.31   1.49     2.01
  SINCE JAN 1     45.08                     44.72   0.36    49.80

SNOWFALL (IN)
  TODAY            T             4.8  2004   0.3   -0.3      0.0
  MONTH TO DATE    0.1                       4.1   -4.0     12.4
  SINCE DEC 1      0.1                       4.1   -4.0     12.4
  SINCE JUL 1      5.2                       6.1   -0.9     12.4
  SNOW DEPTH       0

DEGREE DAYS
 HEATING
  TODAY           37                        35      2       27
  MONTH TO DATE  600                       633    -33      719
  SINCE DEC 1    600                       633    -33      719
  SINCE JUL 1   1697                      1840   -143     1951

 COOLING
  TODAY            0                         0      0        0
  MONTH TO DATE    0                         0      0        0
  SINCE DEC 1      0                         0      0        0
  SINCE JAN 1    771                       756     15      894
..................................................................


WIND (MPH)
  HIGHEST WIND SPEED    12   HIGHEST WIND DIRECTION     N (10)
  HIGHEST GUST SPEED    14   HIGHEST GUST DIRECTION     N (20)
  AVERAGE WIND SPEED     7.0


SKY COVER
  POSSIBLE SUNSHINE  MM
  AVERAGE SKY COVER 0.7


WEATHER CONDITIONS
 THE FOLLOWING WEATHER WAS RECORDED TODAY.
  LIGHT SNOW


RELATIVE HUMIDITY (PERCENT)
 HIGHEST    75          1200 AM
 LOWEST     58          1200 PM
 AVERAGE    67

..........................................................


THE HARTFORD CT CLIMATE NORMALS FOR TOMORROW
                         NORMAL    RECORD    YEAR
 MAXIMUM TEMPERATURE (F)   38        60      1957
 MINIMUM TEMPERATURE (F)   22        -6      1942


SUNRISE AND SUNSET
DECEMBER 20 2014......SUNRISE   715 AM EST   SUNSET   422 PM EST
DECEMBER 21 2014......SUNRISE   715 AM EST   SUNSET   423 PM EST


-  INDICATES NEGATIVE NUMBERS.
R  INDICATES RECORD WAS SET OR TIED.
MM INDICATES DATA IS MISSING.
T  INDICATES TRACE AMOUNT.




$$
