000
CDUS41 KBOX 010546
CLIBDL


CLIMATE REPORT
NATIONAL WEATHER SERVICE TAUNTON MA
146 AM EDT WED JUL 1 2015


...................................

...THE HARTFORD CT CLIMATE SUMMARY FOR JUNE 30 2015...

CLIMATE NORMAL PERIOD 1981 TO 2010
CLIMATE RECORD PERIOD 1904 TO 2015


WEATHER ITEM   OBSERVED TIME   RECORD YEAR NORMAL DEPARTURE LAST
                VALUE   (LST)  VALUE       VALUE  FROM      YEAR
                                                  NORMAL
..................................................................
TEMPERATURE (F)
 YESTERDAY
  MAXIMUM         84    111 PM 100    1964  83      1       89
  MINIMUM         57    309 AM  44    1988  61     -4       61
  AVERAGE         71                        72     -1       75

PRECIPITATION (IN)
  YESTERDAY        0.00          2.70 1998   0.12  -0.12     0.00
  MONTH TO DATE    6.68                      4.35   2.33     1.71
  SINCE JUN 1      6.68                      4.35   2.33     1.71
  SINCE JAN 1     20.25                     22.16  -1.91    23.72

SNOWFALL (IN)
  YESTERDAY        0.0           0.0  2002   0.0    0.0      0.0
                                      2001
                                      2000
  MONTH TO DATE    0.0                       0.0    0.0      0.0
  SINCE JUN 1      0.0                       0.0    0.0      0.0
  SINCE JUL 1     63.8                      40.5   23.3     51.1
  SNOW DEPTH       0

DEGREE DAYS
 HEATING
  YESTERDAY        0                         0      0        0
  MONTH TO DATE   48                        39      9        6
  SINCE JUN 1     48                        40      8        6
  SINCE JUL 1   6226                      5998    228     6359

 COOLING
  YESTERDAY        6                         7     -1       10
  MONTH TO DATE  132                       144    -12      148
  SINCE JUN 1    132                       144    -12      148
  SINCE JAN 1    249                       183     66      180
..................................................................


WIND (MPH)
  RESULTANT WIND SPEED   5   RESULTANT WIND DIRECTION   S (170)
  HIGHEST WIND SPEED    18   HIGHEST WIND DIRECTION     S (160)
  HIGHEST GUST SPEED    23   HIGHEST GUST DIRECTION    SE (150)
  AVERAGE WIND SPEED     7.0


SKY COVER
  POSSIBLE SUNSHINE  MM
  AVERAGE SKY COVER 0.7


WEATHER CONDITIONS
 THE FOLLOWING WEATHER WAS RECORDED YESTERDAY.
  NO SIGNIFICANT WEATHER WAS OBSERVED.


RELATIVE HUMIDITY (PERCENT)
 HIGHEST    97          1200 AM
 LOWEST     40           300 PM
 AVERAGE    69

..........................................................


THE HARTFORD CT CLIMATE NORMALS FOR TODAY
                         NORMAL    RECORD    YEAR
 MAXIMUM TEMPERATURE (F)   83       101      1964
 MINIMUM TEMPERATURE (F)   61        46      1988


SUNRISE AND SUNSET
JULY  1 2015..........SUNRISE   519 AM EDT   SUNSET   830 PM EDT
JULY  2 2015..........SUNRISE   520 AM EDT   SUNSET   830 PM EDT


-  INDICATES NEGATIVE NUMBERS.
R  INDICATES RECORD WAS SET OR TIED.
MM INDICATES DATA IS MISSING.
T  INDICATES TRACE AMOUNT.




$$
