000
CDUS41 KBOX 200540
CLIBDL


CLIMATE REPORT
NATIONAL WEATHER SERVICE TAUNTON MA
137 AM EDT MON MAR 20 2017


...................................

...THE HARTFORD CT CLIMATE SUMMARY FOR MARCH 19 2017...

CLIMATE NORMAL PERIOD 1981 TO 2010
CLIMATE RECORD PERIOD 1904 TO 2017


WEATHER ITEM   OBSERVED TIME   RECORD YEAR NORMAL DEPARTURE LAST
                VALUE   (LST)  VALUE       VALUE  FROM      YEAR
                                                  NORMAL
..................................................................
TEMPERATURE (F)
 YESTERDAY
  MAXIMUM         41    513 PM  79    2012  49     -8       46
  MINIMUM         29   1117 PM  -6    1967  29      0       25
  AVERAGE         35                        39     -4       36

PRECIPITATION (IN)
  YESTERDAY        0.00          1.49 1956   0.12  -0.12     0.00
  MONTH TO DATE    1.89                      2.13  -0.24     1.39
  SINCE MAR 1      1.89                      2.13  -0.24     1.39
  SINCE JAN 1      7.87                      8.25  -0.38     8.22

SNOWFALL (IN)
  YESTERDAY        0.0          14.0  1956   0.1   -0.1      0.0
  MONTH TO DATE   18.1                       4.5   13.6      0.2
  SINCE MAR 1     18.1                       4.5   13.6      0.2
  SINCE JUL 1     60.8                      37.2   23.6     17.3
  SNOW DEPTH       8

DEGREE DAYS
 HEATING
  YESTERDAY       30                        26      4       29
  MONTH TO DATE  645                       556     89      401
  SINCE MAR 1    645                       556     89      401
  SINCE JUL 1   4538                      4994   -456     4077

 COOLING
  YESTERDAY        0                         0      0        0
  MONTH TO DATE    0                         0      0        0
  SINCE MAR 1      0                         0      0        0
  SINCE JAN 1      0                         0      0        0
..................................................................


WIND (MPH)
  RESULTANT WIND SPEED  12   RESULTANT WIND DIRECTION   N (10)
  HIGHEST WIND SPEED    22   HIGHEST WIND DIRECTION    NE (30)
  HIGHEST GUST SPEED    27   HIGHEST GUST DIRECTION     N (10)
  AVERAGE WIND SPEED    11.8


SKY COVER
  POSSIBLE SUNSHINE  MM
  AVERAGE SKY COVER 0.6


WEATHER CONDITIONS
 THE FOLLOWING WEATHER WAS RECORDED YESTERDAY.
  NO SIGNIFICANT WEATHER WAS OBSERVED.


RELATIVE HUMIDITY (PERCENT)
 HIGHEST    72           300 AM
 LOWEST     44           700 PM
 AVERAGE    58

..........................................................


THE HARTFORD CT CLIMATE NORMALS FOR TODAY
                         NORMAL    RECORD    YEAR
 MAXIMUM TEMPERATURE (F)   49        81      1945
 MINIMUM TEMPERATURE (F)   29         2      1949


SUNRISE AND SUNSET
MARCH 20 2017.........SUNRISE   654 AM EDT   SUNSET   703 PM EDT
MARCH 21 2017.........SUNRISE   652 AM EDT   SUNSET   704 PM EDT


-  INDICATES NEGATIVE NUMBERS.
R  INDICATES RECORD WAS SET OR TIED.
MM INDICATES DATA IS MISSING.
T  INDICATES TRACE AMOUNT.




$$
