000
CDUS41 KBOX 160544
CLIBDL


CLIMATE REPORT
NATIONAL WEATHER SERVICE TAUNTON MA
1244 AM EST THU FEB 16 2017


...................................

...THE HARTFORD CT CLIMATE SUMMARY FOR FEBRUARY 15 2017...

CLIMATE NORMAL PERIOD 1981 TO 2010
CLIMATE RECORD PERIOD 1904 TO 2017


WEATHER ITEM   OBSERVED TIME   RECORD YEAR NORMAL DEPARTURE LAST
                VALUE   (LST)  VALUE       VALUE  FROM      YEAR
                                                  NORMAL
..................................................................
TEMPERATURE (F)
 YESTERDAY
  MAXIMUM         44    137 PM  69    1954  39      5       22
  MINIMUM         20    416 AM -18    1943  21     -1      -12
  AVERAGE         32                        30      2        5

PRECIPITATION (IN)
  YESTERDAY        0.03          1.22 1953   0.11  -0.08     0.26
  MONTH TO DATE    2.09                      1.53   0.56     1.91
  SINCE DEC 1      8.31                      8.20   0.11     8.12
  SINCE JAN 1      5.58                      4.76   0.82     3.87

SNOWFALL (IN)
  YESTERDAY        0.0           5.0  1922   0.4   -0.4      1.1
  MONTH TO DATE   22.6                       6.5   16.1     13.6
  SINCE DEC 1     41.2                      26.2   15.0     16.5
  SINCE JUL 1     42.7                      28.2   14.5     16.5
  SNOW DEPTH      12

DEGREE DAYS
 HEATING
  YESTERDAY       33                        35     -2       60
  MONTH TO DATE  549                       551     -2      582
  SINCE DEC 1   2552                      2794   -242     2323
  SINCE JUL 1   3589                      4001   -412     3307

 COOLING
  YESTERDAY        0                         0      0        0
  MONTH TO DATE    0                         0      0        0
  SINCE DEC 1      0                         0      0        0
  SINCE JAN 1      0                         0      0        0
..................................................................


WIND (MPH)
  RESULTANT WIND SPEED   2   RESULTANT WIND DIRECTION  NW (310)
  HIGHEST WIND SPEED    25   HIGHEST WIND DIRECTION    NW (310)
  HIGHEST GUST SPEED    32   HIGHEST GUST DIRECTION    NW (310)
  AVERAGE WIND SPEED     4.6


SKY COVER
  POSSIBLE SUNSHINE  MM
  AVERAGE SKY COVER 0.9


WEATHER CONDITIONS
 THE FOLLOWING WEATHER WAS RECORDED YESTERDAY.
  RAIN
  LIGHT RAIN
  FOG
  HAZE


RELATIVE HUMIDITY (PERCENT)
 HIGHEST   100           400 AM
 LOWEST     64           900 PM
 AVERAGE    82

..........................................................


THE HARTFORD CT CLIMATE NORMALS FOR TODAY
                         NORMAL    RECORD    YEAR
 MAXIMUM TEMPERATURE (F)   39        72      1954
 MINIMUM TEMPERATURE (F)   21       -24      1943


SUNRISE AND SUNSET
FEBRUARY 16 2017......SUNRISE   645 AM EST   SUNSET   525 PM EST
FEBRUARY 17 2017......SUNRISE   643 AM EST   SUNSET   527 PM EST


-  INDICATES NEGATIVE NUMBERS.
R  INDICATES RECORD WAS SET OR TIED.
MM INDICATES DATA IS MISSING.
T  INDICATES TRACE AMOUNT.




$$
