000
CDUS41 KBOX 240554
CLIBDL


CLIMATE REPORT
NATIONAL WEATHER SERVICE TAUNTON MA
152 AM EDT TUE MAR 24 2015


...................................

...THE HARTFORD CT CLIMATE SUMMARY FOR MARCH 23 2015...

CLIMATE NORMAL PERIOD 1981 TO 2010
CLIMATE RECORD PERIOD 1904 TO 2015


WEATHER ITEM   OBSERVED TIME   RECORD YEAR NORMAL DEPARTURE LAST
                VALUE   (LST)  VALUE       VALUE  FROM      YEAR
                                                  NORMAL
..................................................................
TEMPERATURE (F)
 YESTERDAY
  MAXIMUM         32    414 PM  75    2012  50    -18       38
                                      1938
  MINIMUM         17    240 AM   9    1934  30    -13       22
  AVERAGE         25                        40    -15       30

PRECIPITATION (IN)
  YESTERDAY        0.00          1.07 2010   0.13  -0.13     0.00
  MONTH TO DATE    1.94                      2.64  -0.70     1.21
  SINCE MAR 1      1.94                      2.64  -0.70     1.21
  SINCE JAN 1      8.12                      8.76  -0.64     8.58

SNOWFALL (IN)
  YESTERDAY        0.0           2.2  2005   0.2   -0.2      0.0
  MONTH TO DATE    8.1                       5.2    2.9       T
  SINCE MAR 1      8.1                       5.2    2.9       T
  SINCE JUL 1     62.9                      37.9   25.0     50.1
  SNOW DEPTH       1

DEGREE DAYS
 HEATING
  YESTERDAY       40                        25     15       35
  MONTH TO DATE  776                       658    118      796
  SINCE MAR 1    776                       658    118      796
  SINCE JUL 1   5421                      5096    325     5475

 COOLING
  YESTERDAY        0                         0      0        0
  MONTH TO DATE    0                         0      0        0
  SINCE MAR 1      0                         0      0        0
  SINCE JAN 1      0                         0      0        0
..................................................................


WIND (MPH)
  RESULTANT WIND SPEED  12   RESULTANT WIND DIRECTION  NW (310)
  HIGHEST WIND SPEED    25   HIGHEST WIND DIRECTION    NW (320)
  HIGHEST GUST SPEED    34   HIGHEST GUST DIRECTION    NW (320)
  AVERAGE WIND SPEED    11.8


SKY COVER
  POSSIBLE SUNSHINE  MM
  AVERAGE SKY COVER 0.1


WEATHER CONDITIONS
 THE FOLLOWING WEATHER WAS RECORDED YESTERDAY.
  NO SIGNIFICANT WEATHER WAS OBSERVED.


RELATIVE HUMIDITY (PERCENT)
 HIGHEST    54           200 AM
 LOWEST     27          1100 AM
 AVERAGE    41

..........................................................


THE HARTFORD CT CLIMATE NORMALS FOR TODAY
                         NORMAL    RECORD    YEAR
 MAXIMUM TEMPERATURE (F)   51        74      1988
 MINIMUM TEMPERATURE (F)   30         7      1906


SUNRISE AND SUNSET
MARCH 24 2015.........SUNRISE   648 AM EDT   SUNSET   707 PM EDT
MARCH 25 2015.........SUNRISE   646 AM EDT   SUNSET   708 PM EDT


-  INDICATES NEGATIVE NUMBERS.
R  INDICATES RECORD WAS SET OR TIED.
MM INDICATES DATA IS MISSING.
T  INDICATES TRACE AMOUNT.




$$
