000
CDUS41 KBOX 030536
CLIBDL


CLIMATE REPORT
NATIONAL WEATHER SERVICE TAUNTON MA
135 AM EDT WED JUN 3 2015


...................................

...THE HARTFORD CT CLIMATE SUMMARY FOR JUNE 2 2015...

CLIMATE NORMAL PERIOD 1981 TO 2010
CLIMATE RECORD PERIOD 1904 TO 2015


WEATHER ITEM   OBSERVED TIME   RECORD YEAR NORMAL DEPARTURE LAST
                VALUE   (LST)  VALUE       VALUE  FROM      YEAR
                                                  NORMAL
..................................................................
TEMPERATURE (F)
 YESTERDAY
  MAXIMUM         55    617 PM  91    1961  76    -21       83
  MINIMUM         48    657 AM  42    1998  53     -5       52
                                      1993
  AVERAGE         52                        64    -12       68

PRECIPITATION (IN)
  YESTERDAY        0.69          1.90 1982   0.18   0.51     0.00
  MONTH TO DATE    2.21                      0.35   1.86     0.00
  SINCE JUN 1      2.21                      0.35   1.86     0.00
  SINCE JAN 1     15.78                     18.16  -2.38    22.01

SNOWFALL (IN)
  YESTERDAY        0.0           0.0  2002   0.0    0.0      0.0
                                      2001
                                      2000
  MONTH TO DATE    0.0                       0.0    0.0      0.0
  SINCE JUN 1      0.0                       0.0    0.0      0.0
  SINCE JUL 1     63.8                      40.5   23.3     51.1
  SNOW DEPTH       0

DEGREE DAYS
 HEATING
  YESTERDAY       13                         3     10        0
  MONTH TO DATE   27                         6     21        4
  SINCE JUN 1     27                         6     21        4
  SINCE JUL 1   6205                      5964    241     6357

 COOLING
  YESTERDAY        0                         3     -3        3
  MONTH TO DATE    0                         5     -5        3
  SINCE JUN 1      0                         5     -5        3
  SINCE JAN 1    117                        44     73       35
..................................................................


WIND (MPH)
  RESULTANT WIND SPEED   7   RESULTANT WIND DIRECTION   N (10)
  HIGHEST WIND SPEED    14   HIGHEST WIND DIRECTION    NE (40)
  HIGHEST GUST SPEED    18   HIGHEST GUST DIRECTION    NE (30)
  AVERAGE WIND SPEED     7.4


SKY COVER
  POSSIBLE SUNSHINE  MM
  AVERAGE SKY COVER 1.0


WEATHER CONDITIONS
 THE FOLLOWING WEATHER WAS RECORDED YESTERDAY.
  HEAVY RAIN
  RAIN
  LIGHT RAIN
  FOG


RELATIVE HUMIDITY (PERCENT)
 HIGHEST    93           800 AM
 LOWEST     72           400 PM
 AVERAGE    83

..........................................................


THE HARTFORD CT CLIMATE NORMALS FOR TODAY
                         NORMAL    RECORD    YEAR
 MAXIMUM TEMPERATURE (F)   76        97      1919
 MINIMUM TEMPERATURE (F)   53        37      1986


SUNRISE AND SUNSET
JUNE  3 2015..........SUNRISE   517 AM EDT   SUNSET   821 PM EDT
JUNE  4 2015..........SUNRISE   517 AM EDT   SUNSET   822 PM EDT


-  INDICATES NEGATIVE NUMBERS.
R  INDICATES RECORD WAS SET OR TIED.
MM INDICATES DATA IS MISSING.
T  INDICATES TRACE AMOUNT.




$$
