000
CDUS41 KBOX 050601
CLIBDL


CLIMATE REPORT
NATIONAL WEATHER SERVICE TAUNTON MA
101 AM EST MON DEC 5 2016


...................................

...THE HARTFORD CT CLIMATE SUMMARY FOR DECEMBER 4 2016...

CLIMATE NORMAL PERIOD 1981 TO 2010
CLIMATE RECORD PERIOD 1904 TO 2016


WEATHER ITEM   OBSERVED TIME   RECORD YEAR NORMAL DEPARTURE LAST
                VALUE   (LST)  VALUE       VALUE  FROM      YEAR
                                                  NORMAL
..................................................................
TEMPERATURE (F)
 YESTERDAY
  MAXIMUM         42    243 PM  71    1998  44     -2       50
                                      1982
  MINIMUM         28   1056 PM   2    1906  28      0       34
  AVERAGE         35                        36     -1       42

PRECIPITATION (IN)
  YESTERDAY        0.00          2.09 1968   0.13  -0.13     0.00
  MONTH TO DATE    0.30                      0.51  -0.21     0.58
  SINCE DEC 1      0.30                      0.51  -0.21     0.58
  SINCE JAN 1     30.29                     42.92 -12.63    35.54

SNOWFALL (IN)
  YESTERDAY        0.0           4.2  1907   0.1   -0.1      0.0
  MONTH TO DATE    0.0                       0.6   -0.6      0.0
  SINCE DEC 1      0.0                       0.6   -0.6      0.0
  SINCE JUL 1      1.5                       2.6   -1.1       T
  SNOW DEPTH       0

DEGREE DAYS
 HEATING
  YESTERDAY       30                        29      1       23
  MONTH TO DATE   97                       114    -17      100
  SINCE DEC 1     97                       114    -17      100
  SINCE JUL 1   1134                      1321   -187     1084

 COOLING
  YESTERDAY        0                         0      0        0
  MONTH TO DATE    0                         0      0        0
  SINCE DEC 1      0                         0      0        0
  SINCE JAN 1   1068                       756    312      964
..................................................................


WIND (MPH)
  RESULTANT WIND SPEED   6   RESULTANT WIND DIRECTION   N (340)
  HIGHEST WIND SPEED    16   HIGHEST WIND DIRECTION    NW (330)
  HIGHEST GUST SPEED    22   HIGHEST GUST DIRECTION    NW (330)
  AVERAGE WIND SPEED     6.7


SKY COVER
  POSSIBLE SUNSHINE  MM
  AVERAGE SKY COVER 0.4


WEATHER CONDITIONS
 THE FOLLOWING WEATHER WAS RECORDED YESTERDAY.
  NO SIGNIFICANT WEATHER WAS OBSERVED.


RELATIVE HUMIDITY (PERCENT)
 HIGHEST    69           900 PM
 LOWEST     39           200 PM
 AVERAGE    54

..........................................................


THE HARTFORD CT CLIMATE NORMALS FOR TODAY
                         NORMAL    RECORD    YEAR
 MAXIMUM TEMPERATURE (F)   44        68      2001
 MINIMUM TEMPERATURE (F)   27         3      1976


SUNRISE AND SUNSET
DECEMBER  5 2016......SUNRISE   703 AM EST   SUNSET   420 PM EST
DECEMBER  6 2016......SUNRISE   704 AM EST   SUNSET   419 PM EST


-  INDICATES NEGATIVE NUMBERS.
R  INDICATES RECORD WAS SET OR TIED.
MM INDICATES DATA IS MISSING.
T  INDICATES TRACE AMOUNT.




$$
