000
CDUS41 KBOX 301235
CLIBDL


CLIMATE REPORT
NATIONAL WEATHER SERVICE TAUNTON MA
835 AM EDT FRI SEP 30 2016


...................................

...THE HARTFORD CT CLIMATE SUMMARY FOR SEPTEMBER 29 2016...

CLIMATE NORMAL PERIOD 1981 TO 2010
CLIMATE RECORD PERIOD 1904 TO 2016


WEATHER ITEM   OBSERVED TIME   RECORD YEAR NORMAL DEPARTURE LAST
                VALUE   (LST)  VALUE       VALUE  FROM      YEAR
                                                  NORMAL
..................................................................
TEMPERATURE (F)
 YESTERDAY
  MAXIMUM         65    158 PM  86    1945  70     -5       85
  MINIMUM         52    918 PM  30    2000  47      5       63
                                      1957
  AVERAGE         59                        58      1       74

PRECIPITATION (IN)
  YESTERDAY        0.00          2.46 1963   0.15  -0.15     0.40
  MONTH TO DATE    2.22                      3.72  -1.50     2.83
  SINCE SEP 1      2.22                      3.72  -1.50     2.83
  SINCE JAN 1     24.56                     33.99  -9.43    28.24

SNOWFALL (IN)
  YESTERDAY        0.0           0.0  2002   0.0    0.0      0.0
                                      2001
                                      2000
  MONTH TO DATE    0.0                       0.0    0.0      0.0
  SINCE SEP 1      0.0                       0.0    0.0      0.0
  SINCE JUL 1      0.0                       0.0    0.0      0.0
  SNOW DEPTH       0

DEGREE DAYS
 HEATING
  YESTERDAY        6                         7     -1        0
  MONTH TO DATE   49                       101    -52       36
  SINCE SEP 1     49                       101    -52       36
  SINCE JUL 1     49                       113    -64       37

 COOLING
  YESTERDAY        0                         1     -1        9
  MONTH TO DATE  126                        75     51      147
  SINCE SEP 1    126                        75     51      147
  SINCE JAN 1   1056                       750    306      961
..................................................................


WIND (MPH)
  RESULTANT WIND SPEED  11   RESULTANT WIND DIRECTION  NE (40)
  HIGHEST WIND SPEED    23   HIGHEST WIND DIRECTION    NE (40)
  HIGHEST GUST SPEED    29   HIGHEST GUST DIRECTION    NE (40)
  AVERAGE WIND SPEED    11.5


SKY COVER
  POSSIBLE SUNSHINE  MM
  AVERAGE SKY COVER 0.8


WEATHER CONDITIONS
 THE FOLLOWING WEATHER WAS RECORDED YESTERDAY.
  NO SIGNIFICANT WEATHER WAS OBSERVED.


RELATIVE HUMIDITY (PERCENT)
 HIGHEST    83           900 PM
 LOWEST     48          1200 PM
 AVERAGE    66

..........................................................


THE HARTFORD CT CLIMATE NORMALS FOR TODAY
                         NORMAL    RECORD    YEAR
 MAXIMUM TEMPERATURE (F)   69        91      1986
 MINIMUM TEMPERATURE (F)   47        31      2000
                                             1951


SUNRISE AND SUNSET
SEPTEMBER 30 2016.....SUNRISE   647 AM EDT   SUNSET   633 PM EDT
OCTOBER  1 2016.......SUNRISE   648 AM EDT   SUNSET   632 PM EDT


-  INDICATES NEGATIVE NUMBERS.
R  INDICATES RECORD WAS SET OR TIED.
MM INDICATES DATA IS MISSING.
T  INDICATES TRACE AMOUNT.




$$
