000
CDUS41 KBOX 160536
CLIBDL


CLIMATE REPORT
NATIONAL WEATHER SERVICE TAUNTON MA
1236 AM EST SAT DEC 16 2017


...................................

...THE HARTFORD CT CLIMATE SUMMARY FOR DECEMBER 15 2017...

CLIMATE NORMAL PERIOD 1981 TO 2010
CLIMATE RECORD PERIOD 1904 TO 2017


WEATHER ITEM   OBSERVED TIME   RECORD YEAR NORMAL DEPARTURE LAST
                VALUE   (LST)  VALUE       VALUE  FROM      YEAR
                                                  NORMAL
..................................................................
TEMPERATURE (F)
 YESTERDAY
  MAXIMUM         23    604 PM  63    1975  40    -17       31
  MINIMUM          9    538 AM  -4    1960  24    -15       16
  AVERAGE         16                        32    -16       24

PRECIPITATION (IN)
  YESTERDAY        0.03          1.04 1972   0.11  -0.08     0.02
  MONTH TO DATE    1.25                      1.80  -0.55     1.07
  SINCE DEC 1      1.25                      1.80  -0.55     1.07
  SINCE JAN 1     44.42                     44.21   0.21    31.06

SNOWFALL (IN)
  YESTERDAY        0.3           5.1  1972   0.2    0.1      0.3
  MONTH TO DATE    6.2                       2.8    3.4      3.3
  SINCE DEC 1      6.2                       2.8    3.4      3.3
  SINCE JUL 1      6.2                       4.8    1.4      4.8
  SNOW DEPTH       2

DEGREE DAYS
 HEATING
  YESTERDAY       49                        33     16       41
  MONTH TO DATE  480                       461     19      466
  SINCE DEC 1    480                       461     19      466
  SINCE JUL 1   1471                      1668   -197     1503

 COOLING
  YESTERDAY        0                         0      0        0
  MONTH TO DATE    0                         0      0        0
  SINCE DEC 1      0                         0      0        0
  SINCE JAN 1    865                       756    109     1068
..................................................................


WIND (MPH)
  RESULTANT WIND SPEED   2   RESULTANT WIND DIRECTION   S (180)
  HIGHEST WIND SPEED     8   HIGHEST WIND DIRECTION     S (200)
  HIGHEST GUST SPEED    11   HIGHEST GUST DIRECTION     S (160)
  AVERAGE WIND SPEED     3.5


SKY COVER
  POSSIBLE SUNSHINE  MM
  AVERAGE SKY COVER 0.9


WEATHER CONDITIONS
 THE FOLLOWING WEATHER WAS RECORDED YESTERDAY.
  LIGHT SNOW
  FOG


RELATIVE HUMIDITY (PERCENT)
 HIGHEST    92           800 PM
 LOWEST     56           100 AM
 AVERAGE    74

..........................................................


THE HARTFORD CT CLIMATE NORMALS FOR TODAY
                         NORMAL    RECORD    YEAR
 MAXIMUM TEMPERATURE (F)   39        60      1971
 MINIMUM TEMPERATURE (F)   23        -4      1917


SUNRISE AND SUNSET
DECEMBER 16 2017......SUNRISE   712 AM EST   SUNSET   421 PM EST
DECEMBER 17 2017......SUNRISE   713 AM EST   SUNSET   421 PM EST


-  INDICATES NEGATIVE NUMBERS.
R  INDICATES RECORD WAS SET OR TIED.
MM INDICATES DATA IS MISSING.
T  INDICATES TRACE AMOUNT.




$$
