000
CDUS41 KBOX 040608
CLIBDL


CLIMATE REPORT
NATIONAL WEATHER SERVICE TAUNTON MA
103 AM EST THU FEB 4 2016


...................................

...THE HARTFORD CT CLIMATE SUMMARY FOR FEBRUARY 3 2016...

CLIMATE NORMAL PERIOD 1981 TO 2010
CLIMATE RECORD PERIOD 1904 TO 2016


WEATHER ITEM   OBSERVED TIME   RECORD YEAR NORMAL DEPARTURE LAST
                VALUE   (LST)  VALUE       VALUE  FROM      YEAR
                                                  NORMAL
..................................................................
TEMPERATURE (F)
 YESTERDAY
  MAXIMUM         57   1105 PM  61    1991  36     21       24
  MINIMUM         28    425 AM  -9    1961  19      9        1
  AVERAGE         43                        27     16       13

PRECIPITATION (IN)
  YESTERDAY        0.76          1.86 1970   0.10   0.66     0.00
  MONTH TO DATE    0.76                      0.31   0.45     1.02
  SINCE DEC 1      6.97                      6.98  -0.01     8.80
  SINCE JAN 1      2.72                      3.54  -0.82     4.25

SNOWFALL (IN)
  YESTERDAY        0.0           7.2  1996   0.5   -0.5      0.0
  MONTH TO DATE    0.0                       1.4   -1.4     10.8
  SINCE DEC 1      2.9                      21.1  -18.2     28.6
  SINCE JUL 1      2.9                      23.1  -20.2     33.7
  SNOW DEPTH       0

DEGREE DAYS
 HEATING
  YESTERDAY       22                        38    -16       52
  MONTH TO DATE   65                       114    -49      140
  SINCE DEC 1   1806                      2357   -551     2327
  SINCE JUL 1   2790                      3564   -774     3424

 COOLING
  YESTERDAY        0                         0      0        0
  MONTH TO DATE    0                         0      0        0
  SINCE DEC 1      0                         0      0        0
  SINCE JAN 1      0                         0      0        0
..................................................................


WIND (MPH)
  RESULTANT WIND SPEED   6   RESULTANT WIND DIRECTION   S (180)
  HIGHEST WIND SPEED    38   HIGHEST WIND DIRECTION     S (160)
  HIGHEST GUST SPEED    43   HIGHEST GUST DIRECTION     S (170)
  AVERAGE WIND SPEED     8.6


SKY COVER
  POSSIBLE SUNSHINE  MM
  AVERAGE SKY COVER 1.0


WEATHER CONDITIONS
 THE FOLLOWING WEATHER WAS RECORDED YESTERDAY.
  HEAVY RAIN
  RAIN
  LIGHT RAIN
  FOG


RELATIVE HUMIDITY (PERCENT)
 HIGHEST    96           300 PM
 LOWEST     69          1200 AM
 AVERAGE    83

..........................................................


THE HARTFORD CT CLIMATE NORMALS FOR TODAY
                         NORMAL    RECORD    YEAR
 MAXIMUM TEMPERATURE (F)   36        64      1991
 MINIMUM TEMPERATURE (F)   19        -8      1965


SUNRISE AND SUNSET
FEBRUARY  4 2016......SUNRISE   701 AM EST   SUNSET   509 PM EST
FEBRUARY  5 2016......SUNRISE   700 AM EST   SUNSET   510 PM EST


-  INDICATES NEGATIVE NUMBERS.
R  INDICATES RECORD WAS SET OR TIED.
MM INDICATES DATA IS MISSING.
T  INDICATES TRACE AMOUNT.




$$
