000
CDUS41 KBOX 270606
CLIBDL


CLIMATE REPORT
NATIONAL WEATHER SERVICE TAUNTON MA
155 AM EDT SAT SEP 27 2014


...................................

...THE HARTFORD CT CLIMATE SUMMARY FOR SEPTEMBER 26 2014...

CLIMATE NORMAL PERIOD 1981 TO 2010
CLIMATE RECORD PERIOD 1904 TO 2014


WEATHER ITEM   OBSERVED TIME   RECORD YEAR NORMAL DEPARTURE LAST
                VALUE   (LST)  VALUE       VALUE  FROM      YEAR
                                                  NORMAL
..................................................................
TEMPERATURE (F)
 YESTERDAY
  MAXIMUM         78    313 PM  93    2007  71      7       67
  MINIMUM         53    620 AM  33    1978  48      5       48
  AVERAGE         66                        60      6       58

PRECIPITATION (IN)
  YESTERDAY        T             3.07 1975   0.15  -0.15     0.00
  MONTH TO DATE    1.60                      3.27  -1.67     3.58
  SINCE SEP 1      1.60                      3.27  -1.67     3.58
  SINCE JAN 1     33.57                     33.54   0.03    41.58

SNOWFALL (IN)
  YESTERDAY        0.0           0.0  2002   0.0    0.0      0.0
                                      2001
                                      2000
  MONTH TO DATE    0.0                       0.0    0.0      0.0
  SINCE SEP 1      0.0                       0.0    0.0      0.0
  SINCE JUL 1      0.0                       0.0    0.0      0.0
  SNOW DEPTH       0

DEGREE DAYS
 HEATING
  YESTERDAY        0                         6     -6        7
  MONTH TO DATE   81                        80      1      106
  SINCE SEP 1     81                        80      1      106
  SINCE JUL 1     83                        92     -9      108

 COOLING
  YESTERDAY        1                         1      0        0
  MONTH TO DATE   86                        72     14       65
  SINCE SEP 1     86                        72     14       65
  SINCE JAN 1    745                       747     -2      889
..................................................................


WIND (MPH)
  RESULTANT WIND SPEED   5   RESULTANT WIND DIRECTION   N (10)
  HIGHEST WIND SPEED    15   HIGHEST WIND DIRECTION    NE (40)
  HIGHEST GUST SPEED    24   HIGHEST GUST DIRECTION     N (20)
  AVERAGE WIND SPEED     5.4


SKY COVER
  POSSIBLE SUNSHINE  MM
  AVERAGE SKY COVER 0.4


WEATHER CONDITIONS
 THE FOLLOWING WEATHER WAS RECORDED YESTERDAY.
  LIGHT RAIN


RELATIVE HUMIDITY (PERCENT)
 HIGHEST    89           600 AM
 LOWEST     40           300 PM
 AVERAGE    65

..........................................................


THE HARTFORD CT CLIMATE NORMALS FOR TODAY
                         NORMAL    RECORD    YEAR
 MAXIMUM TEMPERATURE (F)   71        88      1998
 MINIMUM TEMPERATURE (F)   48        30      1978
                                             1957
                                             1947


SUNRISE AND SUNSET
SEPTEMBER 27 2014.....SUNRISE   643 AM EDT   SUNSET   639 PM EDT
SEPTEMBER 28 2014.....SUNRISE   644 AM EDT   SUNSET   638 PM EDT


-  INDICATES NEGATIVE NUMBERS.
R  INDICATES RECORD WAS SET OR TIED.
MM INDICATES DATA IS MISSING.
T  INDICATES TRACE AMOUNT.




$$
