000
CDUS41 KBOX 300616
CLIBDL


CLIMATE REPORT
NATIONAL WEATHER SERVICE TAUNTON MA
205 AM EDT SAT AUG 30 2014


...................................

...THE HARTFORD CT CLIMATE SUMMARY FOR AUGUST 29 2014...

CLIMATE NORMAL PERIOD 1981 TO 2010
CLIMATE RECORD PERIOD 1904 TO 2014


WEATHER ITEM   OBSERVED TIME   RECORD YEAR NORMAL DEPARTURE LAST
                VALUE   (LST)  VALUE       VALUE  FROM      YEAR
                                                  NORMAL
..................................................................
TEMPERATURE (F)
 YESTERDAY
  MAXIMUM         78    404 PM  98    1953  81     -3       77
  MINIMUM         53    532 AM  39    1982  59     -6       66
  AVERAGE         66                        70     -4       72

PRECIPITATION (IN)
  YESTERDAY        0.00          2.19 1917   0.10  -0.10     0.01
  MONTH TO DATE    3.53                      3.73  -0.20     6.66
  SINCE JUN 1      9.73                     12.26  -2.53    21.64
  SINCE JAN 1     31.74                     30.07   1.67    37.78

SNOWFALL (IN)
  YESTERDAY        0.0           0.0  2002   0.0    0.0      0.0
                                      2001
                                      2000
  MONTH TO DATE    0.0                       0.0    0.0      0.0
  SINCE JUN 1      0.0                       0.0    0.0      0.0
  SINCE JUL 1      0.0                       0.0    0.0      0.0
  SNOW DEPTH       0

DEGREE DAYS
 HEATING
  YESTERDAY        0                         1     -1        0
  MONTH TO DATE    2                         4     -2        0
  SINCE JUN 1      8                        47    -39       35
  SINCE JUL 1      2                         7     -5        2

 COOLING
  YESTERDAY        1                         5     -4        7
  MONTH TO DATE  159                       213    -54      162
  SINCE JUN 1    611                       626    -15      750
  SINCE JAN 1    643                       665    -22      804
..................................................................


WIND (MPH)
  RESULTANT WIND SPEED   1   RESULTANT WIND DIRECTION   E (110)
  HIGHEST WIND SPEED    12   HIGHEST WIND DIRECTION    NE (60)
  HIGHEST GUST SPEED    17   HIGHEST GUST DIRECTION    NE (30)
  AVERAGE WIND SPEED     4.6


SKY COVER
  POSSIBLE SUNSHINE  MM
  AVERAGE SKY COVER 0.2


WEATHER CONDITIONS
 THE FOLLOWING WEATHER WAS RECORDED YESTERDAY.
  NO SIGNIFICANT WEATHER WAS OBSERVED.


RELATIVE HUMIDITY (PERCENT)
 HIGHEST    86           300 AM
 LOWEST     39           400 PM
 AVERAGE    63

..........................................................


THE HARTFORD CT CLIMATE NORMALS FOR TODAY
                         NORMAL    RECORD    YEAR
 MAXIMUM TEMPERATURE (F)   80        98      1973
 MINIMUM TEMPERATURE (F)   59        39      1965


SUNRISE AND SUNSET
AUGUST 30 2014........SUNRISE   614 AM EDT   SUNSET   728 PM EDT
AUGUST 31 2014........SUNRISE   615 AM EDT   SUNSET   726 PM EDT


-  INDICATES NEGATIVE NUMBERS.
R  INDICATES RECORD WAS SET OR TIED.
MM INDICATES DATA IS MISSING.
T  INDICATES TRACE AMOUNT.




$$
