000
CDUS41 KBOX 200544
CLIBDL


CLIMATE REPORT
NATIONAL WEATHER SERVICE TAUNTON MA
143 AM EDT WED MAY 20 2015


...................................

...THE HARTFORD CT CLIMATE SUMMARY FOR MAY 19 2015...

CLIMATE NORMAL PERIOD 1981 TO 2010
CLIMATE RECORD PERIOD 1904 TO 2015


WEATHER ITEM   OBSERVED TIME   RECORD YEAR NORMAL DEPARTURE LAST
                VALUE   (LST)  VALUE       VALUE  FROM      YEAR
                                                  NORMAL
..................................................................
TEMPERATURE (F)
 YESTERDAY
  MAXIMUM         77    440 PM  94    1962  72      5       70
  MINIMUM         56    722 AM  34    2009  49      7       46
  AVERAGE         67                        60      7       58

PRECIPITATION (IN)
  YESTERDAY        0.58          1.23 1999   0.15   0.43      T
  MONTH TO DATE    0.60                      2.45  -1.85     2.89
  SINCE MAR 1      6.66                      9.79  -3.13    13.07
  SINCE JAN 1     12.84                     15.91  -3.07    20.44

SNOWFALL (IN)
  YESTERDAY        0.0           0.0  2014   0.0    0.0      0.0
  MONTH TO DATE    0.0                       0.0    0.0      0.0
  SINCE MAR 1      9.0                       7.8    1.2      1.0
  SINCE JUL 1     63.8                      40.5   23.3     51.1
  SNOW DEPTH       0

DEGREE DAYS
 HEATING
  YESTERDAY        0                         6     -6        7
  MONTH TO DATE   45                       150   -105      109
  SINCE MAR 1   1503                      1465     38     1627
  SINCE JUL 1   6148                      5903    245     6306

 COOLING
  YESTERDAY        2                         1      1        0
  MONTH TO DATE   66                        12     54       20
  SINCE MAR 1     66                        18     48       21
  SINCE JAN 1     66                        18     48       21
..................................................................


WIND (MPH)
  RESULTANT WIND SPEED   8   RESULTANT WIND DIRECTION   S (170)
  HIGHEST WIND SPEED    17   HIGHEST WIND DIRECTION    NW (330)
  HIGHEST GUST SPEED    22   HIGHEST GUST DIRECTION     N (340)
  AVERAGE WIND SPEED     8.4


SKY COVER
  POSSIBLE SUNSHINE  MM
  AVERAGE SKY COVER 0.8


WEATHER CONDITIONS
 THE FOLLOWING WEATHER WAS RECORDED YESTERDAY.
  THUNDERSTORM
  HEAVY RAIN
  RAIN
  LIGHT RAIN
  FOG


RELATIVE HUMIDITY (PERCENT)
 HIGHEST    93           600 AM
 LOWEST     60          1200 AM
 AVERAGE    77

..........................................................


THE HARTFORD CT CLIMATE NORMALS FOR TODAY
                         NORMAL    RECORD    YEAR
 MAXIMUM TEMPERATURE (F)   72        99      1996
 MINIMUM TEMPERATURE (F)   49        30      2002


SUNRISE AND SUNSET
MAY 20 2015...........SUNRISE   526 AM EDT   SUNSET   809 PM EDT
MAY 21 2015...........SUNRISE   525 AM EDT   SUNSET   810 PM EDT


-  INDICATES NEGATIVE NUMBERS.
R  INDICATES RECORD WAS SET OR TIED.
MM INDICATES DATA IS MISSING.
T  INDICATES TRACE AMOUNT.




$$
