786
CDUS41 KBOX 280609
CLIBDL


CLIMATE REPORT
NATIONAL WEATHER SERVICE TAUNTON MA
159 AM EDT SUN AUG 28 2016


...................................

...THE HARTFORD CT CLIMATE SUMMARY FOR AUGUST 27 2016...

CLIMATE NORMAL PERIOD 1981 TO 2010
CLIMATE RECORD PERIOD 1904 TO 2016


WEATHER ITEM   OBSERVED TIME   RECORD YEAR NORMAL DEPARTURE LAST
                VALUE   (LST)  VALUE       VALUE  FROM      YEAR
                                                  NORMAL
..................................................................
TEMPERATURE (F)
 YESTERDAY
  MAXIMUM         88    405 PM  98    1948  81      7       78
  MINIMUM         65    456 AM  46    1989  59      6       55
                                      1940
  AVERAGE         77                        70      7       67

PRECIPITATION (IN)
  YESTERDAY        0.00          1.77 1971   0.11  -0.11     0.00
  MONTH TO DATE    4.19                      3.53   0.66     1.95
  SINCE JUN 1      8.40                     12.06  -3.66    11.71
  SINCE JAN 1     22.34                     29.87  -7.53    25.28

SNOWFALL (IN)
  YESTERDAY        0.0           0.0  2002   0.0    0.0      0.0
                                      2001
                                      2000
  MONTH TO DATE    0.0                       0.0    0.0      0.0
  SINCE JUN 1      0.0                       0.0    0.0      0.0
  SINCE JUL 1      0.0                       0.0    0.0      0.0
  SNOW DEPTH       0

DEGREE DAYS
 HEATING
  YESTERDAY        0                         1     -1        0
  MONTH TO DATE    0                         2     -2        0
  SINCE JUN 1     16                        45    -29       49
  SINCE JUL 1      0                         5     -5        1

 COOLING
  YESTERDAY       12                         6      6        2
  MONTH TO DATE  311                       202    109      253
  SINCE JUN 1    821                       615    206      669
  SINCE JAN 1    895                       654    241      786
..................................................................


WIND (MPH)
  RESULTANT WIND SPEED   1   RESULTANT WIND DIRECTION  SE (150)
  HIGHEST WIND SPEED    10   HIGHEST WIND DIRECTION     S (190)
  HIGHEST GUST SPEED    13   HIGHEST GUST DIRECTION    SW (220)
  AVERAGE WIND SPEED     4.9


SKY COVER
  POSSIBLE SUNSHINE  MM
  AVERAGE SKY COVER 0.3


WEATHER CONDITIONS
 THE FOLLOWING WEATHER WAS RECORDED YESTERDAY.
  NO SIGNIFICANT WEATHER WAS OBSERVED.


RELATIVE HUMIDITY (PERCENT)
 HIGHEST    81           300 AM
 LOWEST     36           200 PM
 AVERAGE    59

..........................................................


THE HARTFORD CT CLIMATE NORMALS FOR TODAY
                         NORMAL    RECORD    YEAR
 MAXIMUM TEMPERATURE (F)   81        99      1993
 MINIMUM TEMPERATURE (F)   59        43      1957


SUNRISE AND SUNSET
AUGUST 28 2016........SUNRISE   613 AM EDT   SUNSET   730 PM EDT
AUGUST 29 2016........SUNRISE   614 AM EDT   SUNSET   728 PM EDT


-  INDICATES NEGATIVE NUMBERS.
R  INDICATES RECORD WAS SET OR TIED.
MM INDICATES DATA IS MISSING.
T  INDICATES TRACE AMOUNT.




$$
