000
CDUS41 KBOX 200541
CLIBDL


CLIMATE REPORT
NATIONAL WEATHER SERVICE TAUNTON MA
140 AM EDT TUE JUN 20 2017


...................................

...THE HARTFORD CT CLIMATE SUMMARY FOR JUNE 19 2017...

CLIMATE NORMAL PERIOD 1981 TO 2010
CLIMATE RECORD PERIOD 1904 TO 2017


WEATHER ITEM   OBSERVED TIME   RECORD YEAR NORMAL DEPARTURE LAST
                VALUE   (LST)  VALUE       VALUE  FROM      YEAR
                                                  NORMAL
..................................................................
TEMPERATURE (F)
 YESTERDAY
  MAXIMUM         87   1158 AM  95    1995  81      6       85
  MINIMUM         69    645 PM  45    1956  59     10       53
  AVERAGE         78                        70      8       69

PRECIPITATION (IN)
  YESTERDAY        1.51          2.11 1934   0.14   1.37     0.00
  MONTH TO DATE    2.85                      3.03  -0.18     1.67
  SINCE JUN 1      2.85                      3.03  -0.18     1.67
  SINCE JAN 1     21.12                     20.84   0.28    15.61

SNOWFALL (IN)
  YESTERDAY        0.0           0.0  2016   0.0    0.0      0.0
  MONTH TO DATE    0.0                       0.0    0.0      0.0
  SINCE JUN 1      0.0                       0.0    0.0      0.0
  SINCE JUL 1     62.3                      40.5   21.8     26.9
  SNOW DEPTH       0

DEGREE DAYS
 HEATING
  YESTERDAY        0                         1     -1        0
  MONTH TO DATE   43                        36      7       16
  SINCE JUN 1     43                        36      7       16
  SINCE JUL 1   5514                      5994   -480     5060

 COOLING
  YESTERDAY       13                         5      8        4
  MONTH TO DATE   93                        72     21       67
  SINCE JUN 1     93                        72     21       67
  SINCE JAN 1    153                       111     42      141
..................................................................


WIND (MPH)
  RESULTANT WIND SPEED  13   RESULTANT WIND DIRECTION   S (180)
  HIGHEST WIND SPEED    23   HIGHEST WIND DIRECTION     W (280)
  HIGHEST GUST SPEED    32   HIGHEST GUST DIRECTION     W (290)
  AVERAGE WIND SPEED    12.7


SKY COVER
  POSSIBLE SUNSHINE  MM
  AVERAGE SKY COVER 0.9


WEATHER CONDITIONS
 THE FOLLOWING WEATHER WAS RECORDED YESTERDAY.
  THUNDERSTORM
  HEAVY RAIN
  RAIN
  LIGHT RAIN
  FOG


RELATIVE HUMIDITY (PERCENT)
 HIGHEST   100           700 PM
 LOWEST     65          1200 PM
 AVERAGE    83

..........................................................


THE HARTFORD CT CLIMATE NORMALS FOR TODAY
                         NORMAL    RECORD    YEAR
 MAXIMUM TEMPERATURE (F)   81        97      2012
 MINIMUM TEMPERATURE (F)   59        45      1918


SUNRISE AND SUNSET
JUNE 20 2017..........SUNRISE   515 AM EDT   SUNSET   829 PM EDT
JUNE 21 2017..........SUNRISE   516 AM EDT   SUNSET   830 PM EDT


-  INDICATES NEGATIVE NUMBERS.
R  INDICATES RECORD WAS SET OR TIED.
MM INDICATES DATA IS MISSING.
T  INDICATES TRACE AMOUNT.




$$
