000
CDUS41 KBOX 152233
CLIBDL


CLIMATE REPORT
NATIONAL WEATHER SERVICE TAUNTON MA
626 PM EDT THU JUN 15 2017


...................................

...THE HARTFORD CT CLIMATE SUMMARY FOR JUNE 15 2017...
VALID AS OF 0600 PM LOCAL TIME.

CLIMATE NORMAL PERIOD 1981 TO 2010
CLIMATE RECORD PERIOD 1904 TO 2017


WEATHER ITEM   OBSERVED TIME   RECORD YEAR NORMAL DEPARTURE LAST
                VALUE   (LST)  VALUE       VALUE  FROM      YEAR
                                                  NORMAL
..................................................................
TEMPERATURE (F)
 TODAY
  MAXIMUM         78    326 PM  97    1988  80     -2       85
  MINIMUM         52    411 AM  41    1953  57     -5       57
  AVERAGE         65                        69     -4       71

PRECIPITATION (IN)
  TODAY            0.00          1.94 2015   0.15  -0.15     0.00
  MONTH TO DATE    1.19                      2.47  -1.28     1.67
  SINCE JUN 1      1.19                      2.47  -1.28     1.67
  SINCE JAN 1     19.46                     20.28  -0.82    15.61

SNOWFALL (IN)
  TODAY            0.0           0.0  2002   0.0    0.0      0.0
                                      2001
                                      2000
  MONTH TO DATE    0.0                       0.0    0.0      0.0
  SINCE JUN 1      0.0                       0.0    0.0      0.0
  SINCE JUL 1     62.3                      40.5   21.8     26.9
  SNOW DEPTH       0

DEGREE DAYS
 HEATING
  TODAY            0                         1     -1        0
  MONTH TO DATE   43                        32     11       16
  SINCE JUN 1     43                        32     11       16
  SINCE JUL 1   5514                      5990   -476     5060

 COOLING
  TODAY            0                         5     -5        6
  MONTH TO DATE   60                        52      8       43
  SINCE JUN 1     60                        52      8       43
  SINCE JAN 1    120                        91     29      117
..................................................................


WIND (MPH)
  HIGHEST WIND SPEED    17   HIGHEST WIND DIRECTION     S (160)
  HIGHEST GUST SPEED    27   HIGHEST GUST DIRECTION     S (170)
  AVERAGE WIND SPEED     8.6


SKY COVER
  POSSIBLE SUNSHINE  MM
  AVERAGE SKY COVER 0.5


WEATHER CONDITIONS
 THE FOLLOWING WEATHER WAS RECORDED TODAY.
  NO SIGNIFICANT WEATHER WAS OBSERVED.


RELATIVE HUMIDITY (PERCENT)
 HIGHEST    96           400 AM
 LOWEST     31           400 PM
 AVERAGE    64

..........................................................


THE HARTFORD CT CLIMATE NORMALS FOR TOMORROW
                         NORMAL    RECORD    YEAR
 MAXIMUM TEMPERATURE (F)   80        96      1967
                                             1957
 MINIMUM TEMPERATURE (F)   58        39      1961


SUNRISE AND SUNSET
JUNE 15 2017..........SUNRISE   515 AM EDT   SUNSET   828 PM EDT
JUNE 16 2017..........SUNRISE   515 AM EDT   SUNSET   828 PM EDT


-  INDICATES NEGATIVE NUMBERS.
R  INDICATES RECORD WAS SET OR TIED.
MM INDICATES DATA IS MISSING.
T  INDICATES TRACE AMOUNT.




$$
