000
CDUS41 KBOX 122229
CLIBDL


CLIMATE REPORT
NATIONAL WEATHER SERVICE TAUNTON MA
629 PM EDT THU OCT 12 2017


...................................

...THE HARTFORD CT CLIMATE SUMMARY FOR OCTOBER 12 2017...
VALID AS OF 0600 PM LOCAL TIME.

CLIMATE NORMAL PERIOD 1981 TO 2010
CLIMATE RECORD PERIOD 1904 TO 2017


WEATHER ITEM   OBSERVED TIME   RECORD YEAR NORMAL DEPARTURE LAST
                VALUE   (LST)  VALUE       VALUE  FROM      YEAR
                                                  NORMAL
..................................................................
TEMPERATURE (F)
 TODAY
  MAXIMUM         64    300 PM  88    1954  65     -1       68
                                      1928
  MINIMUM         50        MM  24    1964  42      8       37
  AVERAGE         57                        53      4       53

PRECIPITATION (IN)
  TODAY            0.17          2.01 1983   0.15   0.02     0.00
  MONTH TO DATE    0.89                      1.81  -0.92     0.45
  SINCE SEP 1      3.14                      5.69  -2.55     2.87
  SINCE JAN 1     34.25                     35.96  -1.71    25.21

SNOWFALL (IN)
  TODAY            0.0           0.0  2009   0.0    0.0      0.0
                                      2008
                                      2007
  MONTH TO DATE    0.0                       0.0    0.0      0.0
  SINCE SEP 1      0.0                       0.0    0.0      0.0
  SINCE JUL 1      0.0                       0.0    0.0      0.0
  SNOW DEPTH       0

DEGREE DAYS
 HEATING
  TODAY            8                        12     -4       12
  MONTH TO DATE   40                       121    -81      114
  SINCE SEP 1     99                       231   -132      172
  SINCE JUL 1    115                       243   -128      172

 COOLING
  TODAY            0                         0      0        0
  MONTH TO DATE   28                         5     23        0
  SINCE SEP 1    170                        79     91      126
  SINCE JAN 1    857                       754    103     1056
..................................................................


WIND (MPH)
  HIGHEST WIND SPEED    17   HIGHEST WIND DIRECTION    NE (50)
  HIGHEST GUST SPEED    22   HIGHEST GUST DIRECTION    NE (30)
  AVERAGE WIND SPEED    11.6


SKY COVER
  POSSIBLE SUNSHINE  MM
  AVERAGE SKY COVER 0.6


WEATHER CONDITIONS
 THE FOLLOWING WEATHER WAS RECORDED TODAY.
  RAIN
  LIGHT RAIN
  FOG


RELATIVE HUMIDITY (PERCENT)
 HIGHEST    93           300 AM
 LOWEST     37           300 PM
 AVERAGE    65

..........................................................


THE HARTFORD CT CLIMATE NORMALS FOR TOMORROW
                         NORMAL    RECORD    YEAR
 MAXIMUM TEMPERATURE (F)   64        87      1954
 MINIMUM TEMPERATURE (F)   42        27      2012


SUNRISE AND SUNSET
OCTOBER 12 2017.......SUNRISE   700 AM EDT   SUNSET   614 PM EDT
OCTOBER 13 2017.......SUNRISE   701 AM EDT   SUNSET   612 PM EDT


-  INDICATES NEGATIVE NUMBERS.
R  INDICATES RECORD WAS SET OR TIED.
MM INDICATES DATA IS MISSING.
T  INDICATES TRACE AMOUNT.




$$
