000
CDUS41 KBOX 200552
CLIBDL


CLIMATE REPORT
NATIONAL WEATHER SERVICE TAUNTON MA
1241 AM EST SAT JAN 20 2018


...................................

...THE HARTFORD CT CLIMATE SUMMARY FOR JANUARY 19 2018...

CLIMATE NORMAL PERIOD 1981 TO 2010
CLIMATE RECORD PERIOD 1904 TO 2018


WEATHER ITEM   OBSERVED TIME   RECORD YEAR NORMAL DEPARTURE LAST
                VALUE   (LST)  VALUE       VALUE  FROM      YEAR
                                                  NORMAL
..................................................................
TEMPERATURE (F)
 YESTERDAY
  MAXIMUM         38    256 PM  60    1951  34      4       49
                                      1929
  MINIMUM         17    705 AM -16    1948  17      0       33
  AVERAGE         28                        26      2       41

PRECIPITATION (IN)
  YESTERDAY        0.00          1.95 1936   0.10  -0.10      T
  MONTH TO DATE    2.90                      1.96   0.94     2.02
  SINCE DEC 1      5.31                      5.40  -0.09     4.75
  SINCE JAN 1      2.90                      1.96   0.94     2.02

SNOWFALL (IN)
  YESTERDAY        0.0           7.7  1936   0.4   -0.4       T
  MONTH TO DATE   13.2                       7.4    5.8      4.1
  SINCE DEC 1     23.0                      14.8    8.2     14.3
  SINCE JUL 1     23.0                      16.8    6.2     15.8
  SNOW DEPTH       2

DEGREE DAYS
 HEATING
  YESTERDAY       37                        39     -2       24
  MONTH TO DATE  839                       738    101      650
  SINCE DEC 1   1998                      1775    223     1660
  SINCE JUL 1   2989                      2982      7     2697

 COOLING
  YESTERDAY        0                         0      0        0
  MONTH TO DATE    0                         0      0        0
  SINCE DEC 1      0                         0      0        0
  SINCE JAN 1      0                         0      0        0
..................................................................


WIND (MPH)
  RESULTANT WIND SPEED   4   RESULTANT WIND DIRECTION  SW (230)
  HIGHEST WIND SPEED    12   HIGHEST WIND DIRECTION    SW (230)
  HIGHEST GUST SPEED    13   HIGHEST GUST DIRECTION     W (280)
  AVERAGE WIND SPEED     5.7


SKY COVER
  POSSIBLE SUNSHINE  MM
  AVERAGE SKY COVER 0.7


WEATHER CONDITIONS
 THE FOLLOWING WEATHER WAS RECORDED YESTERDAY.
  NO SIGNIFICANT WEATHER WAS OBSERVED.


RELATIVE HUMIDITY (PERCENT)
 HIGHEST    84           500 AM
 LOWEST     44           300 PM
 AVERAGE    64

..........................................................


THE HARTFORD CT CLIMATE NORMALS FOR TODAY
                         NORMAL    RECORD    YEAR
 MAXIMUM TEMPERATURE (F)   34        60      1951
 MINIMUM TEMPERATURE (F)   17       -13      1971


SUNRISE AND SUNSET
JANUARY 20 2018.......SUNRISE   713 AM EST   SUNSET   451 PM EST
JANUARY 21 2018.......SUNRISE   713 AM EST   SUNSET   452 PM EST


-  INDICATES NEGATIVE NUMBERS.
R  INDICATES RECORD WAS SET OR TIED.
MM INDICATES DATA IS MISSING.
T  INDICATES TRACE AMOUNT.




$$
