000
CDUS41 KBOX 060526
CLIBDL


CLIMATE REPORT
NATIONAL WEATHER SERVICE TAUNTON MA
125 AM EDT FRI OCT 6 2017


...................................

...THE HARTFORD CT CLIMATE SUMMARY FOR OCTOBER 5 2017...

CLIMATE NORMAL PERIOD 1981 TO 2010
CLIMATE RECORD PERIOD 1904 TO 2017


WEATHER ITEM   OBSERVED TIME   RECORD YEAR NORMAL DEPARTURE LAST
                VALUE   (LST)  VALUE       VALUE  FROM      YEAR
                                                  NORMAL
..................................................................
TEMPERATURE (F)
 YESTERDAY
  MAXIMUM         83    156 PM  88    1941  67     16       70
  MINIMUM         59    612 AM  29    1996  45     14       42
                                      1974
  AVERAGE         71                        56     15       56

PRECIPITATION (IN)
  YESTERDAY        0.00          2.12 1962   0.15  -0.15     0.00
  MONTH TO DATE    0.00                      0.75  -0.75     0.06
  SINCE SEP 1      2.25                      4.63  -2.38     2.48
  SINCE JAN 1     33.36                     34.90  -1.54    24.82

SNOWFALL (IN)
  YESTERDAY        0.0           0.0  2009   0.0    0.0      0.0
                                      2008
                                      2007
  MONTH TO DATE    0.0                       0.0    0.0      0.0
  SINCE SEP 1      0.0                       0.0    0.0      0.0
  SINCE JUL 1      0.0                       0.0    0.0      0.0
  SNOW DEPTH       0

DEGREE DAYS
 HEATING
  YESTERDAY        0                        10    -10        9
  MONTH TO DATE   30                        44    -14       38
  SINCE SEP 1     89                       154    -65       96
  SINCE JUL 1    105                       166    -61       96

 COOLING
  YESTERDAY        6                         1      5        0
  MONTH TO DATE    6                         5      1        0
  SINCE SEP 1    148                        79     69      126
  SINCE JAN 1    835                       754     81     1056
..................................................................


WIND (MPH)
  RESULTANT WIND SPEED   6   RESULTANT WIND DIRECTION  SW (210)
  HIGHEST WIND SPEED    15   HIGHEST WIND DIRECTION    SW (230)
  HIGHEST GUST SPEED    23   HIGHEST GUST DIRECTION    SW (240)
  AVERAGE WIND SPEED     7.7


SKY COVER
  POSSIBLE SUNSHINE  MM
  AVERAGE SKY COVER 0.6


WEATHER CONDITIONS
 THE FOLLOWING WEATHER WAS RECORDED YESTERDAY.
  NO SIGNIFICANT WEATHER WAS OBSERVED.


RELATIVE HUMIDITY (PERCENT)
 HIGHEST    90           300 AM
 LOWEST     47           200 PM
 AVERAGE    69

..........................................................


THE HARTFORD CT CLIMATE NORMALS FOR TODAY
                         NORMAL    RECORD    YEAR
 MAXIMUM TEMPERATURE (F)   67        89      2007
 MINIMUM TEMPERATURE (F)   44        24      1984


SUNRISE AND SUNSET
OCTOBER  6 2017.......SUNRISE   653 AM EDT   SUNSET   624 PM EDT
OCTOBER  7 2017.......SUNRISE   654 AM EDT   SUNSET   622 PM EDT


-  INDICATES NEGATIVE NUMBERS.
R  INDICATES RECORD WAS SET OR TIED.
MM INDICATES DATA IS MISSING.
T  INDICATES TRACE AMOUNT.




$$
