000
CDUS41 KBOX 150539
CLIBDL


CLIMATE REPORT
NATIONAL WEATHER SERVICE TAUNTON MA
1239 AM EST WED NOV 15 2017


...................................

...THE HARTFORD CT CLIMATE SUMMARY FOR NOVEMBER 14 2017...

CLIMATE NORMAL PERIOD 1981 TO 2010
CLIMATE RECORD PERIOD 1904 TO 2017


WEATHER ITEM   OBSERVED TIME   RECORD YEAR NORMAL DEPARTURE LAST
                VALUE   (LST)  VALUE       VALUE  FROM      YEAR
                                                  NORMAL
..................................................................
TEMPERATURE (F)
 YESTERDAY
  MAXIMUM         40    344 PM  74    1973  52    -12       65
  MINIMUM         29   1159 PM  15    1986  34     -5       28
  AVERAGE         35                        43     -8       47

PRECIPITATION (IN)
  YESTERDAY        0.05          1.87 1972   0.13  -0.08     0.00
  MONTH TO DATE    0.24                      1.76  -1.52     0.01
  SINCE SEP 1     11.26                     10.01   1.25     4.60
  SINCE JAN 1     42.37                     40.28   2.09    26.94

SNOWFALL (IN)
  YESTERDAY        T             0.3  1972   0.1   -0.1      0.0
  MONTH TO DATE    T                         0.6   -0.6      0.0
  SINCE SEP 1      T                         0.6   -0.6      1.5
  SINCE JUL 1      T                         0.6   -0.6      1.5
  SNOW DEPTH       0

DEGREE DAYS
 HEATING
  YESTERDAY       30                        22      8       18
  MONTH TO DATE  313                       279     34      250
  SINCE SEP 1    558                       796   -238      659
  SINCE JUL 1    574                       808   -234      659

 COOLING
  YESTERDAY        0                         0      0        0
  MONTH TO DATE    0                         0      0        0
  SINCE SEP 1    178                        81     97      138
  SINCE JAN 1    865                       756    109     1068
..................................................................


WIND (MPH)
  RESULTANT WIND SPEED   7   RESULTANT WIND DIRECTION   N (0)
  HIGHEST WIND SPEED    12   HIGHEST WIND DIRECTION     N (10)
  HIGHEST GUST SPEED    17   HIGHEST GUST DIRECTION     N (10)
  AVERAGE WIND SPEED     6.7


SKY COVER
  POSSIBLE SUNSHINE  MM
  AVERAGE SKY COVER 1.0


WEATHER CONDITIONS
 THE FOLLOWING WEATHER WAS RECORDED YESTERDAY.
  LIGHT RAIN
  LIGHT SNOW
  FOG


RELATIVE HUMIDITY (PERCENT)
 HIGHEST    92           500 AM
 LOWEST     70           300 PM
 AVERAGE    81

..........................................................


THE HARTFORD CT CLIMATE NORMALS FOR TODAY
                         NORMAL    RECORD    YEAR
 MAXIMUM TEMPERATURE (F)   52        78      1993
 MINIMUM TEMPERATURE (F)   34        17      1933
                                             1905


SUNRISE AND SUNSET
NOVEMBER 15 2017......SUNRISE   641 AM EST   SUNSET   430 PM EST
NOVEMBER 16 2017......SUNRISE   642 AM EST   SUNSET   429 PM EST


-  INDICATES NEGATIVE NUMBERS.
R  INDICATES RECORD WAS SET OR TIED.
MM INDICATES DATA IS MISSING.
T  INDICATES TRACE AMOUNT.




$$
