001
CDUS41 KBOX 200559
CLIBDL


CLIMATE REPORT
NATIONAL WEATHER SERVICE TAUNTON MA
158 AM EDT WED JUL 20 2016


...................................

...THE HARTFORD CT CLIMATE SUMMARY FOR JULY 19 2016...

CLIMATE NORMAL PERIOD 1981 TO 2010
CLIMATE RECORD PERIOD 1904 TO 2016


WEATHER ITEM   OBSERVED TIME   RECORD YEAR NORMAL DEPARTURE LAST
                VALUE   (LST)  VALUE       VALUE  FROM      YEAR
                                                  NORMAL
..................................................................
TEMPERATURE (F)
 YESTERDAY
  MAXIMUM         84    115 PM 100    1991  85     -1       92
  MINIMUM         61   1139 PM  51    1956  63     -2       70
  AVERAGE         73                        74     -1       81

PRECIPITATION (IN)
  YESTERDAY        0.00          1.79 1935   0.14  -0.14     0.00
  MONTH TO DATE    1.17                      2.44  -1.27     2.35
  SINCE JUN 1      3.18                      6.79  -3.61     9.03
  SINCE JAN 1     17.12                     24.60  -7.48    22.60

SNOWFALL (IN)
  YESTERDAY        0.0           0.0  2002   0.0    0.0      0.0
                                      2001
                                      2000
  MONTH TO DATE    0.0                       0.0    0.0      0.0
  SINCE JUN 1      0.0                       0.0    0.0      0.0
  SINCE JUL 1      0.0                       0.0    0.0      0.0
  SNOW DEPTH       0

DEGREE DAYS
 HEATING
  YESTERDAY        0                         0      0        0
  MONTH TO DATE    0                         0      0        1
  SINCE JUN 1     16                        40    -24       49
  SINCE JUL 1      0                         0      0        1

 COOLING
  YESTERDAY        8                         9     -1       16
  MONTH TO DATE  198                       163     35      149
  SINCE JUN 1    347                       307     40      281
  SINCE JAN 1    421                       346     75      398
..................................................................


WIND (MPH)
  RESULTANT WIND SPEED   8   RESULTANT WIND DIRECTION  NW (310)
  HIGHEST WIND SPEED    22   HIGHEST WIND DIRECTION    NW (300)
  HIGHEST GUST SPEED    28   HIGHEST GUST DIRECTION    NW (310)
  AVERAGE WIND SPEED     9.1


SKY COVER
  POSSIBLE SUNSHINE  MM
  AVERAGE SKY COVER 0.6


WEATHER CONDITIONS
 THE FOLLOWING WEATHER WAS RECORDED YESTERDAY.
  NO SIGNIFICANT WEATHER WAS OBSERVED.


RELATIVE HUMIDITY (PERCENT)
 HIGHEST    84           200 AM
 LOWEST     28           100 PM
 AVERAGE    56

..........................................................


THE HARTFORD CT CLIMATE NORMALS FOR TODAY
                         NORMAL    RECORD    YEAR
 MAXIMUM TEMPERATURE (F)   85       100      1991
 MINIMUM TEMPERATURE (F)   63        50      1929


SUNRISE AND SUNSET
JULY 20 2016..........SUNRISE   533 AM EDT   SUNSET   820 PM EDT
JULY 21 2016..........SUNRISE   534 AM EDT   SUNSET   820 PM EDT


-  INDICATES NEGATIVE NUMBERS.
R  INDICATES RECORD WAS SET OR TIED.
MM INDICATES DATA IS MISSING.
T  INDICATES TRACE AMOUNT.




$$
