255
CDUS41 KBOX 161112
CLIBDL


CLIMATE REPORT
NATIONAL WEATHER SERVICE TAUNTON MA
601 AM EST FRI FEB 16 2018


...................................

...THE HARTFORD CT CLIMATE SUMMARY FOR FEBRUARY 15 2018...

CLIMATE NORMAL PERIOD 1981 TO 2010
CLIMATE RECORD PERIOD 1904 TO 2018


WEATHER ITEM   OBSERVED TIME   RECORD YEAR NORMAL DEPARTURE LAST
                VALUE   (LST)  VALUE       VALUE  FROM      YEAR
                                                  NORMAL
..................................................................
TEMPERATURE (F)
 YESTERDAY
  MAXIMUM         50    304 PM  69    1954  39     11       44
  MINIMUM         33   1235 AM -18    1943  21     12       20
  AVERAGE         42                        30     12       32

PRECIPITATION (IN)
  YESTERDAY        0.03          1.22 1953   0.11  -0.08     0.03
  MONTH TO DATE    3.23                      1.53   1.70     2.09
  SINCE DEC 1      9.50                      8.20   1.30     8.31
  SINCE JAN 1      7.09                      4.76   2.33     5.58

SNOWFALL (IN)
  YESTERDAY        0.0           5.0  1922   0.4   -0.4      0.0
  MONTH TO DATE    2.4                       6.5   -4.1     22.6
  SINCE DEC 1     25.9                      26.2   -0.3     41.2
  SINCE JUL 1     25.9                      28.2   -2.3     42.7
  SNOW DEPTH       0

DEGREE DAYS
 HEATING
  YESTERDAY       23                        35    -12       33
  MONTH TO DATE  522                       551    -29      549
  SINCE DEC 1   2908                      2794    114     2552
  SINCE JUL 1   3899                      4001   -102     3589

 COOLING
  YESTERDAY        0                         0      0        0
  MONTH TO DATE    0                         0      0        0
  SINCE DEC 1      0                         0      0        0
  SINCE JAN 1      0                         0      0        0
..................................................................


WIND (MPH)
  RESULTANT WIND SPEED   6   RESULTANT WIND DIRECTION   S (180)
  HIGHEST WIND SPEED    15   HIGHEST WIND DIRECTION     S (180)
  HIGHEST GUST SPEED    17   HIGHEST GUST DIRECTION     S (170)
  AVERAGE WIND SPEED     6.4


SKY COVER
  POSSIBLE SUNSHINE  MM
  AVERAGE SKY COVER 1.0


WEATHER CONDITIONS
 THE FOLLOWING WEATHER WAS RECORDED YESTERDAY.
  LIGHT RAIN
  FOG


RELATIVE HUMIDITY (PERCENT)
 HIGHEST   100           500 AM
 LOWEST     86           300 PM
 AVERAGE    93

..........................................................


THE HARTFORD CT CLIMATE NORMALS FOR TODAY
                         NORMAL    RECORD    YEAR
 MAXIMUM TEMPERATURE (F)   39        72      1954
 MINIMUM TEMPERATURE (F)   21       -24      1943


SUNRISE AND SUNSET
FEBRUARY 16 2018......SUNRISE   645 AM EST   SUNSET   525 PM EST
FEBRUARY 17 2018......SUNRISE   644 AM EST   SUNSET   526 PM EST


-  INDICATES NEGATIVE NUMBERS.
R  INDICATES RECORD WAS SET OR TIED.
MM INDICATES DATA IS MISSING.
T  INDICATES TRACE AMOUNT.




$$
