000
CDUS41 KBOX 152141
CLIBDL


CLIMATE REPORT
NATIONAL WEATHER SERVICE TAUNTON MA
539 PM EDT FRI SEP 15 2017


...................................

...THE HARTFORD CT CLIMATE SUMMARY FOR SEPTEMBER 15 2017...
VALID TODAY AS OF 0500 PM LOCAL TIME.

CLIMATE NORMAL PERIOD 1981 TO 2010
CLIMATE RECORD PERIOD 1904 TO 2017


WEATHER ITEM   OBSERVED TIME   RECORD YEAR NORMAL DEPARTURE LAST
                VALUE   (LST)  VALUE       VALUE  FROM      YEAR
                                                  NORMAL
..................................................................
TEMPERATURE (F)
 TODAY
  MAXIMUM         84    328 PM  90    1915  75      9       73
  MINIMUM         65    615 AM  35    1975  53     12       51
  AVERAGE         75                        64     11       62

PRECIPITATION (IN)
  TODAY            0.00          1.83 1933   0.13  -0.13     0.00
  MONTH TO DATE    2.18                      1.72   0.46     0.98
  SINCE SEP 1      2.18                      1.72   0.46     0.98
  SINCE JAN 1     33.29                     31.99   1.30    23.32

SNOWFALL (IN)
  TODAY            0.0           0.0  2002   0.0    0.0      0.0
                                      2001
                                      2000
  MONTH TO DATE    0.0                       0.0    0.0      0.0
  SINCE SEP 1      0.0                       0.0    0.0      0.0
  SINCE JUL 1      0.0                       0.0    0.0      0.0
  SNOW DEPTH       0

DEGREE DAYS
 HEATING
  TODAY            0                         3     -3        3
  MONTH TO DATE   39                        28     11        4
  SINCE SEP 1     39                        28     11        4
  SINCE JUL 1     55                        40     15        4

 COOLING
  TODAY           10                         2      8        0
  MONTH TO DATE   38                        55    -17       93
  SINCE SEP 1     38                        55    -17       93
  SINCE JAN 1    725                       730     -5     1023
..................................................................


WIND (MPH)
  HIGHEST WIND SPEED    15   HIGHEST WIND DIRECTION     S (190)
  HIGHEST GUST SPEED    17   HIGHEST GUST DIRECTION     S (190)
  AVERAGE WIND SPEED     3.2


SKY COVER
  POSSIBLE SUNSHINE  MM
  AVERAGE SKY COVER 0.7


WEATHER CONDITIONS
 THE FOLLOWING WEATHER WAS RECORDED TODAY.
  FOG


RELATIVE HUMIDITY (PERCENT)
 HIGHEST   100           400 AM
 LOWEST     51           200 PM
 AVERAGE    76

..........................................................


THE HARTFORD CT CLIMATE NORMALS FOR TOMORROW
                         NORMAL    RECORD    YEAR
 MAXIMUM TEMPERATURE (F)   75        92      1991
                                             1941
                                             1915
 MINIMUM TEMPERATURE (F)   53        33      1964


SUNRISE AND SUNSET
SEPTEMBER 15 2017.....SUNRISE   631 AM EDT   SUNSET   700 PM EDT
SEPTEMBER 16 2017.....SUNRISE   632 AM EDT   SUNSET   658 PM EDT


-  INDICATES NEGATIVE NUMBERS.
R  INDICATES RECORD WAS SET OR TIED.
MM INDICATES DATA IS MISSING.
T  INDICATES TRACE AMOUNT.




$$
