000
CDUS41 KBOX 312136
CLIBDL


CLIMATE REPORT
NATIONAL WEATHER SERVICE TAUNTON MA
536 PM EDT MON AUG 31 2015


...................................

...THE HARTFORD CT CLIMATE SUMMARY FOR AUGUST 31 2015...
VALID AS OF 0500 PM LOCAL TIME.

CLIMATE NORMAL PERIOD 1981 TO 2010
CLIMATE RECORD PERIOD 1904 TO 2015


WEATHER ITEM   OBSERVED TIME   RECORD YEAR NORMAL DEPARTURE LAST
                VALUE   (LST)  VALUE       VALUE  FROM      YEAR
                                                  NORMAL
..................................................................
TEMPERATURE (F)
 TODAY
  MAXIMUM         90    240 PM  98    1953  80     10       86
  MINIMUM         64    508 AM  36    1965  58      6       71
  AVERAGE         77                        69      8       79

PRECIPITATION (IN)
  TODAY            0.00          2.36 1954   0.10  -0.10     0.23
  MONTH TO DATE    2.08                      3.93  -1.85     3.76
  SINCE JUN 1     11.84                     12.46  -0.62     9.96
  SINCE JAN 1     25.41                     30.27  -4.86    31.97

SNOWFALL (IN)
  TODAY            0.0           0.0  2002   0.0    0.0      0.0
                                      2001
                                      2000
  MONTH TO DATE    0.0                       0.0    0.0      0.0
  SINCE JUN 1      0.0                       0.0    0.0      0.0
  SINCE JUL 1      0.0                       0.0    0.0      0.0
  SNOW DEPTH       0

DEGREE DAYS
 HEATING
  TODAY            0                         1     -1        0
  MONTH TO DATE    0                         6     -6        2
  SINCE JUN 1     49                        52     -3        8
  SINCE JUL 1      1                        12    -11        2

 COOLING
  TODAY           12                         5      7       14
  MONTH TO DATE  281                       223     58      175
  SINCE JUN 1    697                       636     61      627
  SINCE JAN 1    814                       675    139      659
..................................................................


WIND (MPH)
  HIGHEST WIND SPEED    14   HIGHEST WIND DIRECTION     W (280)
  HIGHEST GUST SPEED    18   HIGHEST GUST DIRECTION    NW (310)
  AVERAGE WIND SPEED     4.6


SKY COVER
  POSSIBLE SUNSHINE  MM
  AVERAGE SKY COVER 0.7


WEATHER CONDITIONS
 THE FOLLOWING WEATHER WAS RECORDED TODAY.
  FOG
  HAZE


RELATIVE HUMIDITY (PERCENT)
 HIGHEST   100           500 AM
 LOWEST     44           300 PM
 AVERAGE    72

..........................................................


THE HARTFORD CT CLIMATE NORMALS FOR TOMORROW
                         NORMAL    RECORD    YEAR
 MAXIMUM TEMPERATURE (F)   80        96      2010
                                             1961
 MINIMUM TEMPERATURE (F)   58        44      1975


SUNRISE AND SUNSET
AUGUST 31 2015........SUNRISE   615 AM EDT   SUNSET   726 PM EDT
SEPTEMBER  1 2015.....SUNRISE   616 AM EDT   SUNSET   725 PM EDT


-  INDICATES NEGATIVE NUMBERS.
R  INDICATES RECORD WAS SET OR TIED.
MM INDICATES DATA IS MISSING.
T  INDICATES TRACE AMOUNT.




$$
