000
CDUS41 KBOX 070546
CLIBDL


CLIMATE REPORT
NATIONAL WEATHER SERVICE TAUNTON MA
1235 AM EST WED DEC 7 2016


...................................

...THE HARTFORD CT CLIMATE SUMMARY FOR DECEMBER 6 2016...

CLIMATE NORMAL PERIOD 1981 TO 2010
CLIMATE RECORD PERIOD 1904 TO 2016


WEATHER ITEM   OBSERVED TIME   RECORD YEAR NORMAL DEPARTURE LAST
                VALUE   (LST)  VALUE       VALUE  FROM      YEAR
                                                  NORMAL
..................................................................
TEMPERATURE (F)
 YESTERDAY
  MAXIMUM         46    111 PM  74    2001  43      3       55
  MINIMUM         27    542 AM   8    1976  27      0       23
  AVERAGE         37                        35      2       39

PRECIPITATION (IN)
  YESTERDAY        0.02          1.37 1945   0.12  -0.10     0.00
  MONTH TO DATE    0.36                      0.75  -0.39     0.58
  SINCE DEC 1      0.36                      0.75  -0.39     0.58
  SINCE JAN 1     30.35                     43.16 -12.81    35.54

SNOWFALL (IN)
  YESTERDAY        T            12.5  2003   0.2   -0.2      0.0
  MONTH TO DATE    0.4                       1.0   -0.6      0.0
  SINCE DEC 1      0.4                       1.0   -0.6      0.0
  SINCE JUL 1      1.9                       3.0   -1.1       T
  SNOW DEPTH       0

DEGREE DAYS
 HEATING
  YESTERDAY       28                        30     -2       26
  MONTH TO DATE  154                       174    -20      151
  SINCE DEC 1    154                       174    -20      151
  SINCE JUL 1   1191                      1381   -190     1135

 COOLING
  YESTERDAY        0                         0      0        0
  MONTH TO DATE    0                         0      0        0
  SINCE DEC 1      0                         0      0        0
  SINCE JAN 1   1068                       756    312      964
..................................................................


WIND (MPH)
  RESULTANT WIND SPEED   2   RESULTANT WIND DIRECTION   N (10)
  HIGHEST WIND SPEED    12   HIGHEST WIND DIRECTION    SE (150)
  HIGHEST GUST SPEED    14   HIGHEST GUST DIRECTION    SE (150)
  AVERAGE WIND SPEED     4.9


SKY COVER
  POSSIBLE SUNSHINE  MM
  AVERAGE SKY COVER 0.6


WEATHER CONDITIONS
 THE FOLLOWING WEATHER WAS RECORDED YESTERDAY.
  LIGHT RAIN
  SNOW


RELATIVE HUMIDITY (PERCENT)
 HIGHEST    92           700 AM
 LOWEST     45          1200 PM
 AVERAGE    69

..........................................................


THE HARTFORD CT CLIMATE NORMALS FOR TODAY
                         NORMAL    RECORD    YEAR
 MAXIMUM TEMPERATURE (F)   43        76      1998
 MINIMUM TEMPERATURE (F)   27        -1      1964


SUNRISE AND SUNSET
DECEMBER  7 2016......SUNRISE   705 AM EST   SUNSET   419 PM EST
DECEMBER  8 2016......SUNRISE   706 AM EST   SUNSET   419 PM EST


-  INDICATES NEGATIVE NUMBERS.
R  INDICATES RECORD WAS SET OR TIED.
MM INDICATES DATA IS MISSING.
T  INDICATES TRACE AMOUNT.




$$
