000
CDUS41 KBOX 151649
CLIBDL


CLIMATE REPORT
NATIONAL WEATHER SERVICE TAUNTON MA
1240 PM EDT WED MAR 15 2017


...................................

...THE HARTFORD CT CLIMATE SUMMARY FOR MARCH 14 2017...

CLIMATE NORMAL PERIOD 1981 TO 2010
CLIMATE RECORD PERIOD 1904 TO 2017


WEATHER ITEM   OBSERVED TIME   RECORD YEAR NORMAL DEPARTURE LAST
                VALUE   (LST)  VALUE       VALUE  FROM      YEAR
                                                  NORMAL
..................................................................
TEMPERATURE (F)
 YESTERDAY
  MAXIMUM         30    142 PM  78    1946  47    -17       50
  MINIMUM         20   1159 PM   7    1948  27     -7       38
                                      1941
  AVERAGE         25                        37    -12       44

PRECIPITATION (IN)
  YESTERDAY        1.54R         1.54 2017   0.11   1.43     0.45
  MONTH TO DATE    1.89                      1.54   0.35     1.04
  SINCE MAR 1      1.89                      1.54   0.35     1.04
  SINCE JAN 1      7.87                      7.66   0.21     7.87

SNOWFALL (IN)
  YESTERDAY       15.8 R        15.8  2017   0.2   15.6      0.0
  MONTH TO DATE   18.1                       3.5   14.6      0.2
  SINCE MAR 1     18.1                       3.5   14.6      0.2
  SINCE JUL 1     60.8                      36.2   24.6     17.3
  SNOW DEPTH       4

DEGREE DAYS
 HEATING
  YESTERDAY       40                        28     12       21
  MONTH TO DATE  465                       421     44      302
  SINCE MAR 1    465                       421     44      302
  SINCE JUL 1   4358                      4859   -501     3978

 COOLING
  YESTERDAY        0                         0      0        0
  MONTH TO DATE    0                         0      0        0
  SINCE MAR 1      0                         0      0        0
  SINCE JAN 1      0                         0      0        0
..................................................................


WIND (MPH)
  RESULTANT WIND SPEED  14   RESULTANT WIND DIRECTION   N (360)
  HIGHEST WIND SPEED    32   HIGHEST WIND DIRECTION    NE (30)
  HIGHEST GUST SPEED    41   HIGHEST GUST DIRECTION    NE (30)
  AVERAGE WIND SPEED    17.4


SKY COVER
  POSSIBLE SUNSHINE  MM
  AVERAGE SKY COVER 1.0


WEATHER CONDITIONS
 THE FOLLOWING WEATHER WAS RECORDED YESTERDAY.
  HEAVY SNOW
  SNOW
  LIGHT SNOW
  FOG
  FOG W/VISIBILITY <= 1/4 MILE
  BLOWING SNOW


RELATIVE HUMIDITY (PERCENT)
 HIGHEST   100           800 AM
 LOWEST     42          1200 AM
 AVERAGE    71

..........................................................


THE HARTFORD CT CLIMATE NORMALS FOR TODAY
                         NORMAL    RECORD    YEAR
 MAXIMUM TEMPERATURE (F)   47        73      1990
 MINIMUM TEMPERATURE (F)   27         6      1993


SUNRISE AND SUNSET
MARCH 15 2017.........SUNRISE   702 AM EDT   SUNSET   658 PM EDT
MARCH 16 2017.........SUNRISE   701 AM EDT   SUNSET   659 PM EDT


-  INDICATES NEGATIVE NUMBERS.
R  INDICATES RECORD WAS SET OR TIED.
MM INDICATES DATA IS MISSING.
T  INDICATES TRACE AMOUNT.




$$
