000
CDUS41 KBOX 202134
CLIBDL


CLIMATE REPORT
NATIONAL WEATHER SERVICE TAUNTON MA
434 PM EST TUE FEB 20 2018


...................................

...THE HARTFORD CT CLIMATE SUMMARY FOR FEBRUARY 20 2018...
VALID TODAY AS OF 0400 PM LOCAL TIME.

CLIMATE NORMAL PERIOD 1981 TO 2010
CLIMATE RECORD PERIOD 1904 TO 2018


WEATHER ITEM   OBSERVED TIME   RECORD YEAR NORMAL DEPARTURE LAST
                VALUE   (LST)  VALUE       VALUE  FROM      YEAR
                                                  NORMAL
..................................................................
TEMPERATURE (F)
 TODAY
  MAXIMUM         68    359 PM  69    1930  40     28       46
  MINIMUM         43    131 AM  -4    2015  22     21       27
  AVERAGE         56                        31     25       37

PRECIPITATION (IN)
  TODAY            0.00          2.16 1921   0.10  -0.10     0.00
  MONTH TO DATE    3.93                      2.04   1.89     2.09
  SINCE DEC 1     10.20                      8.71   1.49     8.31
  SINCE JAN 1      7.79                      5.27   2.52     5.58

SNOWFALL (IN)
  TODAY            0.0          17.2  1934   0.4   -0.4      0.0
  MONTH TO DATE    7.7                       8.5   -0.8     22.6
  SINCE DEC 1     31.2                      28.2    3.0     41.2
  SINCE JUL 1     31.2                      30.2    1.0     42.7
  SNOW DEPTH       0

DEGREE DAYS
 HEATING
  TODAY            9                        34    -25       28
  MONTH TO DATE  652                       724    -72      698
  SINCE DEC 1   3038                      2967     71     2701
  SINCE JUL 1   4029                      4174   -145     3738

 COOLING
  TODAY            0                         0      0        0
  MONTH TO DATE    0                         0      0        0
  SINCE DEC 1      0                         0      0        0
  SINCE JAN 1      0                         0      0        0
..................................................................


WIND (MPH)
  HIGHEST WIND SPEED    17   HIGHEST WIND DIRECTION     S (200)
  HIGHEST GUST SPEED    22   HIGHEST GUST DIRECTION     S (200)
  AVERAGE WIND SPEED    10.1


SKY COVER
  POSSIBLE SUNSHINE  MM
  AVERAGE SKY COVER 0.9


WEATHER CONDITIONS
 THE FOLLOWING WEATHER WAS RECORDED TODAY.
  FOG
  FOG W/VISIBILITY <= 1/4 MILE


RELATIVE HUMIDITY (PERCENT)
 HIGHEST   100          1200 AM
 LOWEST     55           400 PM
 AVERAGE    78

..........................................................


THE HARTFORD CT CLIMATE NORMALS FOR TOMORROW
                         NORMAL    RECORD    YEAR
 MAXIMUM TEMPERATURE (F)   40        63      1930
 MINIMUM TEMPERATURE (F)   22        -9      2015


SUNRISE AND SUNSET
FEBRUARY 20 2018......SUNRISE   639 AM EST   SUNSET   530 PM EST
FEBRUARY 21 2018......SUNRISE   638 AM EST   SUNSET   531 PM EST


-  INDICATES NEGATIVE NUMBERS.
R  INDICATES RECORD WAS SET OR TIED.
MM INDICATES DATA IS MISSING.
T  INDICATES TRACE AMOUNT.




$$
