000
CDUS41 KBOX 020536
CLIBDL


CLIMATE REPORT
NATIONAL WEATHER SERVICE TAUNTON MA
1236 AM EST FRI DEC 2 2016


...................................

...THE HARTFORD CT CLIMATE SUMMARY FOR DECEMBER 1 2016...

CLIMATE NORMAL PERIOD 1981 TO 2010
CLIMATE RECORD PERIOD 1904 TO 2016


WEATHER ITEM   OBSERVED TIME   RECORD YEAR NORMAL DEPARTURE LAST
                VALUE   (LST)  VALUE       VALUE  FROM      YEAR
                                                  NORMAL
..................................................................
TEMPERATURE (F)
 YESTERDAY
  MAXIMUM         57   1231 PM  70    2001  45     12       38
  MINIMUM         36   1143 PM   9    1976  29      7       25
  AVERAGE         47                        37     10       32

PRECIPITATION (IN)
  YESTERDAY        0.30          1.43 2010   0.12   0.18     0.22
  MONTH TO DATE    0.30                      0.12   0.18     0.22
  SINCE DEC 1      0.30                      0.12   0.18     0.22
  SINCE JAN 1     30.29                     42.53 -12.24    35.18

SNOWFALL (IN)
  YESTERDAY        0.0           1.9  1925   0.1   -0.1      0.0
  MONTH TO DATE    0.0                       0.1   -0.1      0.0
  SINCE DEC 1      0.0                       0.1   -0.1      0.0
  SINCE JUL 1      1.5                       2.1   -0.6       T
  SNOW DEPTH       0

DEGREE DAYS
 HEATING
  YESTERDAY       18                        28    -10       33
  MONTH TO DATE   18                        28    -10       33
  SINCE DEC 1     18                        28    -10       33
  SINCE JUL 1   1055                      1235   -180     1017

 COOLING
  YESTERDAY        0                         0      0        0
  MONTH TO DATE    0                         0      0        0
  SINCE DEC 1      0                         0      0        0
  SINCE JAN 1   1068                       756    312      964
..................................................................


WIND (MPH)
  RESULTANT WIND SPEED   6   RESULTANT WIND DIRECTION  NW (300)
  HIGHEST WIND SPEED    30   HIGHEST WIND DIRECTION     W (290)
  HIGHEST GUST SPEED    40   HIGHEST GUST DIRECTION    NW (300)
  AVERAGE WIND SPEED     8.9


SKY COVER
  POSSIBLE SUNSHINE  MM
  AVERAGE SKY COVER 0.7


WEATHER CONDITIONS
 THE FOLLOWING WEATHER WAS RECORDED YESTERDAY.
  RAIN
  LIGHT RAIN
  FOG


RELATIVE HUMIDITY (PERCENT)
 HIGHEST    93          1200 AM
 LOWEST     46           100 PM
 AVERAGE    70

..........................................................


THE HARTFORD CT CLIMATE NORMALS FOR TODAY
                         NORMAL    RECORD    YEAR
 MAXIMUM TEMPERATURE (F)   45        64      1970
 MINIMUM TEMPERATURE (F)   28         7      1989


SUNRISE AND SUNSET
DECEMBER  2 2016......SUNRISE   700 AM EST   SUNSET   420 PM EST
DECEMBER  3 2016......SUNRISE   701 AM EST   SUNSET   420 PM EST


-  INDICATES NEGATIVE NUMBERS.
R  INDICATES RECORD WAS SET OR TIED.
MM INDICATES DATA IS MISSING.
T  INDICATES TRACE AMOUNT.




$$
