000
CDUS41 KBOX 080559
CLIBDL


CLIMATE REPORT
NATIONAL WEATHER SERVICE TAUNTON MA
150 AM EDT TUE APR 8 2014


...................................

...THE HARTFORD CT CLIMATE SUMMARY FOR APRIL 7 2014...

CLIMATE NORMAL PERIOD 1981 TO 2010
CLIMATE RECORD PERIOD 1904 TO 2014


WEATHER ITEM   OBSERVED TIME   RECORD YEAR NORMAL DEPARTURE LAST
                VALUE   (LST)  VALUE       VALUE  FROM      YEAR
                                                  NORMAL
..................................................................
TEMPERATURE (F)
 YESTERDAY
  MAXIMUM         58   1229 PM  93    2010  57      1       56
  MINIMUM         31    533 AM  14    1982  36     -5       29
  AVERAGE         45                        46     -1       43

PRECIPITATION (IN)
  YESTERDAY        0.14          1.70 1924   0.12   0.02      T
  MONTH TO DATE    0.35                      0.87  -0.52     0.03
  SINCE MAR 1      5.07                      4.49   0.58     2.63
  SINCE JAN 1     12.44                     10.61   1.83     8.14

SNOWFALL (IN)
  YESTERDAY        0.0           2.6  1938   0.1   -0.1      0.0
  MONTH TO DATE    0.0                       0.6   -0.6      0.0
  SINCE MAR 1      0.8                       7.0   -6.2      9.8
  SINCE JUL 1     50.9                      39.7   11.2     56.9
  SNOW DEPTH       0

DEGREE DAYS
 HEATING
  YESTERDAY       20                        19      1       22
  MONTH TO DATE  133                       141     -8      161
  SINCE MAR 1   1172                       984    188     1021
  SINCE JUL 1   5851                      5422    429     5173

 COOLING
  YESTERDAY        0                         0      0        0
  MONTH TO DATE    0                         0      0        0
  SINCE MAR 1      0                         0      0        0
  SINCE JAN 1      0                         0      0        0
..................................................................


WIND (MPH)
  RESULTANT WIND SPEED   5   RESULTANT WIND DIRECTION  SE (150)
  HIGHEST WIND SPEED    20   HIGHEST WIND DIRECTION    SE (150)
  HIGHEST GUST SPEED    25   HIGHEST GUST DIRECTION     S (180)
  AVERAGE WIND SPEED     5.8


SKY COVER
  POSSIBLE SUNSHINE  MM
  AVERAGE SKY COVER 1.0


WEATHER CONDITIONS
 THE FOLLOWING WEATHER WAS RECORDED YESTERDAY.
  LIGHT RAIN
  FOG


RELATIVE HUMIDITY (PERCENT)
 HIGHEST    89          1000 PM
 LOWEST     16           400 PM
 AVERAGE    53

..........................................................


THE HARTFORD CT CLIMATE NORMALS FOR TODAY
                         NORMAL    RECORD    YEAR
 MAXIMUM TEMPERATURE (F)   57        89      1991
 MINIMUM TEMPERATURE (F)   36        20      1982


SUNRISE AND SUNSET
APRIL  8 2014.........SUNRISE   622 AM EDT   SUNSET   724 PM EDT
APRIL  9 2014.........SUNRISE   620 AM EDT   SUNSET   725 PM EDT


-  INDICATES NEGATIVE NUMBERS.
R  INDICATES RECORD WAS SET OR TIED.
MM INDICATES DATA IS MISSING.
T  INDICATES TRACE AMOUNT.




$$
