000
CDUS41 KBOX 062129
CLIBDL


CLIMATE REPORT
NATIONAL WEATHER SERVICE TAUNTON MA
526 PM EDT SUN AUG 6 2017


...................................

...THE HARTFORD CT CLIMATE SUMMARY FOR AUGUST 6 2017...
VALID AS OF 0500 PM LOCAL TIME.

CLIMATE NORMAL PERIOD 1981 TO 2010
CLIMATE RECORD PERIOD 1904 TO 2017


WEATHER ITEM   OBSERVED TIME   RECORD YEAR NORMAL DEPARTURE LAST
                VALUE   (LST)  VALUE       VALUE  FROM      YEAR
                                                  NORMAL
..................................................................
TEMPERATURE (F)
 TODAY
  MAXIMUM         79    327 PM  95    2001  84     -5       92
                                      1931
                                      1918
  MINIMUM         59    327 AM  47    1957  63     -4       70
  AVERAGE         69                        73     -4       81

PRECIPITATION (IN)
  TODAY            0.00          1.93 1990   0.15  -0.15      T
  MONTH TO DATE    1.70                      0.89   0.81     0.41
  SINCE JUN 1     11.88                      9.42   2.46     4.62
  SINCE JAN 1     30.15                     27.23   2.92    18.56

SNOWFALL (IN)
  TODAY            0.0           0.0  2002   0.0    0.0      0.0
                                      2001
                                      2000
  MONTH TO DATE    0.0                       0.0    0.0      0.0
  SINCE JUN 1      0.0                       0.0    0.0      0.0
  SINCE JUL 1      0.0                       0.0    0.0      0.0
  SNOW DEPTH       0

DEGREE DAYS
 HEATING
  TODAY            0                         0      0        0
  MONTH TO DATE    0                         0      0        0
  SINCE JUN 1     52                        43      9       16
  SINCE JUL 1      8                         3      5        0

 COOLING
  TODAY            4                         8     -4       16
  MONTH TO DATE   60                        51      9       53
  SINCE JUN 1    484                       464     20      563
  SINCE JAN 1    544                       503     41      637
..................................................................


WIND (MPH)
  HIGHEST WIND SPEED    22   HIGHEST WIND DIRECTION    NW (310)
  HIGHEST GUST SPEED    27   HIGHEST GUST DIRECTION    NW (330)
  AVERAGE WIND SPEED     8.0


SKY COVER
  POSSIBLE SUNSHINE  MM
  AVERAGE SKY COVER 0.4


WEATHER CONDITIONS
 THE FOLLOWING WEATHER WAS RECORDED TODAY.
  NO SIGNIFICANT WEATHER WAS OBSERVED.


RELATIVE HUMIDITY (PERCENT)
 HIGHEST    80           200 AM
 LOWEST     38          1100 AM
 AVERAGE    59

..........................................................


THE HARTFORD CT CLIMATE NORMALS FOR TOMORROW
                         NORMAL    RECORD    YEAR
 MAXIMUM TEMPERATURE (F)   84       100      1918
 MINIMUM TEMPERATURE (F)   62        48      1957


SUNRISE AND SUNSET
AUGUST  6 2017........SUNRISE   550 AM EDT   SUNSET   803 PM EDT
AUGUST  7 2017........SUNRISE   551 AM EDT   SUNSET   802 PM EDT


-  INDICATES NEGATIVE NUMBERS.
R  INDICATES RECORD WAS SET OR TIED.
MM INDICATES DATA IS MISSING.
T  INDICATES TRACE AMOUNT.




$$
