000
CDUS41 KBOX 140554
CLIBDL


CLIMATE REPORT
NATIONAL WEATHER SERVICE TAUNTON MA
1254 AM EST SAT JAN 14 2017


...................................

...THE HARTFORD CT CLIMATE SUMMARY FOR JANUARY 13 2017...

CLIMATE NORMAL PERIOD 1981 TO 2010
CLIMATE RECORD PERIOD 1904 TO 2017


WEATHER ITEM   OBSERVED TIME   RECORD YEAR NORMAL DEPARTURE LAST
                VALUE   (LST)  VALUE       VALUE  FROM      YEAR
                                                  NORMAL
..................................................................
TEMPERATURE (F)
 YESTERDAY
  MAXIMUM         50    109 AM  59    1932  34     16       30
  MINIMUM         25   1154 PM  -9    1981  17      8       15
  AVERAGE         38                        26     12       23

PRECIPITATION (IN)
  YESTERDAY        0.00          1.02 1964   0.10  -0.10      T
  MONTH TO DATE    1.47                      1.32   0.15     1.51
  SINCE DEC 1      4.20                      4.76  -0.56     5.76
  SINCE JAN 1      1.47                      1.32   0.15     1.51

SNOWFALL (IN)
  YESTERDAY        0.0          11.6  1938   0.4   -0.4       T
  MONTH TO DATE    4.1                       5.1   -1.0      0.3
  SINCE DEC 1     14.3                      12.5    1.8      1.3
  SINCE JUL 1     15.8                      14.5    1.3      1.3
  SNOW DEPTH       0

DEGREE DAYS
 HEATING
  YESTERDAY       27                        39    -12       42
  MONTH TO DATE  436                       504    -68      453
  SINCE DEC 1   1446                      1541    -95     1123
  SINCE JUL 1   2483                      2748   -265     2107

 COOLING
  YESTERDAY        0                         0      0        0
  MONTH TO DATE    0                         0      0        0
  SINCE DEC 1      0                         0      0        0
  SINCE JAN 1      0                         0      0        0
..................................................................


WIND (MPH)
  RESULTANT WIND SPEED  11   RESULTANT WIND DIRECTION  NW (320)
  HIGHEST WIND SPEED    26   HIGHEST WIND DIRECTION    NW (320)
  HIGHEST GUST SPEED    36   HIGHEST GUST DIRECTION    NW (310)
  AVERAGE WIND SPEED    12.3


SKY COVER
  POSSIBLE SUNSHINE  MM
  AVERAGE SKY COVER 0.4


WEATHER CONDITIONS
 THE FOLLOWING WEATHER WAS RECORDED YESTERDAY.
  FOG


RELATIVE HUMIDITY (PERCENT)
 HIGHEST   100           100 AM
 LOWEST     32           400 PM
 AVERAGE    66

..........................................................


THE HARTFORD CT CLIMATE NORMALS FOR TODAY
                         NORMAL    RECORD    YEAR
 MAXIMUM TEMPERATURE (F)   34        70      1932
 MINIMUM TEMPERATURE (F)   17       -12      1957
                                             1912


SUNRISE AND SUNSET
JANUARY 14 2017.......SUNRISE   716 AM EST   SUNSET   444 PM EST
JANUARY 15 2017.......SUNRISE   716 AM EST   SUNSET   445 PM EST


-  INDICATES NEGATIVE NUMBERS.
R  INDICATES RECORD WAS SET OR TIED.
MM INDICATES DATA IS MISSING.
T  INDICATES TRACE AMOUNT.




$$
