000
CDUS41 KBOX 092119
CLIBDL


CLIMATE REPORT
NATIONAL WEATHER SERVICE TAUNTON MA
419 PM EST THU NOV 9 2017


...................................

...THE HARTFORD CT CLIMATE SUMMARY FOR NOVEMBER 9 2017...
VALID AS OF 0400 PM LOCAL TIME.

CLIMATE NORMAL PERIOD 1981 TO 2010
CLIMATE RECORD PERIOD 1904 TO 2017


WEATHER ITEM   OBSERVED TIME   RECORD YEAR NORMAL DEPARTURE LAST
                VALUE   (LST)  VALUE       VALUE  FROM      YEAR
                                                  NORMAL
..................................................................
TEMPERATURE (F)
 TODAY
  MAXIMUM         51    227 PM  76    1975  54     -3       51
  MINIMUM         24    551 AM  19    2003  35    -11       32
                                      1992
                                      1952
  AVERAGE         38                        45     -7       42

PRECIPITATION (IN)
  TODAY            0.00          2.93 1926   0.13  -0.13     0.01
  MONTH TO DATE    0.18                      1.14  -0.96     0.01
  SINCE SEP 1     11.20                      9.39   1.81     4.60
  SINCE JAN 1     42.31                     39.66   2.65    26.94

SNOWFALL (IN)
  TODAY            0.0           0.5  1904   0.0    0.0      0.0
  MONTH TO DATE    T                         0.3   -0.3      0.0
  SINCE SEP 1      T                         0.3   -0.3      1.5
  SINCE JUL 1      T                         0.3   -0.3      1.5
  SNOW DEPTH       0

DEGREE DAYS
 HEATING
  TODAY           27                        20      7       23
  MONTH TO DATE  157                       172    -15      152
  SINCE SEP 1    402                       689   -287      561
  SINCE JUL 1    418                       701   -283      561

 COOLING
  TODAY            0                         0      0        0
  MONTH TO DATE    0                         0      0        0
  SINCE SEP 1    178                        81     97      138
  SINCE JAN 1    865                       756    109     1068
..................................................................


WIND (MPH)
  HIGHEST WIND SPEED    12   HIGHEST WIND DIRECTION     S (190)
  HIGHEST GUST SPEED    16   HIGHEST GUST DIRECTION     S (190)
  AVERAGE WIND SPEED     2.9


SKY COVER
  POSSIBLE SUNSHINE  MM
  AVERAGE SKY COVER 0.3


WEATHER CONDITIONS
 THE FOLLOWING WEATHER WAS RECORDED TODAY.
  FOG


RELATIVE HUMIDITY (PERCENT)
 HIGHEST   100           400 AM
 LOWEST     42           100 PM
 AVERAGE    71

..........................................................


THE HARTFORD CT CLIMATE NORMALS FOR TOMORROW
                         NORMAL    RECORD    YEAR
 MAXIMUM TEMPERATURE (F)   54        76      1931
 MINIMUM TEMPERATURE (F)   35        18      2004


SUNRISE AND SUNSET
NOVEMBER  9 2017......SUNRISE   633 AM EST   SUNSET   435 PM EST
NOVEMBER 10 2017......SUNRISE   635 AM EST   SUNSET   434 PM EST


-  INDICATES NEGATIVE NUMBERS.
R  INDICATES RECORD WAS SET OR TIED.
MM INDICATES DATA IS MISSING.
T  INDICATES TRACE AMOUNT.




$$
