000
CDUS41 KBOX 140553
CLIBDL


CLIMATE REPORT
NATIONAL WEATHER SERVICE TAUNTON MA
152 AM EDT THU SEP 14 2017


...................................

...THE HARTFORD CT CLIMATE SUMMARY FOR SEPTEMBER 13 2017...

CLIMATE NORMAL PERIOD 1981 TO 2010
CLIMATE RECORD PERIOD 1904 TO 2017


WEATHER ITEM   OBSERVED TIME   RECORD YEAR NORMAL DEPARTURE LAST
                VALUE   (LST)  VALUE       VALUE  FROM      YEAR
                                                  NORMAL
..................................................................
TEMPERATURE (F)
 YESTERDAY
  MAXIMUM         83    325 PM  91    2005  76      7       83
                                      1974
                                      1957
  MINIMUM         50    543 AM  40    1985  54     -4       51
                                      1958
                                      1943
  AVERAGE         67                        65      2       67

PRECIPITATION (IN)
  YESTERDAY        0.00          3.19 1987   0.12  -0.12     0.00
  MONTH TO DATE    2.09                      1.45   0.64     0.98
  SINCE SEP 1      2.09                      1.45   0.64     0.98
  SINCE JAN 1     33.20                     31.72   1.48    23.32

SNOWFALL (IN)
  YESTERDAY        0.0           0.0  2002   0.0    0.0      0.0
                                      2001
                                      2000
  MONTH TO DATE    0.0                       0.0    0.0      0.0
  SINCE SEP 1      0.0                       0.0    0.0      0.0
  SINCE JUL 1      0.0                       0.0    0.0      0.0
  SNOW DEPTH       0

DEGREE DAYS
 HEATING
  YESTERDAY        0                         3     -3        0
  MONTH TO DATE   39                        22     17        1
  SINCE SEP 1     39                        22     17        1
  SINCE JUL 1     55                        34     21        1

 COOLING
  YESTERDAY        2                         3     -1        2
  MONTH TO DATE   20                        50    -30       84
  SINCE SEP 1     20                        50    -30       84
  SINCE JAN 1    707                       725    -18     1014
..................................................................


WIND (MPH)
  RESULTANT WIND SPEED   3   RESULTANT WIND DIRECTION   S (190)
  HIGHEST WIND SPEED    12   HIGHEST WIND DIRECTION     S (200)
  HIGHEST GUST SPEED    15   HIGHEST GUST DIRECTION     S (200)
  AVERAGE WIND SPEED     4.5


SKY COVER
  POSSIBLE SUNSHINE  MM
  AVERAGE SKY COVER 0.5


WEATHER CONDITIONS
 THE FOLLOWING WEATHER WAS RECORDED YESTERDAY.
  FOG


RELATIVE HUMIDITY (PERCENT)
 HIGHEST   100           500 AM
 LOWEST     42           100 PM
 AVERAGE    71

..........................................................


THE HARTFORD CT CLIMATE NORMALS FOR TODAY
                         NORMAL    RECORD    YEAR
 MAXIMUM TEMPERATURE (F)   76        92      1931
 MINIMUM TEMPERATURE (F)   54        37      1963
                                             1911


SUNRISE AND SUNSET
SEPTEMBER 14 2017.....SUNRISE   630 AM EDT   SUNSET   702 PM EDT
SEPTEMBER 15 2017.....SUNRISE   631 AM EDT   SUNSET   700 PM EDT


-  INDICATES NEGATIVE NUMBERS.
R  INDICATES RECORD WAS SET OR TIED.
MM INDICATES DATA IS MISSING.
T  INDICATES TRACE AMOUNT.




$$
