000
CDUS41 KBOX 090546
CLIBDL


CLIMATE REPORT
NATIONAL WEATHER SERVICE TAUNTON MA
142 AM EDT TUE SEP 9 2014


...................................

...THE HARTFORD CT CLIMATE SUMMARY FOR SEPTEMBER 8 2014...

CLIMATE NORMAL PERIOD 1981 TO 2010
CLIMATE RECORD PERIOD 1904 TO 2014


WEATHER ITEM   OBSERVED TIME   RECORD YEAR NORMAL DEPARTURE LAST
                VALUE   (LST)  VALUE       VALUE  FROM      YEAR
                                                  NORMAL
..................................................................
TEMPERATURE (F)
 YESTERDAY
  MAXIMUM         78    103 PM  95    2007  78      0       78
  MINIMUM         54    540 AM  39    1984  56     -2       49
  AVERAGE         66                        67     -1       64

PRECIPITATION (IN)
  YESTERDAY        0.00          3.85 2011   0.11  -0.11     0.00
  MONTH TO DATE    0.21                      0.86  -0.65     1.41
  SINCE SEP 1      0.21                      0.86  -0.65     1.41
  SINCE JAN 1     32.18                     31.13   1.05    39.41

SNOWFALL (IN)
  YESTERDAY        0.0           0.0  2002   0.0    0.0      0.0
                                      2001
                                      2000
  MONTH TO DATE    0.0                       0.0    0.0      0.0
  SINCE SEP 1      0.0                       0.0    0.0      0.0
  SINCE JUL 1      0.0                       0.0    0.0      0.0
  SNOW DEPTH       0

DEGREE DAYS
 HEATING
  YESTERDAY        0                         2     -2        1
  MONTH TO DATE    0                        10    -10       11
  SINCE SEP 1      0                        10    -10       11
  SINCE JUL 1      2                        22    -20       13

 COOLING
  YESTERDAY        1                         4     -3        0
  MONTH TO DATE   77                        35     42       27
  SINCE SEP 1     77                        35     42       27
  SINCE JAN 1    736                       710     26      851
..................................................................


WIND (MPH)
  RESULTANT WIND SPEED   4   RESULTANT WIND DIRECTION   E (70)
  HIGHEST WIND SPEED    15   HIGHEST WIND DIRECTION     E (110)
  HIGHEST GUST SPEED    19   HIGHEST GUST DIRECTION     E (90)
  AVERAGE WIND SPEED     6.8


SKY COVER
  POSSIBLE SUNSHINE  MM
  AVERAGE SKY COVER 0.5


WEATHER CONDITIONS
 THE FOLLOWING WEATHER WAS RECORDED YESTERDAY.
  NO SIGNIFICANT WEATHER WAS OBSERVED.


RELATIVE HUMIDITY (PERCENT)
 HIGHEST    93           400 AM
 LOWEST     37          1200 PM
 AVERAGE    65

..........................................................


THE HARTFORD CT CLIMATE NORMALS FOR TODAY
                         NORMAL    RECORD    YEAR
 MAXIMUM TEMPERATURE (F)   77        91      2002
                                             1971
                                             1915
 MINIMUM TEMPERATURE (F)   55        38      1986


SUNRISE AND SUNSET
SEPTEMBER  9 2014.....SUNRISE   625 AM EDT   SUNSET   711 PM EDT
SEPTEMBER 10 2014.....SUNRISE   626 AM EDT   SUNSET   709 PM EDT


-  INDICATES NEGATIVE NUMBERS.
R  INDICATES RECORD WAS SET OR TIED.
MM INDICATES DATA IS MISSING.
T  INDICATES TRACE AMOUNT.




$$
