000
CDUS41 KBOX 310541
CLIBDL


CLIMATE REPORT
NATIONAL WEATHER SERVICE TAUNTON MA
141 AM EDT SUN MAY 31 2015


...................................

...THE HARTFORD CT CLIMATE SUMMARY FOR MAY 30 2015...

CLIMATE NORMAL PERIOD 1981 TO 2010
CLIMATE RECORD PERIOD 1904 TO 2015


WEATHER ITEM   OBSERVED TIME   RECORD YEAR NORMAL DEPARTURE LAST
                VALUE   (LST)  VALUE       VALUE  FROM      YEAR
                                                  NORMAL
..................................................................
TEMPERATURE (F)
 YESTERDAY
  MAXIMUM         87    201 PM  93    1987  75     12       76
  MINIMUM         60    436 AM  37    1961  52      8       49
                                      1949
  AVERAGE         74                        64     10       63

PRECIPITATION (IN)
  YESTERDAY        0.00          2.55 1908   0.17  -0.17     0.04
  MONTH TO DATE    1.04                      4.19  -3.15     4.45
  SINCE MAR 1      7.10                     11.53  -4.43    14.63
  SINCE JAN 1     13.28                     17.65  -4.37    22.00

SNOWFALL (IN)
  YESTERDAY        0.0           0.0  2002   0.0    0.0      0.0
                                      2001
                                      2000
  MONTH TO DATE    0.0                       0.0    0.0      0.0
  SINCE MAR 1      9.0                       7.8    1.2      1.0
  SINCE JUL 1     63.8                      40.5   23.3     51.1
  SNOW DEPTH       0

DEGREE DAYS
 HEATING
  YESTERDAY        0                         4     -4        2
  MONTH TO DATE   74                       201   -127      150
  SINCE MAR 1   1532                      1516     16     1668
  SINCE JUL 1   6177                      5954    223     6347

 COOLING
  YESTERDAY        9                         2      7        0
  MONTH TO DATE  117                        30     87       31
  SINCE MAR 1    117                        36     81       32
  SINCE JAN 1    117                        36     81       32
..................................................................


WIND (MPH)
  RESULTANT WIND SPEED  11   RESULTANT WIND DIRECTION   S (180)
  HIGHEST WIND SPEED    24   HIGHEST WIND DIRECTION     S (170)
  HIGHEST GUST SPEED    32   HIGHEST GUST DIRECTION     S (160)
  AVERAGE WIND SPEED    11.5


SKY COVER
  POSSIBLE SUNSHINE  MM
  AVERAGE SKY COVER 0.4


WEATHER CONDITIONS
 THE FOLLOWING WEATHER WAS RECORDED YESTERDAY.
  FOG


RELATIVE HUMIDITY (PERCENT)
 HIGHEST    90           200 AM
 LOWEST     45           200 PM
 AVERAGE    68

..........................................................


THE HARTFORD CT CLIMATE NORMALS FOR TODAY
                         NORMAL    RECORD    YEAR
 MAXIMUM TEMPERATURE (F)   75        95      2013
                                             1987
 MINIMUM TEMPERATURE (F)   52        33      1961


SUNRISE AND SUNSET
MAY 31 2015...........SUNRISE   519 AM EDT   SUNSET   819 PM EDT
JUNE  1 2015..........SUNRISE   518 AM EDT   SUNSET   819 PM EDT


-  INDICATES NEGATIVE NUMBERS.
R  INDICATES RECORD WAS SET OR TIED.
MM INDICATES DATA IS MISSING.
T  INDICATES TRACE AMOUNT.




$$
