000
CDUS41 KBOX 230543
CLIBDL


CLIMATE REPORT
NATIONAL WEATHER SERVICE TAUNTON MA
143 AM EDT SAT APR 23 2016


...................................

...THE HARTFORD CT CLIMATE SUMMARY FOR APRIL 22 2016...

CLIMATE NORMAL PERIOD 1981 TO 2010
CLIMATE RECORD PERIOD 1904 TO 2016


WEATHER ITEM   OBSERVED TIME   RECORD YEAR NORMAL DEPARTURE LAST
                VALUE   (LST)  VALUE       VALUE  FROM      YEAR
                                                  NORMAL
..................................................................
TEMPERATURE (F)
 YESTERDAY
  MAXIMUM         82    149 PM  90    1977  63     19       71
                                      1973
  MINIMUM         52    515 AM  28    2011  41     11       42
                                      1984
                                      1947
  AVERAGE         67                        52     15       57

PRECIPITATION (IN)
  YESTERDAY        0.54          2.98 1969   0.12   0.42     0.07
  MONTH TO DATE    2.14                      2.72  -0.58     3.40
  SINCE MAR 1      4.34                      6.34  -2.00     6.06
  SINCE JAN 1     11.17                     12.46  -1.29    12.24

SNOWFALL (IN)
  YESTERDAY        0.0           0.2  1940   0.0    0.0      0.0
  MONTH TO DATE    6.9                       1.3    5.6      0.0
  SINCE MAR 1      9.8                       7.7    2.1      9.0
  SINCE JUL 1     26.9                      40.4  -13.5     63.8
  SNOW DEPTH       0

DEGREE DAYS
 HEATING
  YESTERDAY        0                        13    -13        8
  MONTH TO DATE  410                       379     31      343
  SINCE MAR 1   1054                      1222   -168     1341
  SINCE JUL 1   4730                      5660   -930     5986

 COOLING
  YESTERDAY        2                         0      2        0
  MONTH TO DATE    2                         0      2        0
  SINCE MAR 1      2                         0      2        0
  SINCE JAN 1      2                         0      2        0
..................................................................


WIND (MPH)
  RESULTANT WIND SPEED   3   RESULTANT WIND DIRECTION   S (180)
  HIGHEST WIND SPEED    20   HIGHEST WIND DIRECTION     S (190)
  HIGHEST GUST SPEED    25   HIGHEST GUST DIRECTION     S (180)
  AVERAGE WIND SPEED     5.7


SKY COVER
  POSSIBLE SUNSHINE  MM
  AVERAGE SKY COVER 0.9


WEATHER CONDITIONS
 THE FOLLOWING WEATHER WAS RECORDED YESTERDAY.
  THUNDERSTORM
  HEAVY RAIN
  RAIN
  LIGHT RAIN
  FOG
  HAZE


RELATIVE HUMIDITY (PERCENT)
 HIGHEST    93          1100 PM
 LOWEST     36          1200 PM
 AVERAGE    65

..........................................................


THE HARTFORD CT CLIMATE NORMALS FOR TODAY
                         NORMAL    RECORD    YEAR
 MAXIMUM TEMPERATURE (F)   64        88      2007
 MINIMUM TEMPERATURE (F)   41        26      1989


SUNRISE AND SUNSET
APRIL 23 2016.........SUNRISE   557 AM EDT   SUNSET   741 PM EDT
APRIL 24 2016.........SUNRISE   556 AM EDT   SUNSET   742 PM EDT


-  INDICATES NEGATIVE NUMBERS.
R  INDICATES RECORD WAS SET OR TIED.
MM INDICATES DATA IS MISSING.
T  INDICATES TRACE AMOUNT.




$$
