811
CDUS41 KBOX 180924
CLIBDL


CLIMATE REPORT
NATIONAL WEATHER SERVICE TAUNTON MA
524 AM EDT MON SEP 18 2017


...................................

...THE HARTFORD CT CLIMATE SUMMARY FOR SEPTEMBER 17 2017...

CLIMATE NORMAL PERIOD 1981 TO 2010
CLIMATE RECORD PERIOD 1904 TO 2017


WEATHER ITEM   OBSERVED TIME   RECORD YEAR NORMAL DEPARTURE LAST
                VALUE   (LST)  VALUE       VALUE  FROM      YEAR
                                                  NORMAL
..................................................................
TEMPERATURE (F)
 YESTERDAY
  MAXIMUM         84    341 PM  90    1991  75      9       78
                                      1972
                                      1915
  MINIMUM         62    242 AM  34    1984  52     10       47
  AVERAGE         73                        63     10       63

PRECIPITATION (IN)
  YESTERDAY        0.00          2.78 1934   0.13  -0.13     0.00
  MONTH TO DATE    2.18                      1.99   0.19     0.98
  SINCE SEP 1      2.18                      1.99   0.19     0.98
  SINCE JAN 1     33.29                     32.26   1.03    23.32

SNOWFALL (IN)
  YESTERDAY        0.0           0.0  2002   0.0    0.0      0.0
                                      2001
                                      2000
  MONTH TO DATE    0.0                       0.0    0.0      0.0
  SINCE SEP 1      0.0                       0.0    0.0      0.0
  SINCE JUL 1      0.0                       0.0    0.0      0.0
  SNOW DEPTH       0

DEGREE DAYS
 HEATING
  YESTERDAY        0                         4     -4        2
  MONTH TO DATE   39                        35      4        9
  SINCE SEP 1     39                        35      4        9
  SINCE JUL 1     55                        47      8        9

 COOLING
  YESTERDAY        8                         2      6        0
  MONTH TO DATE   52                        59     -7       93
  SINCE SEP 1     52                        59     -7       93
  SINCE JAN 1    739                       734      5     1023
..................................................................


WIND (MPH)
  RESULTANT WIND SPEED   1   RESULTANT WIND DIRECTION   S (180)
  HIGHEST WIND SPEED    13   HIGHEST WIND DIRECTION     S (160)
  HIGHEST GUST SPEED    16   HIGHEST GUST DIRECTION     S (170)
  AVERAGE WIND SPEED     3.4


SKY COVER
  POSSIBLE SUNSHINE  MM
  AVERAGE SKY COVER 0.6


WEATHER CONDITIONS
 THE FOLLOWING WEATHER WAS RECORDED YESTERDAY.
  FOG
  FOG W/VISIBILITY <= 1/4 MILE
  HAZE


RELATIVE HUMIDITY (PERCENT)
 HIGHEST   100          1200 AM
 LOWEST     51           200 PM
 AVERAGE    76

..........................................................


THE HARTFORD CT CLIMATE NORMALS FOR TODAY
                         NORMAL    RECORD    YEAR
 MAXIMUM TEMPERATURE (F)   74        89      1906
 MINIMUM TEMPERATURE (F)   52        36      1986
                                             1984
                                             1961


SUNRISE AND SUNSET
SEPTEMBER 18 2017.....SUNRISE   634 AM EDT   SUNSET   655 PM EDT
SEPTEMBER 19 2017.....SUNRISE   635 AM EDT   SUNSET   653 PM EDT


-  INDICATES NEGATIVE NUMBERS.
R  INDICATES RECORD WAS SET OR TIED.
MM INDICATES DATA IS MISSING.
T  INDICATES TRACE AMOUNT.




$$
