000
CDUS41 KBOX 100527
CLIBDL


CLIMATE REPORT
NATIONAL WEATHER SERVICE TAUNTON MA
1227 AM EST WED JAN 10 2018


...................................

...THE HARTFORD CT CLIMATE SUMMARY FOR JANUARY 9 2018...

CLIMATE NORMAL PERIOD 1981 TO 2010
CLIMATE RECORD PERIOD 1904 TO 2018


WEATHER ITEM   OBSERVED TIME   RECORD YEAR NORMAL DEPARTURE LAST
                VALUE   (LST)  VALUE       VALUE  FROM      YEAR
                                                  NORMAL
..................................................................
TEMPERATURE (F)
 YESTERDAY
  MAXIMUM         39    242 PM  64    1937  34      5       20
  MINIMUM         21    346 AM  -9    1968  18      3        4
  AVERAGE         30                        26      4       12

PRECIPITATION (IN)
  YESTERDAY        0.00          1.51 1978   0.10  -0.10     0.00
  MONTH TO DATE    0.68                      0.90  -0.22     1.21
  SINCE DEC 1      3.09                      4.34  -1.25     3.94
  SINCE JAN 1      0.68                      0.90  -0.22     1.21

SNOWFALL (IN)
  YESTERDAY        0.0           6.6  1974   0.4   -0.4      0.0
  MONTH TO DATE   10.2                       3.5    6.7      4.1
  SINCE DEC 1     20.0                      10.9    9.1     14.3
  SINCE JUL 1     20.0                      12.9    7.1     15.8
  SNOW DEPTH       8

DEGREE DAYS
 HEATING
  YESTERDAY       35                        39     -4       53
  MONTH TO DATE  465                       348    117      343
  SINCE DEC 1   1624                      1385    239     1353
  SINCE JUL 1   2615                      2592     23     2390

 COOLING
  YESTERDAY        0                         0      0        0
  MONTH TO DATE    0                         0      0        0
  SINCE DEC 1      0                         0      0        0
  SINCE JAN 1      0                         0      0        0
..................................................................


WIND (MPH)
  RESULTANT WIND SPEED   4   RESULTANT WIND DIRECTION   W (280)
  HIGHEST WIND SPEED    24   HIGHEST WIND DIRECTION    NW (300)
  HIGHEST GUST SPEED    33   HIGHEST GUST DIRECTION     W (290)
  AVERAGE WIND SPEED     9.7


SKY COVER
  POSSIBLE SUNSHINE  MM
  AVERAGE SKY COVER 0.6


WEATHER CONDITIONS
 THE FOLLOWING WEATHER WAS RECORDED YESTERDAY.
  NO SIGNIFICANT WEATHER WAS OBSERVED.


RELATIVE HUMIDITY (PERCENT)
 HIGHEST    96           400 AM
 LOWEST     51           600 PM
 AVERAGE    74

..........................................................


THE HARTFORD CT CLIMATE NORMALS FOR TODAY
                         NORMAL    RECORD    YEAR
 MAXIMUM TEMPERATURE (F)   34        59      2016
 MINIMUM TEMPERATURE (F)   17        -8      1942


SUNRISE AND SUNSET
JANUARY 10 2018.......SUNRISE   718 AM EST   SUNSET   439 PM EST
JANUARY 11 2018.......SUNRISE   718 AM EST   SUNSET   440 PM EST


-  INDICATES NEGATIVE NUMBERS.
R  INDICATES RECORD WAS SET OR TIED.
MM INDICATES DATA IS MISSING.
T  INDICATES TRACE AMOUNT.




$$
