000
CDUS41 KBOX 010532
CLIBDL


CLIMATE REPORT
NATIONAL WEATHER SERVICE TAUNTON MA
1232 AM EST MON FEB 1 2016


...................................

...THE HARTFORD CT CLIMATE SUMMARY FOR JANUARY 31 2016...

CLIMATE NORMAL PERIOD 1981 TO 2010
CLIMATE RECORD PERIOD 1904 TO 2016


WEATHER ITEM   OBSERVED TIME   RECORD YEAR NORMAL DEPARTURE LAST
                VALUE   (LST)  VALUE       VALUE  FROM      YEAR
                                                  NORMAL
..................................................................
TEMPERATURE (F)
 YESTERDAY
  MAXIMUM         58    345 PM  61    2013  35     23       20
  MINIMUM         34    741 AM -12    1948  18     16        5
  AVERAGE         46                        27     19       13

PRECIPITATION (IN)
  YESTERDAY        0.00          1.61 1914   0.11  -0.11     0.00
  MONTH TO DATE    1.96                      3.23  -1.27     3.23
  SINCE DEC 1      6.21                      6.67  -0.46     7.78
  SINCE JAN 1      1.96                      3.23  -1.27     3.23

SNOWFALL (IN)
  YESTERDAY        0.0           5.5  1931   0.4   -0.4      0.0
  MONTH TO DATE    1.9                      12.3  -10.4     17.1
  SINCE DEC 1      2.9                      19.7  -16.8     17.8
  SINCE JUL 1      2.9                      21.7  -18.8     22.9
  SNOW DEPTH       0

DEGREE DAYS
 HEATING
  YESTERDAY       19                        38    -19       52
  MONTH TO DATE 1071                      1203   -132     1285
  SINCE DEC 1   1741                      2243   -502     2187
  SINCE JUL 1   2725                      3450   -725     3284

 COOLING
  YESTERDAY        0                         0      0        0
  MONTH TO DATE    0                         0      0        0
  SINCE DEC 1      0                         0      0        0
  SINCE JAN 1      0                         0      0        0
..................................................................


WIND (MPH)
  RESULTANT WIND SPEED  10   RESULTANT WIND DIRECTION   S (180)
  HIGHEST WIND SPEED    15   HIGHEST WIND DIRECTION     S (190)
  HIGHEST GUST SPEED    19   HIGHEST GUST DIRECTION     S (190)
  AVERAGE WIND SPEED     9.7


SKY COVER
  POSSIBLE SUNSHINE  MM
  AVERAGE SKY COVER 0.6


WEATHER CONDITIONS
 THE FOLLOWING WEATHER WAS RECORDED YESTERDAY.
  NO SIGNIFICANT WEATHER WAS OBSERVED.


RELATIVE HUMIDITY (PERCENT)
 HIGHEST    76          1100 PM
 LOWEST     32           200 PM
 AVERAGE    54

..........................................................


THE HARTFORD CT CLIMATE NORMALS FOR TODAY
                         NORMAL    RECORD    YEAR
 MAXIMUM TEMPERATURE (F)   36        67      1989
 MINIMUM TEMPERATURE (F)   19       -14      1920


SUNRISE AND SUNSET
FEBRUARY  1 2016......SUNRISE   704 AM EST   SUNSET   505 PM EST
FEBRUARY  2 2016......SUNRISE   703 AM EST   SUNSET   506 PM EST


-  INDICATES NEGATIVE NUMBERS.
R  INDICATES RECORD WAS SET OR TIED.
MM INDICATES DATA IS MISSING.
T  INDICATES TRACE AMOUNT.




$$
