000
CDUS41 KBOX 120542
CLIBDL


CLIMATE REPORT
NATIONAL WEATHER SERVICE TAUNTON MA
135 AM EDT TUE JUL 12 2016


...................................

...THE HARTFORD CT CLIMATE SUMMARY FOR JULY 11 2016...

CLIMATE NORMAL PERIOD 1981 TO 2010
CLIMATE RECORD PERIOD 1904 TO 2016


WEATHER ITEM   OBSERVED TIME   RECORD YEAR NORMAL DEPARTURE LAST
                VALUE   (LST)  VALUE       VALUE  FROM      YEAR
                                                  NORMAL
..................................................................
TEMPERATURE (F)
 YESTERDAY
  MAXIMUM         80    406 PM  97    1911  85     -5       87
  MINIMUM         60    512 AM  51    2002  63     -3       60
  AVERAGE         70                        74     -4       74

PRECIPITATION (IN)
  YESTERDAY        0.00          1.20 1917   0.13  -0.13     0.00
  MONTH TO DATE    0.97                      1.33  -0.36     1.60
  SINCE JUN 1      2.98                      5.68  -2.70     8.28
  SINCE JAN 1     16.92                     23.49  -6.57    21.85

SNOWFALL (IN)
  YESTERDAY        0.0           0.0  2002   0.0    0.0      0.0
                                      2001
                                      2000
  MONTH TO DATE    0.0                       0.0    0.0      0.0
  SINCE JUN 1      0.0                       0.0    0.0      0.0
  SINCE JUL 1      0.0                       0.0    0.0      0.0
  SNOW DEPTH       0

DEGREE DAYS
 HEATING
  YESTERDAY        0                         0      0        0
  MONTH TO DATE    0                         0      0        1
  SINCE JUN 1     16                        40    -24       49
  SINCE JUL 1      0                         0      0        1

 COOLING
  YESTERDAY        5                         9     -4        9
  MONTH TO DATE   91                        91      0       77
  SINCE JUN 1    240                       235      5      209
  SINCE JAN 1    314                       274     40      326
..................................................................


WIND (MPH)
  RESULTANT WIND SPEED   2   RESULTANT WIND DIRECTION   N (350)
  HIGHEST WIND SPEED    15   HIGHEST WIND DIRECTION     N (10)
  HIGHEST GUST SPEED    19   HIGHEST GUST DIRECTION    NE (40)
  AVERAGE WIND SPEED     5.2


SKY COVER
  POSSIBLE SUNSHINE  MM
  AVERAGE SKY COVER 0.6


WEATHER CONDITIONS
 THE FOLLOWING WEATHER WAS RECORDED YESTERDAY.
  FOG
  FOG W/VISIBILITY <= 1/4 MILE


RELATIVE HUMIDITY (PERCENT)
 HIGHEST    97           400 AM
 LOWEST     42           600 PM
 AVERAGE    70

..........................................................


THE HARTFORD CT CLIMATE NORMALS FOR TODAY
                         NORMAL    RECORD    YEAR
 MAXIMUM TEMPERATURE (F)   85        97      1966
 MINIMUM TEMPERATURE (F)   63        48      2002
                                             1978
                                             1945


SUNRISE AND SUNSET
JULY 12 2016..........SUNRISE   527 AM EDT   SUNSET   826 PM EDT
JULY 13 2016..........SUNRISE   527 AM EDT   SUNSET   825 PM EDT


-  INDICATES NEGATIVE NUMBERS.
R  INDICATES RECORD WAS SET OR TIED.
MM INDICATES DATA IS MISSING.
T  INDICATES TRACE AMOUNT.




$$
