000
CDUS41 KBOX 200611
CLIBDL


CLIMATE REPORT
NATIONAL WEATHER SERVICE TAUNTON MA
201 AM EDT WED APR 20 2016


...................................

...THE HARTFORD CT CLIMATE SUMMARY FOR APRIL 19 2016...

CLIMATE NORMAL PERIOD 1981 TO 2010
CLIMATE RECORD PERIOD 1904 TO 2016


WEATHER ITEM   OBSERVED TIME   RECORD YEAR NORMAL DEPARTURE LAST
                VALUE   (LST)  VALUE       VALUE  FROM      YEAR
                                                  NORMAL
..................................................................
TEMPERATURE (F)
 YESTERDAY
  MAXIMUM         66    244 PM  96    1976  62      4       64
  MINIMUM         47   1159 PM  26    1926  40      7       43
  AVERAGE         57                        51      6       54

PRECIPITATION (IN)
  YESTERDAY        T             2.23 1983   0.12  -0.12     0.00
  MONTH TO DATE    1.60                      2.37  -0.77     1.80
  SINCE MAR 1      3.80                      5.99  -2.19     4.46
  SINCE JAN 1     10.63                     12.11  -1.48    10.64

SNOWFALL (IN)
  YESTERDAY        0.0           0.8  1983   0.1   -0.1      0.0
  MONTH TO DATE    6.9                       1.3    5.6      0.0
  SINCE MAR 1      9.8                       7.7    2.1      9.0
  SINCE JUL 1     26.9                      40.4  -13.5     63.8
  SNOW DEPTH       0

DEGREE DAYS
 HEATING
  YESTERDAY        8                        14     -6       11
  MONTH TO DATE  387                       338     49      308
  SINCE MAR 1   1031                      1181   -150     1306
  SINCE JUL 1   4707                      5619   -912     5951

 COOLING
  YESTERDAY        0                         0      0        0
  MONTH TO DATE    0                         0      0        0
  SINCE MAR 1      0                         0      0        0
  SINCE JAN 1      0                         0      0        0
..................................................................


WIND (MPH)
  RESULTANT WIND SPEED   7   RESULTANT WIND DIRECTION   N (350)
  HIGHEST WIND SPEED    24   HIGHEST WIND DIRECTION    NW (330)
  HIGHEST GUST SPEED    38   HIGHEST GUST DIRECTION    NW (320)
  AVERAGE WIND SPEED    11.3


SKY COVER
  POSSIBLE SUNSHINE  MM
  AVERAGE SKY COVER 0.5


WEATHER CONDITIONS
 THE FOLLOWING WEATHER WAS RECORDED YESTERDAY.
  RAIN


RELATIVE HUMIDITY (PERCENT)
 HIGHEST    66           500 AM
 LOWEST     19           600 PM
 AVERAGE    43

..........................................................


THE HARTFORD CT CLIMATE NORMALS FOR TODAY
                         NORMAL    RECORD    YEAR
 MAXIMUM TEMPERATURE (F)   63        89      1976
 MINIMUM TEMPERATURE (F)   40        25      1926


SUNRISE AND SUNSET
APRIL 20 2016.........SUNRISE   602 AM EDT   SUNSET   738 PM EDT
APRIL 21 2016.........SUNRISE   600 AM EDT   SUNSET   739 PM EDT


-  INDICATES NEGATIVE NUMBERS.
R  INDICATES RECORD WAS SET OR TIED.
MM INDICATES DATA IS MISSING.
T  INDICATES TRACE AMOUNT.




$$
