000
CDUS41 KBOX 200529
CLIBDL


CLIMATE REPORT
NATIONAL WEATHER SERVICE TAUNTON MA
128 AM EDT THU AUG 20 2015


...................................

...THE HARTFORD CT CLIMATE SUMMARY FOR AUGUST 19 2015...

CLIMATE NORMAL PERIOD 1981 TO 2010
CLIMATE RECORD PERIOD 1904 TO 2015


WEATHER ITEM   OBSERVED TIME   RECORD YEAR NORMAL DEPARTURE LAST
                VALUE   (LST)  VALUE       VALUE  FROM      YEAR
                                                  NORMAL
..................................................................
TEMPERATURE (F)
 YESTERDAY
  MAXIMUM         89    207 PM  95    1966  83      6       81
  MINIMUM         71    533 AM  46    1977  61     10       51
                                      1963
  AVERAGE         80                        72      8       66

PRECIPITATION (IN)
  YESTERDAY        0.00          7.70 1955   0.13  -0.13     0.00
  MONTH TO DATE    1.57                      2.62  -1.05     3.32
  SINCE JUN 1     11.33                     11.15   0.18     9.52
  SINCE JAN 1     24.90                     28.96  -4.06    31.53

SNOWFALL (IN)
  YESTERDAY        0.0           0.0  2002   0.0    0.0      0.0
                                      2001
                                      2000
  MONTH TO DATE    0.0                       0.0    0.0      0.0
  SINCE JUN 1      0.0                       0.0    0.0      0.0
  SINCE JUL 1      0.0                       0.0    0.0      0.0
  SNOW DEPTH       0

DEGREE DAYS
 HEATING
  YESTERDAY        0                         0      0        0
  MONTH TO DATE    0                         0      0        2
  SINCE JUN 1     49                        43      6        8
  SINCE JUL 1      1                         3     -2        2

 COOLING
  YESTERDAY       15                         7      8        1
  MONTH TO DATE  183                       151     32      101
  SINCE JUN 1    599                       564     35      553
  SINCE JAN 1    716                       603    113      585
..................................................................


WIND (MPH)
  RESULTANT WIND SPEED   8   RESULTANT WIND DIRECTION   S (180)
  HIGHEST WIND SPEED    18   HIGHEST WIND DIRECTION     S (160)
  HIGHEST GUST SPEED    22   HIGHEST GUST DIRECTION     S (160)
  AVERAGE WIND SPEED     8.5


SKY COVER
  POSSIBLE SUNSHINE  MM
  AVERAGE SKY COVER 0.5


WEATHER CONDITIONS
 THE FOLLOWING WEATHER WAS RECORDED YESTERDAY.
  FOG


RELATIVE HUMIDITY (PERCENT)
 HIGHEST    93          1200 AM
 LOWEST     50           200 PM
 AVERAGE    72

..........................................................


THE HARTFORD CT CLIMATE NORMALS FOR TODAY
                         NORMAL    RECORD    YEAR
 MAXIMUM TEMPERATURE (F)   82        96      1937
 MINIMUM TEMPERATURE (F)   61        46      1995
                                             1949
                                             1944


SUNRISE AND SUNSET
AUGUST 20 2015........SUNRISE   604 AM EDT   SUNSET   744 PM EDT
AUGUST 21 2015........SUNRISE   605 AM EDT   SUNSET   742 PM EDT


-  INDICATES NEGATIVE NUMBERS.
R  INDICATES RECORD WAS SET OR TIED.
MM INDICATES DATA IS MISSING.
T  INDICATES TRACE AMOUNT.




$$
