000
CDUS41 KBOX 082137
CLIBDL


CLIMATE REPORT
NATIONAL WEATHER SERVICE TAUNTON MA
527 PM EDT SAT JUL 8 2017


...................................

...THE HARTFORD CT CLIMATE SUMMARY FOR JULY 8 2017...
VALID TODAY AS OF 0500 PM LOCAL TIME.

CLIMATE NORMAL PERIOD 1981 TO 2010
CLIMATE RECORD PERIOD 1904 TO 2017


WEATHER ITEM   OBSERVED TIME   RECORD YEAR NORMAL DEPARTURE LAST
                VALUE   (LST)  VALUE       VALUE  FROM      YEAR
                                                  NORMAL
..................................................................
TEMPERATURE (F)
 TODAY
  MAXIMUM         87    256 PM  97    1993  84      3       84
                                      1988
                                      1981
  MINIMUM         65    424 AM  49    1969  62      3       64
  AVERAGE         76                        73      3       74

PRECIPITATION (IN)
  TODAY            T             2.17 2005   0.12  -0.12      T
  MONTH TO DATE    1.12                      0.94   0.18     0.83
  SINCE JUN 1      4.73                      5.29  -0.56     2.84
  SINCE JAN 1     23.00                     23.10  -0.10    16.78

SNOWFALL (IN)
  TODAY            0.0           0.0  2002   0.0    0.0      0.0
                                      2001
                                      2000
  MONTH TO DATE    0.0                       0.0    0.0      0.0
  SINCE JUN 1      0.0                       0.0    0.0      0.0
  SINCE JUL 1      0.0                       0.0    0.0      0.0
  SNOW DEPTH       0

DEGREE DAYS
 HEATING
  TODAY            0                         0      0        0
  MONTH TO DATE    0                         0      0        0
  SINCE JUN 1     44                        40      4       16
  SINCE JUL 1      0                         0      0        0

 COOLING
  TODAY           11                         8      3        9
  MONTH TO DATE   71                        64      7       79
  SINCE JUN 1    237                       208     29      228
  SINCE JAN 1    297                       247     50      302
..................................................................


WIND (MPH)
  HIGHEST WIND SPEED    24   HIGHEST WIND DIRECTION    SW (240)
  HIGHEST GUST SPEED    32   HIGHEST GUST DIRECTION    SW (240)
  AVERAGE WIND SPEED     9.5


SKY COVER
  POSSIBLE SUNSHINE  MM
  AVERAGE SKY COVER 0.6


WEATHER CONDITIONS
 THE FOLLOWING WEATHER WAS RECORDED TODAY.
  LIGHT RAIN
  FOG


RELATIVE HUMIDITY (PERCENT)
 HIGHEST   100           600 AM
 LOWEST     46           200 PM
 AVERAGE    73

..........................................................


THE HARTFORD CT CLIMATE NORMALS FOR TOMORROW
                         NORMAL    RECORD    YEAR
 MAXIMUM TEMPERATURE (F)   84        99      1936
 MINIMUM TEMPERATURE (F)   63        46      1963


SUNRISE AND SUNSET
JULY  8 2017..........SUNRISE   524 AM EDT   SUNSET   828 PM EDT
JULY  9 2017..........SUNRISE   524 AM EDT   SUNSET   827 PM EDT


-  INDICATES NEGATIVE NUMBERS.
R  INDICATES RECORD WAS SET OR TIED.
MM INDICATES DATA IS MISSING.
T  INDICATES TRACE AMOUNT.




$$
