000
CDUS41 KBOX 150542
CLIBDL


CLIMATE REPORT
NATIONAL WEATHER SERVICE TAUNTON MA
138 AM EDT WED OCT 15 2014


...................................

...THE HARTFORD CT CLIMATE SUMMARY FOR OCTOBER 14 2014...

CLIMATE NORMAL PERIOD 1981 TO 2010
CLIMATE RECORD PERIOD 1904 TO 2014


WEATHER ITEM   OBSERVED TIME   RECORD YEAR NORMAL DEPARTURE LAST
                VALUE   (LST)  VALUE       VALUE  FROM      YEAR
                                                  NORMAL
..................................................................
TEMPERATURE (F)
 YESTERDAY
  MAXIMUM         79    134 PM  81    2000  64     15       65
  MINIMUM         60    327 AM  25    1993  41     19       38
  AVERAGE         70                        53     17       52

PRECIPITATION (IN)
  YESTERDAY        T             5.26 2005   0.14  -0.14     0.00
  MONTH TO DATE    1.87                      2.10  -0.23     1.97
  SINCE SEP 1      3.49                      5.98  -2.49     5.55
  SINCE JAN 1     35.46                     36.25  -0.79    43.55

SNOWFALL (IN)
  YESTERDAY        0.0           0.0  2009   0.0    0.0      0.0
                                      2008
                                      2007
  MONTH TO DATE    0.0                       0.0    0.0      0.0
  SINCE SEP 1      0.0                       0.0    0.0      0.0
  SINCE JUL 1      0.0                       0.0    0.0      0.0
  SNOW DEPTH       0

DEGREE DAYS
 HEATING
  YESTERDAY        0                        13    -13       13
  MONTH TO DATE  121                       146    -25       87
  SINCE SEP 1    205                       256    -51      218
  SINCE JUL 1    207                       268    -61      220

 COOLING
  YESTERDAY        5                         0      5        0
  MONTH TO DATE    5                         5      0        5
  SINCE SEP 1    102                        79     23       70
  SINCE JAN 1    761                       754      7      894
..................................................................


WIND (MPH)
  RESULTANT WIND SPEED   9   RESULTANT WIND DIRECTION   S (180)
  HIGHEST WIND SPEED    22   HIGHEST WIND DIRECTION     S (180)
  HIGHEST GUST SPEED    27   HIGHEST GUST DIRECTION    SW (210)
  AVERAGE WIND SPEED     9.3


SKY COVER
  POSSIBLE SUNSHINE  MM
  AVERAGE SKY COVER 0.8


WEATHER CONDITIONS
 THE FOLLOWING WEATHER WAS RECORDED YESTERDAY.
  LIGHT RAIN
  FOG


RELATIVE HUMIDITY (PERCENT)
 HIGHEST    93           700 AM
 LOWEST     54           300 PM
 AVERAGE    74

..........................................................


THE HARTFORD CT CLIMATE NORMALS FOR TODAY
                         NORMAL    RECORD    YEAR
 MAXIMUM TEMPERATURE (F)   63        85      1975
 MINIMUM TEMPERATURE (F)   41        26      1978


SUNRISE AND SUNSET
OCTOBER 15 2014.......SUNRISE   703 AM EDT   SUNSET   609 PM EDT
OCTOBER 16 2014.......SUNRISE   704 AM EDT   SUNSET   608 PM EDT


-  INDICATES NEGATIVE NUMBERS.
R  INDICATES RECORD WAS SET OR TIED.
MM INDICATES DATA IS MISSING.
T  INDICATES TRACE AMOUNT.




$$
