000
CDUS41 KBOX 080538
CLIBDL


CLIMATE REPORT
NATIONAL WEATHER SERVICE TAUNTON MA
135 AM EDT MON SEP 8 2014


...................................

...THE HARTFORD CT CLIMATE SUMMARY FOR SEPTEMBER 7 2014...

CLIMATE NORMAL PERIOD 1981 TO 2010
CLIMATE RECORD PERIOD 1904 TO 2014


WEATHER ITEM   OBSERVED TIME   RECORD YEAR NORMAL DEPARTURE LAST
                VALUE   (LST)  VALUE       VALUE  FROM      YEAR
                                                  NORMAL
..................................................................
TEMPERATURE (F)
 YESTERDAY
  MAXIMUM         80    349 PM  93    2007  78      2       79
  MINIMUM         56   1144 PM  37    1984  56      0       47
                                      1962
  AVERAGE         68                        67      1       63

PRECIPITATION (IN)
  YESTERDAY        0.01          1.15 1925   0.11  -0.10      T
  MONTH TO DATE    0.21                      0.75  -0.54     1.41
  SINCE SEP 1      0.21                      0.75  -0.54     1.41
  SINCE JAN 1     32.18                     31.02   1.16    39.41

SNOWFALL (IN)
  YESTERDAY        0.0           0.0  2002   0.0    0.0      0.0
                                      2001
                                      2000
  MONTH TO DATE    0.0                       0.0    0.0      0.0
  SINCE SEP 1      0.0                       0.0    0.0      0.0
  SINCE JUL 1      0.0                       0.0    0.0      0.0
  SNOW DEPTH       0

DEGREE DAYS
 HEATING
  YESTERDAY        0                         2     -2        2
  MONTH TO DATE    0                         8     -8       10
  SINCE SEP 1      0                         8     -8       10
  SINCE JUL 1      2                        20    -18       12

 COOLING
  YESTERDAY        3                         4     -1        0
  MONTH TO DATE   76                        31     45       27
  SINCE SEP 1     76                        31     45       27
  SINCE JAN 1    735                       706     29      851
..................................................................


WIND (MPH)
  RESULTANT WIND SPEED   4   RESULTANT WIND DIRECTION   N (350)
  HIGHEST WIND SPEED    13   HIGHEST WIND DIRECTION    NW (320)
  HIGHEST GUST SPEED    20   HIGHEST GUST DIRECTION    NW (330)
  AVERAGE WIND SPEED     4.7


SKY COVER
  POSSIBLE SUNSHINE  MM
  AVERAGE SKY COVER 0.5


WEATHER CONDITIONS
 THE FOLLOWING WEATHER WAS RECORDED YESTERDAY.
  LIGHT RAIN


RELATIVE HUMIDITY (PERCENT)
 HIGHEST    93           500 AM
 LOWEST     30           200 PM
 AVERAGE    62

..........................................................


THE HARTFORD CT CLIMATE NORMALS FOR TODAY
                         NORMAL    RECORD    YEAR
 MAXIMUM TEMPERATURE (F)   78        95      2007
 MINIMUM TEMPERATURE (F)   56        39      1984


SUNRISE AND SUNSET
SEPTEMBER  8 2014.....SUNRISE   624 AM EDT   SUNSET   712 PM EDT
SEPTEMBER  9 2014.....SUNRISE   625 AM EDT   SUNSET   711 PM EDT


-  INDICATES NEGATIVE NUMBERS.
R  INDICATES RECORD WAS SET OR TIED.
MM INDICATES DATA IS MISSING.
T  INDICATES TRACE AMOUNT.




$$
