000
CDUS41 KBOX 181238
CLIBDL


CLIMATE REPORT
NATIONAL WEATHER SERVICE TAUNTON MA
735 AM EST WED FEB 18 2015


...................................

...THE HARTFORD CT CLIMATE SUMMARY FOR FEBRUARY 17 2015...

CLIMATE NORMAL PERIOD 1981 TO 2010
CLIMATE RECORD PERIOD 1904 TO 2015


WEATHER ITEM   OBSERVED TIME   RECORD YEAR NORMAL DEPARTURE LAST
                VALUE   (LST)  VALUE       VALUE  FROM      YEAR
                                                  NORMAL
..................................................................
TEMPERATURE (F)
 YESTERDAY
  MAXIMUM         23    308 PM  64    1981  39    -16       29
  MINIMUM          4   1157 PM  -6    1922  21    -17        5
  AVERAGE         14                        30    -16       17

PRECIPITATION (IN)
  YESTERDAY        T             1.16 1952   0.10  -0.10     0.00
  MONTH TO DATE    2.05                      1.73   0.32     3.14
  SINCE DEC 1      9.83                      8.40   1.43    10.47
  SINCE JAN 1      5.28                      4.96   0.32     6.55

SNOWFALL (IN)
  YESTERDAY        T            15.0  2003   0.4   -0.4      0.0
  MONTH TO DATE   23.9                       7.3   16.6     23.0
  SINCE DEC 1     41.7                      27.0   14.7     46.0
  SINCE JUL 1     46.8                      29.0   17.8     46.0
  SNOW DEPTH      23

DEGREE DAYS
 HEATING
  YESTERDAY       51                        35     16       48
  MONTH TO DATE  826                       621    205      706
  SINCE DEC 1   3013                      2864    149     3020
  SINCE JUL 1   4110                      4071     39     4252

 COOLING
  YESTERDAY        0                         0      0        0
  MONTH TO DATE    0                         0      0        0
  SINCE DEC 1      0                         0      0        0
  SINCE JAN 1      0                         0      0        0
..................................................................


WIND (MPH)
  RESULTANT WIND SPEED   3   RESULTANT WIND DIRECTION   N (360)
  HIGHEST WIND SPEED    13   HIGHEST WIND DIRECTION     N (10)
  HIGHEST GUST SPEED    15   HIGHEST GUST DIRECTION     N (360)
  AVERAGE WIND SPEED     3.7


SKY COVER
  POSSIBLE SUNSHINE  MM
  AVERAGE SKY COVER 0.8


WEATHER CONDITIONS
 THE FOLLOWING WEATHER WAS RECORDED YESTERDAY.
  LIGHT SNOW


RELATIVE HUMIDITY (PERCENT)
 HIGHEST    73          1100 PM
 LOWEST     41           100 AM
 AVERAGE    57

..........................................................


THE HARTFORD CT CLIMATE NORMALS FOR TODAY
                         NORMAL    RECORD    YEAR
 MAXIMUM TEMPERATURE (F)   39        68      1981
 MINIMUM TEMPERATURE (F)   22        -9      1979


SUNRISE AND SUNSET
FEBRUARY 18 2015......SUNRISE   643 AM EST   SUNSET   527 PM EST
FEBRUARY 19 2015......SUNRISE   641 AM EST   SUNSET   528 PM EST


-  INDICATES NEGATIVE NUMBERS.
R  INDICATES RECORD WAS SET OR TIED.
MM INDICATES DATA IS MISSING.
T  INDICATES TRACE AMOUNT.




$$
