503
CDUS41 KBOX 140545
CLIBDL


CLIMATE REPORT
NATIONAL WEATHER SERVICE TAUNTON MA
143 AM EDT FRI APR 14 2017


...................................

...THE HARTFORD CT CLIMATE SUMMARY FOR APRIL 13 2017...

CLIMATE NORMAL PERIOD 1981 TO 2010
CLIMATE RECORD PERIOD 1904 TO 2017


WEATHER ITEM   OBSERVED TIME   RECORD YEAR NORMAL DEPARTURE LAST
                VALUE   (LST)  VALUE       VALUE  FROM      YEAR
                                                  NORMAL
..................................................................
TEMPERATURE (F)
 YESTERDAY
  MAXIMUM         62    307 PM  86    1977  60      2       56
  MINIMUM         41    429 AM  24    1990  38      3       31
  AVERAGE         52                        49      3       44

PRECIPITATION (IN)
  YESTERDAY        0.00          2.25 2004   0.13  -0.13     0.00
  MONTH TO DATE    2.27                      1.65   0.62     1.60
  SINCE MAR 1      6.20                      5.27   0.93     3.80
  SINCE JAN 1     12.18                     11.39   0.79    10.63

SNOWFALL (IN)
  YESTERDAY        0.0           1.8  1918   0.1   -0.1      0.0
  MONTH TO DATE    0.5                       1.0   -0.5      6.9
  SINCE MAR 1     19.6                       7.4   12.2      9.8
  SINCE JUL 1     62.3                      40.1   22.2     26.9
  SNOW DEPTH       0

DEGREE DAYS
 HEATING
  YESTERDAY       13                        17     -4       21
  MONTH TO DATE  207                       247    -40      310
  SINCE MAR 1   1184                      1090     94      954
  SINCE JUL 1   5077                      5528   -451     4630

 COOLING
  YESTERDAY        0                         0      0        0
  MONTH TO DATE    4                         0      4        0
  SINCE MAR 1      4                         0      4        0
  SINCE JAN 1      4                         0      4        0
..................................................................


WIND (MPH)
  RESULTANT WIND SPEED   9   RESULTANT WIND DIRECTION  NW (330)
  HIGHEST WIND SPEED    22   HIGHEST WIND DIRECTION    NW (310)
  HIGHEST GUST SPEED    33   HIGHEST GUST DIRECTION    NW (300)
  AVERAGE WIND SPEED     8.5


SKY COVER
  POSSIBLE SUNSHINE  MM
  AVERAGE SKY COVER 0.6


WEATHER CONDITIONS
 THE FOLLOWING WEATHER WAS RECORDED YESTERDAY.
  NO SIGNIFICANT WEATHER WAS OBSERVED.


RELATIVE HUMIDITY (PERCENT)
 HIGHEST    70           400 AM
 LOWEST     28           300 PM
 AVERAGE    49

..........................................................


THE HARTFORD CT CLIMATE NORMALS FOR TODAY
                         NORMAL    RECORD    YEAR
 MAXIMUM TEMPERATURE (F)   60        82      1941
 MINIMUM TEMPERATURE (F)   38        24      1959


SUNRISE AND SUNSET
APRIL 14 2017.........SUNRISE   612 AM EDT   SUNSET   731 PM EDT
APRIL 15 2017.........SUNRISE   610 AM EDT   SUNSET   732 PM EDT


-  INDICATES NEGATIVE NUMBERS.
R  INDICATES RECORD WAS SET OR TIED.
MM INDICATES DATA IS MISSING.
T  INDICATES TRACE AMOUNT.




$$
