000
CDUS41 KBOX 152127
CLIBDL


CLIMATE REPORT
NATIONAL WEATHER SERVICE TAUNTON MA
527 PM EDT FRI AUG 15 2014


...................................

...THE HARTFORD CT CLIMATE SUMMARY FOR AUGUST 15 2014...
VALID AS OF 0500 PM LOCAL TIME.

CLIMATE NORMAL PERIOD 1981 TO 2010
CLIMATE RECORD PERIOD 1904 TO 2014


WEATHER ITEM   OBSERVED TIME   RECORD YEAR NORMAL DEPARTURE LAST
                VALUE   (LST)  VALUE       VALUE  FROM      YEAR
                                                  NORMAL
..................................................................
TEMPERATURE (F)
 TODAY
  MAXIMUM         72   1109 AM  97    1996  83    -11       78
                                      1988
  MINIMUM         54    434 AM  46    1964  62     -8       54
  AVERAGE         63                        72     -9       66

PRECIPITATION (IN)
  TODAY            0.01          1.33 2012   0.13  -0.12     0.00
  MONTH TO DATE    3.30                      2.12   1.18     5.31
  SINCE JUN 1      9.50                     10.65  -1.15    20.29
  SINCE JAN 1     31.51                     28.46   3.05    36.43

SNOWFALL (IN)
  TODAY            0.0           0.0  2002   0.0    0.0      0.0
                                      2001
                                      2000
  MONTH TO DATE    0.0                       0.0    0.0      0.0
  SINCE JUN 1      0.0                       0.0    0.0      0.0
  SINCE JUL 1      0.0                       0.0    0.0      0.0
  SNOW DEPTH       0

DEGREE DAYS
 HEATING
  TODAY            2                         0      2        0
  MONTH TO DATE    2                         0      2        0
  SINCE JUN 1      8                        43    -35       35
  SINCE JUL 1      2                         3     -1        2

 COOLING
  TODAY            0                         8     -8        1
  MONTH TO DATE   91                       123    -32       75
  SINCE JUN 1    543                       536      7      663
  SINCE JAN 1    575                       575      0      717
..................................................................


WIND (MPH)
  HIGHEST WIND SPEED    18   HIGHEST WIND DIRECTION     W (290)
  HIGHEST GUST SPEED    23   HIGHEST GUST DIRECTION     W (280)
  AVERAGE WIND SPEED     6.2


SKY COVER
  POSSIBLE SUNSHINE  MM
  AVERAGE SKY COVER 0.7


WEATHER CONDITIONS
 THE FOLLOWING WEATHER WAS RECORDED TODAY.
  LIGHT RAIN


RELATIVE HUMIDITY (PERCENT)
 HIGHEST    93           300 AM
 LOWEST     47          1100 AM
 AVERAGE    70

..........................................................


THE HARTFORD CT CLIMATE NORMALS FOR TOMORROW
                         NORMAL    RECORD    YEAR
 MAXIMUM TEMPERATURE (F)   83        97      2002
                                             1970
 MINIMUM TEMPERATURE (F)   61        47      1972
                                             1968


SUNRISE AND SUNSET
AUGUST 15 2014........SUNRISE   559 AM EDT   SUNSET   751 PM EDT
AUGUST 16 2014........SUNRISE   600 AM EDT   SUNSET   750 PM EDT


-  INDICATES NEGATIVE NUMBERS.
R  INDICATES RECORD WAS SET OR TIED.
MM INDICATES DATA IS MISSING.
T  INDICATES TRACE AMOUNT.




$$
