000
CDUS41 KBOX 100549
CLIBDL


CLIMATE REPORT
NATIONAL WEATHER SERVICE TAUNTON MA
143 AM EDT TUE OCT 10 2017


...................................

...THE HARTFORD CT CLIMATE SUMMARY FOR OCTOBER 9 2017...

CLIMATE NORMAL PERIOD 1981 TO 2010
CLIMATE RECORD PERIOD 1904 TO 2017


WEATHER ITEM   OBSERVED TIME   RECORD YEAR NORMAL DEPARTURE LAST
                VALUE   (LST)  VALUE       VALUE  FROM      YEAR
                                                  NORMAL
..................................................................
TEMPERATURE (F)
 YESTERDAY
  MAXIMUM         74    211 PM  85    2011  66      8       64
  MINIMUM         69    339 AM  28    2001  43     26       46
                                      2000
                                      1988
  AVERAGE         72                        54     18       55

PRECIPITATION (IN)
  YESTERDAY        0.27          1.91 1977   0.15   0.12     0.39
  MONTH TO DATE    0.72                      1.36  -0.64     0.45
  SINCE SEP 1      2.97                      5.24  -2.27     2.87
  SINCE JAN 1     34.08                     35.51  -1.43    25.21

SNOWFALL (IN)
  YESTERDAY        0.0           T    1972   0.0    0.0      0.0
  MONTH TO DATE    0.0                       0.0    0.0      0.0
  SINCE SEP 1      0.0                       0.0    0.0      0.0
  SINCE JUL 1      0.0                       0.0    0.0      0.0
  SNOW DEPTH       0

DEGREE DAYS
 HEATING
  YESTERDAY        0                        11    -11       10
  MONTH TO DATE   30                        86    -56       70
  SINCE SEP 1     89                       196   -107      128
  SINCE JUL 1    105                       208   -103      128

 COOLING
  YESTERDAY        7                         0      7        0
  MONTH TO DATE   26                         5     21        0
  SINCE SEP 1    168                        79     89      126
  SINCE JAN 1    855                       754    101     1056
..................................................................


WIND (MPH)
  RESULTANT WIND SPEED  11   RESULTANT WIND DIRECTION   S (190)
  HIGHEST WIND SPEED    24   HIGHEST WIND DIRECTION     S (180)
  HIGHEST GUST SPEED    32   HIGHEST GUST DIRECTION     S (170)
  AVERAGE WIND SPEED    10.4


SKY COVER
  POSSIBLE SUNSHINE  MM
  AVERAGE SKY COVER 1.0


WEATHER CONDITIONS
 THE FOLLOWING WEATHER WAS RECORDED YESTERDAY.
  RAIN
  LIGHT RAIN
  FOG


RELATIVE HUMIDITY (PERCENT)
 HIGHEST   100          1200 AM
 LOWEST     93          1200 PM
 AVERAGE    97

..........................................................


THE HARTFORD CT CLIMATE NORMALS FOR TODAY
                         NORMAL    RECORD    YEAR
 MAXIMUM TEMPERATURE (F)   65        89      1949
                                             1939
 MINIMUM TEMPERATURE (F)   43        29      1989


SUNRISE AND SUNSET
OCTOBER 10 2017.......SUNRISE   658 AM EDT   SUNSET   617 PM EDT
OCTOBER 11 2017.......SUNRISE   659 AM EDT   SUNSET   615 PM EDT


-  INDICATES NEGATIVE NUMBERS.
R  INDICATES RECORD WAS SET OR TIED.
MM INDICATES DATA IS MISSING.
T  INDICATES TRACE AMOUNT.




$$
