002
CDUS41 KBOX 190546
CLIBDL


CLIMATE REPORT
NATIONAL WEATHER SERVICE TAUNTON MA
140 AM EDT SUN MAR 19 2017


...................................

...THE HARTFORD CT CLIMATE SUMMARY FOR MARCH 18 2017...

CLIMATE NORMAL PERIOD 1981 TO 2010
CLIMATE RECORD PERIOD 1904 TO 2017


WEATHER ITEM   OBSERVED TIME   RECORD YEAR NORMAL DEPARTURE LAST
                VALUE   (LST)  VALUE       VALUE  FROM      YEAR
                                                  NORMAL
..................................................................
TEMPERATURE (F)
 YESTERDAY
  MAXIMUM         42    424 PM  72    2012  48     -6       53
  MINIMUM         15    250 AM   1    1956  28    -13       32
  AVERAGE         29                        38     -9       43

PRECIPITATION (IN)
  YESTERDAY        T             2.06 1936   0.12  -0.12      T
  MONTH TO DATE    1.89                      2.01  -0.12     1.39
  SINCE MAR 1      1.89                      2.01  -0.12     1.39
  SINCE JAN 1      7.87                      8.13  -0.26     8.22

SNOWFALL (IN)
  YESTERDAY        T             7.4  1977   0.2   -0.2       T
  MONTH TO DATE   18.1                       4.4   13.7      0.2
  SINCE MAR 1     18.1                       4.4   13.7      0.2
  SINCE JUL 1     60.8                      37.1   23.7     17.3
  SNOW DEPTH      10

DEGREE DAYS
 HEATING
  YESTERDAY       36                        27      9       22
  MONTH TO DATE  615                       530     85      372
  SINCE MAR 1    615                       530     85      372
  SINCE JUL 1   4508                      4968   -460     4048

 COOLING
  YESTERDAY        0                         0      0        0
  MONTH TO DATE    0                         0      0        0
  SINCE MAR 1      0                         0      0        0
  SINCE JAN 1      0                         0      0        0
..................................................................


WIND (MPH)
  RESULTANT WIND SPEED   5   RESULTANT WIND DIRECTION  NE (30)
  HIGHEST WIND SPEED    21   HIGHEST WIND DIRECTION    SE (130)
  HIGHEST GUST SPEED    27   HIGHEST GUST DIRECTION    SE (130)
  AVERAGE WIND SPEED     8.3


SKY COVER
  POSSIBLE SUNSHINE  MM
  AVERAGE SKY COVER 0.6


WEATHER CONDITIONS
 THE FOLLOWING WEATHER WAS RECORDED YESTERDAY.
  LIGHT RAIN
  SNOW
  LIGHT SNOW


RELATIVE HUMIDITY (PERCENT)
 HIGHEST    73           300 AM
 LOWEST     37           100 PM
 AVERAGE    55

..........................................................


THE HARTFORD CT CLIMATE NORMALS FOR TODAY
                         NORMAL    RECORD    YEAR
 MAXIMUM TEMPERATURE (F)   49        79      2012
 MINIMUM TEMPERATURE (F)   29        -6      1967


SUNRISE AND SUNSET
MARCH 19 2017.........SUNRISE   655 AM EDT   SUNSET   702 PM EDT
MARCH 20 2017.........SUNRISE   654 AM EDT   SUNSET   703 PM EDT


-  INDICATES NEGATIVE NUMBERS.
R  INDICATES RECORD WAS SET OR TIED.
MM INDICATES DATA IS MISSING.
T  INDICATES TRACE AMOUNT.




$$
