000
CDUS41 KBOX 190535
CLIBDL


CLIMATE REPORT
NATIONAL WEATHER SERVICE TAUNTON MA
134 AM EDT SUN JUL 19 2015


...................................

...THE HARTFORD CT CLIMATE SUMMARY FOR JULY 18 2015...

CLIMATE NORMAL PERIOD 1981 TO 2010
CLIMATE RECORD PERIOD 1904 TO 2015


WEATHER ITEM   OBSERVED TIME   RECORD YEAR NORMAL DEPARTURE LAST
                VALUE   (LST)  VALUE       VALUE  FROM      YEAR
                                                  NORMAL
..................................................................
TEMPERATURE (F)
 YESTERDAY
  MAXIMUM         83    439 PM 100    2012  85     -2       83
  MINIMUM         67    318 AM  50    1956  63      4       55
  AVERAGE         75                        74      1       69

PRECIPITATION (IN)
  YESTERDAY        0.05          2.28 1938   0.14  -0.09     0.00
  MONTH TO DATE    2.35                      2.30   0.05     3.32
  SINCE JUN 1      9.03                      6.65   2.38     5.03
  SINCE JAN 1     22.60                     24.46  -1.86    27.04

SNOWFALL (IN)
  YESTERDAY        0.0           0.0  2002   0.0    0.0      0.0
                                      2001
                                      2000
  MONTH TO DATE    0.0                       0.0    0.0      0.0
  SINCE JUN 1      0.0                       0.0    0.0      0.0
  SINCE JUL 1      0.0                       0.0    0.0      0.0
  SNOW DEPTH       0

DEGREE DAYS
 HEATING
  YESTERDAY        0                         0      0        0
  MONTH TO DATE    1                         0      1        0
  SINCE JUN 1     49                        40      9        6
  SINCE JUL 1      1                         0      1        0

 COOLING
  YESTERDAY       10                         9      1        4
  MONTH TO DATE  133                       154    -21      202
  SINCE JUN 1    265                       298    -33      350
  SINCE JAN 1    382                       337     45      382
..................................................................


WIND (MPH)
  RESULTANT WIND SPEED  10   RESULTANT WIND DIRECTION   S (190)
  HIGHEST WIND SPEED    17   HIGHEST WIND DIRECTION     S (190)
  HIGHEST GUST SPEED    20   HIGHEST GUST DIRECTION     S (180)
  AVERAGE WIND SPEED     9.7


SKY COVER
  POSSIBLE SUNSHINE  MM
  AVERAGE SKY COVER 0.9


WEATHER CONDITIONS
 THE FOLLOWING WEATHER WAS RECORDED YESTERDAY.
  THUNDERSTORM
  HEAVY RAIN
  HAZE


RELATIVE HUMIDITY (PERCENT)
 HIGHEST    87          1100 PM
 LOWEST     65           400 PM
 AVERAGE    76

..........................................................


THE HARTFORD CT CLIMATE NORMALS FOR TODAY
                         NORMAL    RECORD    YEAR
 MAXIMUM TEMPERATURE (F)   85       100      1991
 MINIMUM TEMPERATURE (F)   63        51      1956


SUNRISE AND SUNSET
JULY 19 2015..........SUNRISE   532 AM EDT   SUNSET   822 PM EDT
JULY 20 2015..........SUNRISE   533 AM EDT   SUNSET   821 PM EDT


-  INDICATES NEGATIVE NUMBERS.
R  INDICATES RECORD WAS SET OR TIED.
MM INDICATES DATA IS MISSING.
T  INDICATES TRACE AMOUNT.




$$
