319
CDUS41 KBOX 180529
CLIBDL


CLIMATE REPORT
NATIONAL WEATHER SERVICE TAUNTON MA
1228 AM EST SUN FEB 18 2018


...................................

...THE HARTFORD CT CLIMATE SUMMARY FOR FEBRUARY 17 2018...

CLIMATE NORMAL PERIOD 1981 TO 2010
CLIMATE RECORD PERIOD 1904 TO 2018


WEATHER ITEM   OBSERVED TIME   RECORD YEAR NORMAL DEPARTURE LAST
                VALUE   (LST)  VALUE       VALUE  FROM      YEAR
                                                  NORMAL
..................................................................
TEMPERATURE (F)
 YESTERDAY
  MAXIMUM         39    315 PM  64    1981  39      0       37
  MINIMUM         23    653 AM  -6    1922  21      2       21
  AVERAGE         31                        30      1       29

PRECIPITATION (IN)
  YESTERDAY        0.37          1.16 1952   0.10   0.27     0.00
  MONTH TO DATE    3.67                      1.73   1.94     2.09
  SINCE DEC 1      9.94                      8.40   1.54     8.31
  SINCE JAN 1      7.53                      4.96   2.57     5.58

SNOWFALL (IN)
  YESTERDAY        3.3          15.0  2003   0.4    2.9      0.0
  MONTH TO DATE    5.7                       7.3   -1.6     22.6
  SINCE DEC 1     29.2                      27.0    2.2     41.2
  SINCE JUL 1     29.2                      29.0    0.2     42.7
  SNOW DEPTH       0

DEGREE DAYS
 HEATING
  YESTERDAY       34                        35     -1       36
  MONTH TO DATE  578                       621    -43      620
  SINCE DEC 1   2964                      2864    100     2623
  SINCE JUL 1   3955                      4071   -116     3660

 COOLING
  YESTERDAY        0                         0      0        0
  MONTH TO DATE    0                         0      0        0
  SINCE DEC 1      0                         0      0        0
  SINCE JAN 1      0                         0      0        0
..................................................................


WIND (MPH)
  RESULTANT WIND SPEED   1   RESULTANT WIND DIRECTION   W (280)
  HIGHEST WIND SPEED    21   HIGHEST WIND DIRECTION     S (200)
  HIGHEST GUST SPEED    27   HIGHEST GUST DIRECTION     S (190)
  AVERAGE WIND SPEED     7.9


SKY COVER
  POSSIBLE SUNSHINE  MM
  AVERAGE SKY COVER 0.6


WEATHER CONDITIONS
 THE FOLLOWING WEATHER WAS RECORDED YESTERDAY.
  SNOW
  LIGHT SNOW
  FOG


RELATIVE HUMIDITY (PERCENT)
 HIGHEST   100           800 PM
 LOWEST     29           300 PM
 AVERAGE    65

..........................................................


THE HARTFORD CT CLIMATE NORMALS FOR TODAY
                         NORMAL    RECORD    YEAR
 MAXIMUM TEMPERATURE (F)   39        68      1981
 MINIMUM TEMPERATURE (F)   22        -9      1979


SUNRISE AND SUNSET
FEBRUARY 18 2018......SUNRISE   642 AM EST   SUNSET   527 PM EST
FEBRUARY 19 2018......SUNRISE   641 AM EST   SUNSET   529 PM EST


-  INDICATES NEGATIVE NUMBERS.
R  INDICATES RECORD WAS SET OR TIED.
MM INDICATES DATA IS MISSING.
T  INDICATES TRACE AMOUNT.




$$
