000
CDUS41 KBOX 282127
CLIBDL


CLIMATE REPORT
NATIONAL WEATHER SERVICE TAUNTON MA
417 PM EST TUE NOV 28 2017


...................................

...THE HARTFORD CT CLIMATE SUMMARY FOR NOVEMBER 28 2017...
VALID AS OF 0400 PM LOCAL TIME.

CLIMATE NORMAL PERIOD 1981 TO 2010
CLIMATE RECORD PERIOD 1904 TO 2017


WEATHER ITEM   OBSERVED TIME   RECORD YEAR NORMAL DEPARTURE LAST
                VALUE   (LST)  VALUE       VALUE  FROM      YEAR
                                                  NORMAL
..................................................................
TEMPERATURE (F)
 TODAY
  MAXIMUM         45    235 PM  71    1990  47     -2       50
  MINIMUM         21    709 AM  12    2002  30     -9       21
  AVERAGE         33                        38     -5       36

PRECIPITATION (IN)
  TODAY            0.00          3.34 1937   0.14  -0.14     0.00
  MONTH TO DATE    1.02                      3.63  -2.61     1.38
  SINCE SEP 1     12.04                     11.88   0.16     5.97
  SINCE JAN 1     43.15                     42.15   1.00    28.31

SNOWFALL (IN)
  TODAY            0.0           1.3  1994   0.1   -0.1      0.0
  MONTH TO DATE    T                         1.7   -1.7       T
  SINCE SEP 1      T                         1.7   -1.7      1.5
  SINCE JUL 1      T                         1.7   -1.7      1.5
  SNOW DEPTH       0

DEGREE DAYS
 HEATING
  TODAY           32                        27      5       29
  MONTH TO DATE  683                       623     60      586
  SINCE SEP 1    928                      1140   -212      995
  SINCE JUL 1    944                      1152   -208      995

 COOLING
  TODAY            0                         0      0        0
  MONTH TO DATE    0                         0      0        0
  SINCE SEP 1    178                        81     97      138
  SINCE JAN 1    865                       756    109     1068
..................................................................


WIND (MPH)
  HIGHEST WIND SPEED    17   HIGHEST WIND DIRECTION     S (190)
  HIGHEST GUST SPEED    33   HIGHEST GUST DIRECTION     W (270)
  AVERAGE WIND SPEED     5.9


SKY COVER
  POSSIBLE SUNSHINE  MM
  AVERAGE SKY COVER 0.4


WEATHER CONDITIONS
 THE FOLLOWING WEATHER WAS RECORDED TODAY.
  NO SIGNIFICANT WEATHER WAS OBSERVED.


RELATIVE HUMIDITY (PERCENT)
 HIGHEST    77           600 AM
 LOWEST     36           200 PM
 AVERAGE    57

..........................................................


THE HARTFORD CT CLIMATE NORMALS FOR TOMORROW
                         NORMAL    RECORD    YEAR
 MAXIMUM TEMPERATURE (F)   46        66      2011
 MINIMUM TEMPERATURE (F)   29        13      1996
                                             1940


SUNRISE AND SUNSET
NOVEMBER 28 2017......SUNRISE   656 AM EST   SUNSET   421 PM EST
NOVEMBER 29 2017......SUNRISE   657 AM EST   SUNSET   421 PM EST


-  INDICATES NEGATIVE NUMBERS.
R  INDICATES RECORD WAS SET OR TIED.
MM INDICATES DATA IS MISSING.
T  INDICATES TRACE AMOUNT.




$$
