000
CDUS41 KBOX 042120
CLIBDL


CLIMATE REPORT
NATIONAL WEATHER SERVICE TAUNTON MA
520 PM EDT FRI SEP 4 2015


...................................

...THE HARTFORD CT CLIMATE SUMMARY FOR SEPTEMBER 4 2015...
VALID AS OF 0500 PM LOCAL TIME.

CLIMATE NORMAL PERIOD 1981 TO 2010
CLIMATE RECORD PERIOD 1904 TO 2015


WEATHER ITEM   OBSERVED TIME   RECORD YEAR NORMAL DEPARTURE LAST
                VALUE   (LST)  VALUE       VALUE  FROM      YEAR
                                                  NORMAL
..................................................................
TEMPERATURE (F)
 TODAY
  MAXIMUM         83    250 PM  96    1973  79      4       88
  MINIMUM         69    447 AM  44    1987  57     12       56
  AVERAGE         76                        68      8       72

PRECIPITATION (IN)
  TODAY            0.00          2.93 1935   0.11  -0.11     0.00
  MONTH TO DATE    0.00                      0.43  -0.43     0.17
  SINCE SEP 1      0.00                      0.43  -0.43     0.17
  SINCE JAN 1     25.41                     30.70  -5.29    32.14

SNOWFALL (IN)
  TODAY            0.0           0.0  2002   0.0    0.0      0.0
                                      2001
                                      2000
  MONTH TO DATE    0.0                       0.0    0.0      0.0
  SINCE SEP 1      0.0                       0.0    0.0      0.0
  SINCE JUL 1      0.0                       0.0    0.0      0.0
  SNOW DEPTH       0

DEGREE DAYS
 HEATING
  TODAY            0                         1     -1        0
  MONTH TO DATE    0                         4     -4        0
  SINCE SEP 1      0                         4     -4        0
  SINCE JUL 1      1                        16    -15        2

 COOLING
  TODAY           11                         4      7        7
  MONTH TO DATE   45                        19     26       47
  SINCE SEP 1     45                        19     26       47
  SINCE JAN 1    859                       694    165      706
..................................................................


WIND (MPH)
  HIGHEST WIND SPEED    20   HIGHEST WIND DIRECTION    NE (50)
  HIGHEST GUST SPEED    26   HIGHEST GUST DIRECTION    NE (50)
  AVERAGE WIND SPEED     9.6


SKY COVER
  POSSIBLE SUNSHINE  MM
  AVERAGE SKY COVER 0.5


WEATHER CONDITIONS
 THE FOLLOWING WEATHER WAS RECORDED TODAY.
  NO SIGNIFICANT WEATHER WAS OBSERVED.


RELATIVE HUMIDITY (PERCENT)
 HIGHEST    84          1200 AM
 LOWEST     45           400 PM
 AVERAGE    65

..........................................................


THE HARTFORD CT CLIMATE NORMALS FOR TOMORROW
                         NORMAL    RECORD    YEAR
 MAXIMUM TEMPERATURE (F)   79        93      1983
 MINIMUM TEMPERATURE (F)   57        44      1989
                                             1987
                                             1906


SUNRISE AND SUNSET
SEPTEMBER  4 2015.....SUNRISE   619 AM EDT   SUNSET   720 PM EDT
SEPTEMBER  5 2015.....SUNRISE   620 AM EDT   SUNSET   718 PM EDT


-  INDICATES NEGATIVE NUMBERS.
R  INDICATES RECORD WAS SET OR TIED.
MM INDICATES DATA IS MISSING.
T  INDICATES TRACE AMOUNT.




$$
