000
CDUS41 KBOX 290627
CLIBDL


CLIMATE REPORT
NATIONAL WEATHER SERVICE TAUNTON MA
221 AM EDT MON JUN 29 2015


...................................

...THE HARTFORD CT CLIMATE SUMMARY FOR JUNE 28 2015...

CLIMATE NORMAL PERIOD 1981 TO 2010
CLIMATE RECORD PERIOD 1904 TO 2015


WEATHER ITEM   OBSERVED TIME   RECORD YEAR NORMAL DEPARTURE LAST
                VALUE   (LST)  VALUE       VALUE  FROM      YEAR
                                                  NORMAL
..................................................................
TEMPERATURE (F)
 YESTERDAY
  MAXIMUM         61    156 PM  97    1969  83    -22       88
  MINIMUM         55   1157 PM  44    1995  61     -6       57
  AVERAGE         58                        72    -14       73

PRECIPITATION (IN)
  YESTERDAY        0.83          1.59 1983   0.12   0.71     0.00
  MONTH TO DATE    6.67                      4.12   2.55     1.71
  SINCE JUN 1      6.67                      4.12   2.55     1.71
  SINCE JAN 1     20.24                     21.93  -1.69    23.72

SNOWFALL (IN)
  YESTERDAY        0.0           0.0  2002   0.0    0.0      0.0
                                      2001
                                      2000
  MONTH TO DATE    0.0                       0.0    0.0      0.0
  SINCE JUN 1      0.0                       0.0    0.0      0.0
  SINCE JUL 1     63.8                      40.5   23.3     51.1
  SNOW DEPTH       0

DEGREE DAYS
 HEATING
  YESTERDAY        7                         0      7        0
  MONTH TO DATE   48                        39      9        6
  SINCE JUN 1     48                        39      9        6
  SINCE JUL 1   6226                      5997    229     6359

 COOLING
  YESTERDAY        0                         7     -7        8
  MONTH TO DATE  125                       129     -4      130
  SINCE JUN 1    125                       129     -4      130
  SINCE JAN 1    242                       168     74      162
..................................................................


WIND (MPH)
  RESULTANT WIND SPEED  11   RESULTANT WIND DIRECTION   N (10)
  HIGHEST WIND SPEED    22   HIGHEST WIND DIRECTION     N (10)
  HIGHEST GUST SPEED    26   HIGHEST GUST DIRECTION     N (10)
  AVERAGE WIND SPEED    10.3


SKY COVER
  POSSIBLE SUNSHINE  MM
  AVERAGE SKY COVER 1.0


WEATHER CONDITIONS
 THE FOLLOWING WEATHER WAS RECORDED YESTERDAY.
  RAIN
  LIGHT RAIN
  FOG


RELATIVE HUMIDITY (PERCENT)
 HIGHEST   100           600 AM
 LOWEST     90          1100 AM
 AVERAGE    95

..........................................................


THE HARTFORD CT CLIMATE NORMALS FOR TODAY
                         NORMAL    RECORD    YEAR
 MAXIMUM TEMPERATURE (F)   83        98      1934
 MINIMUM TEMPERATURE (F)   61        46      1919


SUNRISE AND SUNSET
JUNE 29 2015..........SUNRISE   518 AM EDT   SUNSET   830 PM EDT
JUNE 30 2015..........SUNRISE   519 AM EDT   SUNSET   830 PM EDT


-  INDICATES NEGATIVE NUMBERS.
R  INDICATES RECORD WAS SET OR TIED.
MM INDICATES DATA IS MISSING.
T  INDICATES TRACE AMOUNT.




$$
