000
CDUS41 KBOX 210705
CLIBDL


CLIMATE REPORT
NATIONAL WEATHER SERVICE TAUNTON MA
304 AM EDT MON JUL 21 2014


...................................

...THE HARTFORD CT CLIMATE SUMMARY FOR JULY 20 2014...

CLIMATE NORMAL PERIOD 1981 TO 2010
CLIMATE RECORD PERIOD 1904 TO 2014


WEATHER ITEM   OBSERVED TIME   RECORD YEAR NORMAL DEPARTURE LAST
                VALUE   (LST)  VALUE       VALUE  FROM      YEAR
                                                  NORMAL
..................................................................
TEMPERATURE (F)
 YESTERDAY
  MAXIMUM         82    331 PM 100    1991  85     -3       94
  MINIMUM         60    349 AM  50    1929  63     -3       69
  AVERAGE         71                        74     -3       82

PRECIPITATION (IN)
  YESTERDAY        T             2.25 1949   0.13  -0.13     0.16
  MONTH TO DATE    3.32                      2.57   0.75     2.82
  SINCE JUN 1      5.03                      6.92  -1.89    13.61
  SINCE JAN 1     27.04                     24.73   2.31    29.75

SNOWFALL (IN)
  YESTERDAY        0.0           0.0  2002   0.0    0.0      0.0
                                      2001
                                      2000
  MONTH TO DATE    0.0                       0.0    0.0      0.0
  SINCE JUN 1      0.0                       0.0    0.0      0.0
  SINCE JUL 1      0.0                       0.0    0.0      0.0
  SNOW DEPTH       0

DEGREE DAYS
 HEATING
  YESTERDAY        0                         0      0        0
  MONTH TO DATE    0                         0      0        0
  SINCE JUN 1      6                        40    -34       33
  SINCE JUL 1      0                         0      0        0

 COOLING
  YESTERDAY        6                         9     -3       17
  MONTH TO DATE  211                       172     39      321
  SINCE JUN 1    359                       316     43      496
  SINCE JAN 1    391                       355     36      550
..................................................................


WIND (MPH)
  RESULTANT WIND SPEED   3   RESULTANT WIND DIRECTION  NE (40)
  HIGHEST WIND SPEED    12   HIGHEST WIND DIRECTION    SE (150)
  HIGHEST GUST SPEED    15   HIGHEST GUST DIRECTION     N (360)
  AVERAGE WIND SPEED     4.6


SKY COVER
  POSSIBLE SUNSHINE  MM
  AVERAGE SKY COVER 0.6


WEATHER CONDITIONS
 THE FOLLOWING WEATHER WAS RECORDED YESTERDAY.
  LIGHT RAIN


RELATIVE HUMIDITY (PERCENT)
 HIGHEST    90           300 AM
 LOWEST     36           100 PM
 AVERAGE    63

..........................................................


THE HARTFORD CT CLIMATE NORMALS FOR TODAY
                         NORMAL    RECORD    YEAR
 MAXIMUM TEMPERATURE (F)   85       101      1991
                                             1977
 MINIMUM TEMPERATURE (F)   63        50      1974
                                             1966


SUNRISE AND SUNSET
JULY 21 2014..........SUNRISE   534 AM EDT   SUNSET   820 PM EDT
JULY 22 2014..........SUNRISE   535 AM EDT   SUNSET   819 PM EDT


-  INDICATES NEGATIVE NUMBERS.
R  INDICATES RECORD WAS SET OR TIED.
MM INDICATES DATA IS MISSING.
T  INDICATES TRACE AMOUNT.




$$
