000
CDUS41 KBOX 222136
CLIBDL


CLIMATE REPORT
NATIONAL WEATHER SERVICE TAUNTON MA
426 PM EST SUN JAN 22 2017


...................................

...THE HARTFORD CT CLIMATE SUMMARY FOR JANUARY 22 2017...
VALID AS OF 0400 PM LOCAL TIME.

CLIMATE NORMAL PERIOD 1981 TO 2010
CLIMATE RECORD PERIOD 1904 TO 2017


WEATHER ITEM   OBSERVED TIME   RECORD YEAR NORMAL DEPARTURE LAST
                VALUE   (LST)  VALUE       VALUE  FROM      YEAR
                                                  NORMAL
..................................................................
TEMPERATURE (F)
 TODAY
  MAXIMUM         53    127 PM  58    1906  34     19       31
  MINIMUM         35   1238 AM -26    1961  18     17       13
  AVERAGE         44                        26     18       22

PRECIPITATION (IN)
  TODAY            0.00          1.55 1987   0.11  -0.11     0.00
  MONTH TO DATE    2.03                      2.29  -0.26     1.86
  SINCE DEC 1      4.76                      5.73  -0.97     6.11
  SINCE JAN 1      2.03                      2.29  -0.26     1.86

SNOWFALL (IN)
  TODAY            0.0          10.2  1987   0.4   -0.4      0.0
  MONTH TO DATE    4.1                       8.6   -4.5      0.4
  SINCE DEC 1     14.3                      16.0   -1.7      1.4
  SINCE JUL 1     15.8                      18.0   -2.2      1.4
  SNOW DEPTH       0

DEGREE DAYS
 HEATING
  TODAY           21                        39    -18       43
  MONTH TO DATE  717                       855   -138      786
  SINCE DEC 1   1727                      1892   -165     1456
  SINCE JUL 1   2764                      3099   -335     2440

 COOLING
  TODAY            0                         0      0        0
  MONTH TO DATE    0                         0      0        0
  SINCE DEC 1      0                         0      0        0
  SINCE JAN 1      0                         0      0        0
..................................................................


WIND (MPH)
  HIGHEST WIND SPEED    16   HIGHEST WIND DIRECTION     N (10)
  HIGHEST GUST SPEED    20   HIGHEST GUST DIRECTION     N (10)
  AVERAGE WIND SPEED     5.8


SKY COVER
  POSSIBLE SUNSHINE  MM
  AVERAGE SKY COVER 1.0


WEATHER CONDITIONS
 THE FOLLOWING WEATHER WAS RECORDED TODAY.
  FOG
  FOG W/VISIBILITY <= 1/4 MILE


RELATIVE HUMIDITY (PERCENT)
 HIGHEST   100          1200 AM
 LOWEST     71           100 PM
 AVERAGE    86

..........................................................


THE HARTFORD CT CLIMATE NORMALS FOR TOMORROW
                         NORMAL    RECORD    YEAR
 MAXIMUM TEMPERATURE (F)   34        60      1967
                                             1906
 MINIMUM TEMPERATURE (F)   18       -19      1961


SUNRISE AND SUNSET
JANUARY 22 2017.......SUNRISE   712 AM EST   SUNSET   453 PM EST
JANUARY 23 2017.......SUNRISE   711 AM EST   SUNSET   455 PM EST


-  INDICATES NEGATIVE NUMBERS.
R  INDICATES RECORD WAS SET OR TIED.
MM INDICATES DATA IS MISSING.
T  INDICATES TRACE AMOUNT.




$$
