000
CDUS41 KBOX 130549
CLIBDL


CLIMATE REPORT
NATIONAL WEATHER SERVICE TAUNTON MA
145 AM EDT SUN JUL 13 2014


...................................

...THE HARTFORD CT CLIMATE SUMMARY FOR JULY 12 2014...

CLIMATE NORMAL PERIOD 1981 TO 2010
CLIMATE RECORD PERIOD 1904 TO 2014


WEATHER ITEM   OBSERVED TIME   RECORD YEAR NORMAL DEPARTURE LAST
                VALUE   (LST)  VALUE       VALUE  FROM      YEAR
                                                  NORMAL
..................................................................
TEMPERATURE (F)
 YESTERDAY
  MAXIMUM         90    306 PM  97    1966  85      5       83
  MINIMUM         58    412 AM  48    2002  63     -5       68
                                      1978
                                      1945
  AVERAGE         74                        74      0       76

PRECIPITATION (IN)
  YESTERDAY        0.00          2.60 1920   0.14  -0.14      T
  MONTH TO DATE    1.71                      1.47   0.24     2.60
  SINCE JUN 1      3.42                      5.82  -2.40    13.39
  SINCE JAN 1     25.43                     23.63   1.80    29.53

SNOWFALL (IN)
  YESTERDAY        0.0           0.0  2002   0.0    0.0      0.0
                                      2001
                                      2000
  MONTH TO DATE    0.0                       0.0    0.0      0.0
  SINCE JUN 1      0.0                       0.0    0.0      0.0
  SINCE JUL 1      0.0                       0.0    0.0      0.0
  SNOW DEPTH       0

DEGREE DAYS
 HEATING
  YESTERDAY        0                         0      0        0
  MONTH TO DATE    0                         0      0        0
  SINCE JUN 1      6                        40    -34       33
  SINCE JUL 1      0                         0      0        0

 COOLING
  YESTERDAY        9                         9      0       11
  MONTH TO DATE  142                       100     42      182
  SINCE JUN 1    290                       244     46      357
  SINCE JAN 1    322                       283     39      411
..................................................................


WIND (MPH)
  RESULTANT WIND SPEED   4   RESULTANT WIND DIRECTION   S (200)
  HIGHEST WIND SPEED    20   HIGHEST WIND DIRECTION     S (200)
  HIGHEST GUST SPEED    23   HIGHEST GUST DIRECTION     S (200)
  AVERAGE WIND SPEED     6.0


SKY COVER
  POSSIBLE SUNSHINE  MM
  AVERAGE SKY COVER 0.3


WEATHER CONDITIONS
 THE FOLLOWING WEATHER WAS RECORDED YESTERDAY.
  NO SIGNIFICANT WEATHER WAS OBSERVED.


RELATIVE HUMIDITY (PERCENT)
 HIGHEST    87           400 AM
 LOWEST     34           400 PM
 AVERAGE    61

..........................................................


THE HARTFORD CT CLIMATE NORMALS FOR TODAY
                         NORMAL    RECORD    YEAR
 MAXIMUM TEMPERATURE (F)   85        99      1966
 MINIMUM TEMPERATURE (F)   63        51      2009
                                             1973
                                             1971


SUNRISE AND SUNSET
JULY 13 2014..........SUNRISE   527 AM EDT   SUNSET   826 PM EDT
JULY 14 2014..........SUNRISE   528 AM EDT   SUNSET   825 PM EDT


-  INDICATES NEGATIVE NUMBERS.
R  INDICATES RECORD WAS SET OR TIED.
MM INDICATES DATA IS MISSING.
T  INDICATES TRACE AMOUNT.




$$
