000
CDUS41 KBOX 210620
CLIBDL


CLIMATE REPORT
NATIONAL WEATHER SERVICE TAUNTON MA
220 AM EDT THU MAY 21 2015


...................................

...THE HARTFORD CT CLIMATE SUMMARY FOR MAY 20 2015...

CLIMATE NORMAL PERIOD 1981 TO 2010
CLIMATE RECORD PERIOD 1904 TO 2015


WEATHER ITEM   OBSERVED TIME   RECORD YEAR NORMAL DEPARTURE LAST
                VALUE   (LST)  VALUE       VALUE  FROM      YEAR
                                                  NORMAL
..................................................................
TEMPERATURE (F)
 YESTERDAY
  MAXIMUM         62   1046 AM  99    1996  72    -10       77
  MINIMUM         48   1159 PM  30    2002  49     -1       52
  AVERAGE         55                        61     -6       65

PRECIPITATION (IN)
  YESTERDAY        0.00          1.25 1969   0.14  -0.14     0.00
  MONTH TO DATE    0.60                      2.59  -1.99     2.89
  SINCE MAR 1      6.66                      9.93  -3.27    13.07
  SINCE JAN 1     12.84                     16.05  -3.21    20.44

SNOWFALL (IN)
  YESTERDAY        0.0           0.0  2014   0.0    0.0      0.0
  MONTH TO DATE    0.0                       0.0    0.0      0.0
  SINCE MAR 1      9.0                       7.8    1.2      1.0
  SINCE JUL 1     63.8                      40.5   23.3     51.1
  SNOW DEPTH       0

DEGREE DAYS
 HEATING
  YESTERDAY       10                         6      4        0
  MONTH TO DATE   55                       156   -101      109
  SINCE MAR 1   1513                      1471     42     1627
  SINCE JUL 1   6158                      5909    249     6306

 COOLING
  YESTERDAY        0                         1     -1        0
  MONTH TO DATE   66                        13     53       20
  SINCE MAR 1     66                        19     47       21
  SINCE JAN 1     66                        19     47       21
..................................................................


WIND (MPH)
  RESULTANT WIND SPEED  13   RESULTANT WIND DIRECTION  NW (310)
  HIGHEST WIND SPEED    30   HIGHEST WIND DIRECTION    NW (310)
  HIGHEST GUST SPEED    37   HIGHEST GUST DIRECTION    NW (310)
  AVERAGE WIND SPEED    13.6


SKY COVER
  POSSIBLE SUNSHINE  MM
  AVERAGE SKY COVER 0.6


WEATHER CONDITIONS
 THE FOLLOWING WEATHER WAS RECORDED YESTERDAY.
  NO SIGNIFICANT WEATHER WAS OBSERVED.


RELATIVE HUMIDITY (PERCENT)
 HIGHEST    66           300 AM
 LOWEST     37           100 PM
 AVERAGE    52

..........................................................


THE HARTFORD CT CLIMATE NORMALS FOR TODAY
                         NORMAL    RECORD    YEAR
 MAXIMUM TEMPERATURE (F)   73        93      1996
 MINIMUM TEMPERATURE (F)   49        34      2002


SUNRISE AND SUNSET
MAY 21 2015...........SUNRISE   525 AM EDT   SUNSET   810 PM EDT
MAY 22 2015...........SUNRISE   524 AM EDT   SUNSET   811 PM EDT


-  INDICATES NEGATIVE NUMBERS.
R  INDICATES RECORD WAS SET OR TIED.
MM INDICATES DATA IS MISSING.
T  INDICATES TRACE AMOUNT.




$$
