000
CDUS41 KBOX 122152
CLIBDL


CLIMATE REPORT
NATIONAL WEATHER SERVICE TAUNTON MA
441 PM EST WED NOV 12 2014


...................................

...THE HARTFORD CT CLIMATE SUMMARY FOR NOVEMBER 12 2014...
VALID AS OF 0400 PM LOCAL TIME.

CLIMATE NORMAL PERIOD 1981 TO 2010
CLIMATE RECORD PERIOD 1904 TO 2014


WEATHER ITEM   OBSERVED TIME   RECORD YEAR NORMAL DEPARTURE LAST
                VALUE   (LST)  VALUE       VALUE  FROM      YEAR
                                                  NORMAL
..................................................................
TEMPERATURE (F)
 TODAY
  MAXIMUM         67    140 PM  74    1909  53     14       50
  MINIMUM         54    359 PM  20    1976  34     20       26
                                      1957
  AVERAGE         61                        44     17       38

PRECIPITATION (IN)
  TODAY            0.00          2.05 1947   0.12  -0.12      T
  MONTH TO DATE    0.45                      1.50  -1.05     0.25
  SINCE SEP 1      5.99                      9.75  -3.76     6.02
  SINCE JAN 1     37.96                     40.02  -2.06    44.02

SNOWFALL (IN)
  TODAY            0.0           4.6  1968   0.1   -0.1       T
  MONTH TO DATE    0.0                       0.5   -0.5       T
  SINCE SEP 1      0.0                       0.5   -0.5       T
  SINCE JUL 1      0.0                       0.5   -0.5       T
  SNOW DEPTH       0

DEGREE DAYS
 HEATING
  TODAY            4                        21    -17       27
  MONTH TO DATE  206                       235    -29      239
  SINCE SEP 1    589                       752   -163      720
  SINCE JUL 1    591                       764   -173      722

 COOLING
  TODAY            0                         0      0        0
  MONTH TO DATE    0                         0      0        0
  SINCE SEP 1    112                        81     31       70
  SINCE JAN 1    771                       756     15      894
..................................................................


WIND (MPH)
  HIGHEST WIND SPEED    22   HIGHEST WIND DIRECTION    NW (320)
  HIGHEST GUST SPEED    31   HIGHEST GUST DIRECTION    NW (310)
  AVERAGE WIND SPEED     5.4


SKY COVER
  POSSIBLE SUNSHINE  MM
  AVERAGE SKY COVER 0.9


WEATHER CONDITIONS
 THE FOLLOWING WEATHER WAS RECORDED TODAY.
  FOG
  FOG W/VISIBILITY <= 1/4 MILE


RELATIVE HUMIDITY (PERCENT)
 HIGHEST    93          1200 AM
 LOWEST     59           400 PM
 AVERAGE    76

..........................................................


THE HARTFORD CT CLIMATE NORMALS FOR TOMORROW
                         NORMAL    RECORD    YEAR
 MAXIMUM TEMPERATURE (F)   53        73      1964
 MINIMUM TEMPERATURE (F)   34        18      2001


SUNRISE AND SUNSET
NOVEMBER 12 2014......SUNRISE   637 AM EST   SUNSET   433 PM EST
NOVEMBER 13 2014......SUNRISE   638 AM EST   SUNSET   432 PM EST


-  INDICATES NEGATIVE NUMBERS.
R  INDICATES RECORD WAS SET OR TIED.
MM INDICATES DATA IS MISSING.
T  INDICATES TRACE AMOUNT.




$$
