000
CDUS41 KBOX 102121
CLIBDL


CLIMATE REPORT
NATIONAL WEATHER SERVICE TAUNTON MA
521 PM EDT TUE MAY 10 2016


...................................

...THE HARTFORD CT CLIMATE SUMMARY FOR MAY 10 2016...
VALID AS OF 0500 PM LOCAL TIME.

CLIMATE NORMAL PERIOD 1981 TO 2010
CLIMATE RECORD PERIOD 1904 TO 2016


WEATHER ITEM   OBSERVED TIME   RECORD YEAR NORMAL DEPARTURE LAST
                VALUE   (LST)  VALUE       VALUE  FROM      YEAR
                                                  NORMAL
..................................................................
TEMPERATURE (F)
 TODAY
  MAXIMUM         72    214 PM  96    1979  70      2       91
  MINIMUM         38    518 AM  28    1947  46     -8       65
  AVERAGE         55                        58     -3       78

PRECIPITATION (IN)
  TODAY            0.00          1.69 1998   0.13  -0.13     0.00
  MONTH TO DATE    1.56                      1.23   0.33      T
  SINCE MAR 1      6.20                      8.57  -2.37     6.06
  SINCE JAN 1     13.03                     14.69  -1.66    12.24

SNOWFALL (IN)
  TODAY            0.0           T    1923   0.0    0.0      0.0
  MONTH TO DATE    0.0                       0.0    0.0      0.0
  SINCE MAR 1      9.8                       7.8    2.0      9.0
  SINCE JUL 1     26.9                      40.5  -13.6     63.8
  SNOW DEPTH       0

DEGREE DAYS
 HEATING
  TODAY           10                         8      2        0
  MONTH TO DATE  134                        90     44       21
  SINCE MAR 1   1294                      1405   -111     1479
  SINCE JUL 1   4970                      5843   -873     6124

 COOLING
  TODAY            0                         1     -1       13
  MONTH TO DATE    0                         3     -3       30
  SINCE MAR 1      2                         9     -7       30
  SINCE JAN 1      2                         9     -7       30
..................................................................


WIND (MPH)
  HIGHEST WIND SPEED    16   HIGHEST WIND DIRECTION     W (290)
  HIGHEST GUST SPEED    21   HIGHEST GUST DIRECTION    NW (320)
  AVERAGE WIND SPEED     5.1


SKY COVER
  POSSIBLE SUNSHINE  MM
  AVERAGE SKY COVER 0.4


WEATHER CONDITIONS
 THE FOLLOWING WEATHER WAS RECORDED TODAY.
  NO SIGNIFICANT WEATHER WAS OBSERVED.


RELATIVE HUMIDITY (PERCENT)
 HIGHEST    64           200 AM
 LOWEST     16           200 PM
 AVERAGE    40

..........................................................


THE HARTFORD CT CLIMATE NORMALS FOR TOMORROW
                         NORMAL    RECORD    YEAR
 MAXIMUM TEMPERATURE (F)   70        92      1993
 MINIMUM TEMPERATURE (F)   46        29      2010


SUNRISE AND SUNSET
MAY 10 2016...........SUNRISE   535 AM EDT   SUNSET   800 PM EDT
MAY 11 2016...........SUNRISE   534 AM EDT   SUNSET   801 PM EDT


-  INDICATES NEGATIVE NUMBERS.
R  INDICATES RECORD WAS SET OR TIED.
MM INDICATES DATA IS MISSING.
T  INDICATES TRACE AMOUNT.




$$
