553
CDUS41 KBOX 300602
CLIBDL


CLIMATE REPORT
NATIONAL WEATHER SERVICE TAUNTON MA
102 AM EST SAT JAN 30 2016


...................................

...THE HARTFORD CT CLIMATE SUMMARY FOR JANUARY 29 2016...

CLIMATE NORMAL PERIOD 1981 TO 2010
CLIMATE RECORD PERIOD 1904 TO 2016


WEATHER ITEM   OBSERVED TIME   RECORD YEAR NORMAL DEPARTURE LAST
                VALUE   (LST)  VALUE       VALUE  FROM      YEAR
                                                  NORMAL
..................................................................
TEMPERATURE (F)
 YESTERDAY
  MAXIMUM         44   1241 PM  66    2002  35      9       31
  MINIMUM         27   1159 PM -10    1963  18      9        0
                                      1961
  AVERAGE         36                        27      9       16

PRECIPITATION (IN)
  YESTERDAY        T             1.04 1973   0.11  -0.11      T
  MONTH TO DATE    1.96                      3.02  -1.06     3.19
  SINCE DEC 1      6.21                      6.46  -0.25     7.74
  SINCE JAN 1      1.96                      3.02  -1.06     3.19

SNOWFALL (IN)
  YESTERDAY        T             9.8  1973   0.5   -0.5       T
  MONTH TO DATE    1.9                      11.5   -9.6     16.8
  SINCE DEC 1      2.9                      18.9  -16.0     17.5
  SINCE JUL 1      2.9                      20.9  -18.0     22.6
  SNOW DEPTH       0

DEGREE DAYS
 HEATING
  YESTERDAY       29                        38     -9       49
  MONTH TO DATE 1020                      1127   -107     1193
  SINCE DEC 1   1690                      2164   -474     2095
  SINCE JUL 1   2674                      3371   -697     3192

 COOLING
  YESTERDAY        0                         0      0        0
  MONTH TO DATE    0                         0      0        0
  SINCE DEC 1      0                         0      0        0
  SINCE JAN 1      0                         0      0        0
..................................................................


WIND (MPH)
  RESULTANT WIND SPEED   6   RESULTANT WIND DIRECTION  NW (310)
  HIGHEST WIND SPEED    24   HIGHEST WIND DIRECTION    NW (310)
  HIGHEST GUST SPEED    33   HIGHEST GUST DIRECTION    NW (300)
  AVERAGE WIND SPEED     7.9


SKY COVER
  POSSIBLE SUNSHINE  MM
  AVERAGE SKY COVER 0.8


WEATHER CONDITIONS
 THE FOLLOWING WEATHER WAS RECORDED YESTERDAY.
  LIGHT SNOW


RELATIVE HUMIDITY (PERCENT)
 HIGHEST    85           400 AM
 LOWEST     48          1200 PM
 AVERAGE    67

..........................................................


THE HARTFORD CT CLIMATE NORMALS FOR TODAY
                         NORMAL    RECORD    YEAR
 MAXIMUM TEMPERATURE (F)   35        60      1947
 MINIMUM TEMPERATURE (F)   18        -3      1965
                                             1961
                                             1948


SUNRISE AND SUNSET
JANUARY 30 2016.......SUNRISE   706 AM EST   SUNSET   503 PM EST
JANUARY 31 2016.......SUNRISE   705 AM EST   SUNSET   504 PM EST


-  INDICATES NEGATIVE NUMBERS.
R  INDICATES RECORD WAS SET OR TIED.
MM INDICATES DATA IS MISSING.
T  INDICATES TRACE AMOUNT.




$$
