000
CDUS41 KBOX 050543
CLIBDL


CLIMATE REPORT
NATIONAL WEATHER SERVICE TAUNTON MA
1238 AM EST THU JAN 5 2017


...................................

...THE HARTFORD CT CLIMATE SUMMARY FOR JANUARY 4 2017...

CLIMATE NORMAL PERIOD 1981 TO 2010
CLIMATE RECORD PERIOD 1904 TO 2017


WEATHER ITEM   OBSERVED TIME   RECORD YEAR NORMAL DEPARTURE LAST
                VALUE   (LST)  VALUE       VALUE  FROM      YEAR
                                                  NORMAL
..................................................................
TEMPERATURE (F)
 YESTERDAY
  MAXIMUM         49        MM  61    1993  35     14       34
  MINIMUM         31        MM  -9    2014  18     13        9
  AVERAGE         40                        26     14       22

PRECIPITATION (IN)
  YESTERDAY        0.04          1.86 1982   0.10  -0.06     0.00
  MONTH TO DATE    0.94                      0.40   0.54      T
  SINCE DEC 1      3.67                      3.84  -0.17     4.25
  SINCE JAN 1      0.94                      0.40   0.54      T

SNOWFALL (IN)
  YESTERDAY        0.0           8.1  1923   0.4   -0.4      0.0
  MONTH TO DATE    0.0                       1.5   -1.5       T
  SINCE DEC 1     10.2                       8.9    1.3      1.0
  SINCE JUL 1     11.7                      10.9    0.8      1.0
  SNOW DEPTH       0

DEGREE DAYS
 HEATING
  YESTERDAY       25                        39    -14       43
  MONTH TO DATE  120                       153    -33      135
  SINCE DEC 1   1130                      1190    -60      805
  SINCE JUL 1   2167                      2397   -230     1789

 COOLING
  YESTERDAY        0                         0      0        0
  MONTH TO DATE    0                         0      0        0
  SINCE DEC 1      0                         0      0        0
  SINCE JAN 1      0                         0      0        0
..................................................................


WIND (MPH)
  RESULTANT WIND SPEED   7   RESULTANT WIND DIRECTION   W (250)
  HIGHEST WIND SPEED    16   HIGHEST WIND DIRECTION     W (260)
  HIGHEST GUST SPEED    32   HIGHEST GUST DIRECTION    NW (300)
  AVERAGE WIND SPEED     8.5


SKY COVER
  POSSIBLE SUNSHINE  MM
  AVERAGE SKY COVER 0.7


WEATHER CONDITIONS
 THE FOLLOWING WEATHER WAS RECORDED YESTERDAY.
  LIGHT RAIN
  FOG


RELATIVE HUMIDITY (PERCENT)
 HIGHEST    92          1200 AM
 LOWEST     44           800 PM
 AVERAGE    68

..........................................................


THE HARTFORD CT CLIMATE NORMALS FOR TODAY
                         NORMAL    RECORD    YEAR
 MAXIMUM TEMPERATURE (F)   35        63      1993
 MINIMUM TEMPERATURE (F)   18       -10      1981


SUNRISE AND SUNSET
JANUARY  5 2017.......SUNRISE   719 AM EST   SUNSET   434 PM EST
JANUARY  6 2017.......SUNRISE   719 AM EST   SUNSET   435 PM EST


-  INDICATES NEGATIVE NUMBERS.
R  INDICATES RECORD WAS SET OR TIED.
MM INDICATES DATA IS MISSING.
T  INDICATES TRACE AMOUNT.




$$
