000
CDUS41 KBOX 182135
CLIBDL


CLIMATE REPORT
NATIONAL WEATHER SERVICE TAUNTON MA
533 PM EDT WED MAR 18 2015


...................................

...THE HARTFORD CT CLIMATE SUMMARY FOR MARCH 18 2015...
VALID TODAY AS OF 0500 PM LOCAL TIME.

CLIMATE NORMAL PERIOD 1981 TO 2010
CLIMATE RECORD PERIOD 1904 TO 2015


WEATHER ITEM   OBSERVED TIME   RECORD YEAR NORMAL DEPARTURE LAST
                VALUE   (LST)  VALUE       VALUE  FROM      YEAR
                                                  NORMAL
..................................................................
TEMPERATURE (F)
 TODAY
  MAXIMUM         33    259 PM  72    2012  48    -15       42
  MINIMUM         26    658 AM   1    1956  28     -2       17
  AVERAGE         30                        38     -8       30

PRECIPITATION (IN)
  TODAY            0.00          2.06 1936   0.12  -0.12     0.00
  MONTH TO DATE    1.73                      2.01  -0.28     0.33
  SINCE MAR 1      1.73                      2.01  -0.28     0.33
  SINCE JAN 1      7.91                      8.13  -0.22     7.70

SNOWFALL (IN)
  TODAY            0.0           7.4  1977   0.2   -0.2      0.0
  MONTH TO DATE    4.5                       4.4    0.1       T
  SINCE MAR 1      4.5                       4.4    0.1       T
  SINCE JUL 1     59.3                      37.1   22.2     50.1
  SNOW DEPTH       4

DEGREE DAYS
 HEATING
  TODAY           35                        27      8       35
  MONTH TO DATE  592                       530     62      657
  SINCE MAR 1    592                       530     62      657
  SINCE JUL 1   5237                      4968    269     5336

 COOLING
  TODAY            0                         0      0        0
  MONTH TO DATE    0                         0      0        0
  SINCE MAR 1      0                         0      0        0
  SINCE JAN 1      0                         0      0        0
..................................................................


WIND (MPH)
  HIGHEST WIND SPEED    44   HIGHEST WIND DIRECTION    NW (310)
  HIGHEST GUST SPEED    54   HIGHEST GUST DIRECTION    NW (310)
  AVERAGE WIND SPEED    22.1


SKY COVER
  POSSIBLE SUNSHINE  MM
  AVERAGE SKY COVER 0.4


WEATHER CONDITIONS
 THE FOLLOWING WEATHER WAS RECORDED TODAY.
  NO SIGNIFICANT WEATHER WAS OBSERVED.


RELATIVE HUMIDITY (PERCENT)
 HIGHEST    39           100 AM
 LOWEST     25           100 PM
 AVERAGE    32

..........................................................


THE HARTFORD CT CLIMATE NORMALS FOR TOMORROW
                         NORMAL    RECORD    YEAR
 MAXIMUM TEMPERATURE (F)   49        79      2012
 MINIMUM TEMPERATURE (F)   29        -6      1967


SUNRISE AND SUNSET
MARCH 18 2015.........SUNRISE   658 AM EDT   SUNSET   700 PM EDT
MARCH 19 2015.........SUNRISE   656 AM EDT   SUNSET   701 PM EDT


-  INDICATES NEGATIVE NUMBERS.
R  INDICATES RECORD WAS SET OR TIED.
MM INDICATES DATA IS MISSING.
T  INDICATES TRACE AMOUNT.




$$
