000
CDUS41 KBOX 192217
CLIBDL


CLIMATE REPORT
NATIONAL WEATHER SERVICE TAUNTON MA
612 PM EDT WED APR 19 2017


...................................

...THE HARTFORD CT CLIMATE SUMMARY FOR APRIL 19 2017...
VALID TODAY AS OF 0600 PM LOCAL TIME.

CLIMATE NORMAL PERIOD 1981 TO 2010
CLIMATE RECORD PERIOD 1904 TO 2017


WEATHER ITEM   OBSERVED TIME   RECORD YEAR NORMAL DEPARTURE LAST
                VALUE   (LST)  VALUE       VALUE  FROM      YEAR
                                                  NORMAL
..................................................................
TEMPERATURE (F)
 TODAY
  MAXIMUM         54        MM  96    1976  62     -8       66
  MINIMUM         39        MM  26    1926  40     -1       47
  AVERAGE         47                        51     -4       57

PRECIPITATION (IN)
  TODAY            T             2.23 1983   0.12  -0.12      T
  MONTH TO DATE    2.34                      2.37  -0.03     1.60
  SINCE MAR 1      6.27                      5.99   0.28     3.80
  SINCE JAN 1     12.25                     12.11   0.14    10.63

SNOWFALL (IN)
  TODAY            0.0           0.8  1983   0.1   -0.1      0.0
  MONTH TO DATE    0.5                       1.3   -0.8      6.9
  SINCE MAR 1     19.6                       7.7   11.9      9.8
  SINCE JUL 1     62.3                      40.4   21.9     26.9
  SNOW DEPTH       0

DEGREE DAYS
 HEATING
  TODAY           18                        14      4        8
  MONTH TO DATE  270                       338    -68      387
  SINCE MAR 1   1247                      1181     66     1031
  SINCE JUL 1   5140                      5619   -479     4707

 COOLING
  TODAY            0                         0      0        0
  MONTH TO DATE    9                         0      9        0
  SINCE MAR 1      9                         0      9        0
  SINCE JAN 1      9                         0      9        0
..................................................................


WIND (MPH)
  HIGHEST WIND SPEED    18   HIGHEST WIND DIRECTION    SW (210)
  HIGHEST GUST SPEED    25   HIGHEST GUST DIRECTION     S (180)
  AVERAGE WIND SPEED    11.6


SKY COVER
  POSSIBLE SUNSHINE  MM
  AVERAGE SKY COVER 0.8


WEATHER CONDITIONS
 THE FOLLOWING WEATHER WAS RECORDED TODAY.
  LIGHT RAIN


RELATIVE HUMIDITY (PERCENT)
 HIGHEST    79           500 AM
 LOWEST     50          1100 AM
 AVERAGE    65

..........................................................


THE HARTFORD CT CLIMATE NORMALS FOR TOMORROW
                         NORMAL    RECORD    YEAR
 MAXIMUM TEMPERATURE (F)   63        89      1976
 MINIMUM TEMPERATURE (F)   40        25      1926


SUNRISE AND SUNSET
APRIL 19 2017.........SUNRISE   604 AM EDT   SUNSET   736 PM EDT
APRIL 20 2017.........SUNRISE   602 AM EDT   SUNSET   738 PM EDT


-  INDICATES NEGATIVE NUMBERS.
R  INDICATES RECORD WAS SET OR TIED.
MM INDICATES DATA IS MISSING.
T  INDICATES TRACE AMOUNT.




$$
