000
CDUS41 KBOX 100610
CLIBDL


CLIMATE REPORT
NATIONAL WEATHER SERVICE TAUNTON MA
1258 AM EST SAT FEB 10 2018


...................................

...THE HARTFORD CT CLIMATE SUMMARY FOR FEBRUARY 9 2018...

CLIMATE NORMAL PERIOD 1981 TO 2010
CLIMATE RECORD PERIOD 1904 TO 2018


WEATHER ITEM   OBSERVED TIME   RECORD YEAR NORMAL DEPARTURE LAST
                VALUE   (LST)  VALUE       VALUE  FROM      YEAR
                                                  NORMAL
..................................................................
TEMPERATURE (F)
 YESTERDAY
  MAXIMUM         30    301 PM  58    1990  37     -7       34
  MINIMUM          9    720 AM -15    1934  20    -11       11
  AVERAGE         20                        29     -9       23

PRECIPITATION (IN)
  YESTERDAY        0.01          1.46 1969   0.10  -0.09     0.95
  MONTH TO DATE    1.72                      0.92   0.80     1.30
  SINCE DEC 1      7.99                      7.59   0.40     7.52
  SINCE JAN 1      5.58                      4.15   1.43     4.79

SNOWFALL (IN)
  YESTERDAY        T            15.5  2017   0.4   -0.4     15.5
  MONTH TO DATE    2.4                       3.9   -1.5     16.2
  SINCE DEC 1     25.9                      23.6    2.3     34.8
  SINCE JUL 1     25.9                      25.6    0.3     36.3
  SNOW DEPTH       1

DEGREE DAYS
 HEATING
  YESTERDAY       45                        37      8       42
  MONTH TO DATE  351                       336     15      309
  SINCE DEC 1   2737                      2579    158     2312
  SINCE JUL 1   3728                      3786    -58     3349

 COOLING
  YESTERDAY        0                         0      0        0
  MONTH TO DATE    0                         0      0        0
  SINCE DEC 1      0                         0      0        0
  SINCE JAN 1      0                         0      0        0
..................................................................


WIND (MPH)
  RESULTANT WIND SPEED   4   RESULTANT WIND DIRECTION  SW (210)
  HIGHEST WIND SPEED    14   HIGHEST WIND DIRECTION    SW (220)
  HIGHEST GUST SPEED    17   HIGHEST GUST DIRECTION    SW (220)
  AVERAGE WIND SPEED     4.8


SKY COVER
  POSSIBLE SUNSHINE  MM
  AVERAGE SKY COVER 0.7


WEATHER CONDITIONS
 THE FOLLOWING WEATHER WAS RECORDED YESTERDAY.
  LIGHT SNOW
  FOG
  HAZE


RELATIVE HUMIDITY (PERCENT)
 HIGHEST   100           100 AM
 LOWEST     63           100 PM
 AVERAGE    82

..........................................................


THE HARTFORD CT CLIMATE NORMALS FOR TODAY
                         NORMAL    RECORD    YEAR
 MAXIMUM TEMPERATURE (F)   37        55      1909
 MINIMUM TEMPERATURE (F)   20        -7      1979
                                             1948


SUNRISE AND SUNSET
FEBRUARY 10 2018......SUNRISE   653 AM EST   SUNSET   517 PM EST
FEBRUARY 11 2018......SUNRISE   652 AM EST   SUNSET   519 PM EST


-  INDICATES NEGATIVE NUMBERS.
R  INDICATES RECORD WAS SET OR TIED.
MM INDICATES DATA IS MISSING.
T  INDICATES TRACE AMOUNT.




$$
