000
CDUS41 KBOX 072128
CLIBDL


CLIMATE REPORT
NATIONAL WEATHER SERVICE TAUNTON MA
527 PM EDT THU SEP 7 2017


...................................

...THE HARTFORD CT CLIMATE SUMMARY FOR SEPTEMBER 7 2017...
VALID AS OF 0500 PM LOCAL TIME.

CLIMATE NORMAL PERIOD 1981 TO 2010
CLIMATE RECORD PERIOD 1904 TO 2017


WEATHER ITEM   OBSERVED TIME   RECORD YEAR NORMAL DEPARTURE LAST
                VALUE   (LST)  VALUE       VALUE  FROM      YEAR
                                                  NORMAL
..................................................................
TEMPERATURE (F)
 TODAY
  MAXIMUM         75    311 PM  93    2015  78     -3       83
                                      2007
  MINIMUM         60    559 AM  37    1984  56      4       69
                                      1962
  AVERAGE         68                        67      1       76

PRECIPITATION (IN)
  TODAY            0.06          1.15 1925   0.11  -0.05     0.02
  MONTH TO DATE    2.02                      0.75   1.27     0.37
  SINCE SEP 1      2.02                      0.75   1.27     0.37
  SINCE JAN 1     33.13                     31.02   2.11    22.71

SNOWFALL (IN)
  TODAY            0.0           0.0  2002   0.0    0.0      0.0
                                      2001
                                      2000
  MONTH TO DATE    0.0                       0.0    0.0      0.0
  SINCE SEP 1      0.0                       0.0    0.0      0.0
  SINCE JUL 1      0.0                       0.0    0.0      0.0
  SNOW DEPTH       0

DEGREE DAYS
 HEATING
  TODAY            0                         2     -2        0
  MONTH TO DATE   25                         8     17        0
  SINCE SEP 1     25                         8     17        0
  SINCE JUL 1     41                        20     21        0

 COOLING
  TODAY            3                         4     -1       11
  MONTH TO DATE   18                        31    -13       32
  SINCE SEP 1     18                        31    -13       32
  SINCE JAN 1    705                       706     -1      962
..................................................................


WIND (MPH)
  HIGHEST WIND SPEED    18   HIGHEST WIND DIRECTION     W (280)
  HIGHEST GUST SPEED    24   HIGHEST GUST DIRECTION     W (260)
  AVERAGE WIND SPEED     8.1


SKY COVER
  POSSIBLE SUNSHINE  MM
  AVERAGE SKY COVER 0.7


WEATHER CONDITIONS
 THE FOLLOWING WEATHER WAS RECORDED TODAY.
  HEAVY RAIN
  LIGHT RAIN
  FOG


RELATIVE HUMIDITY (PERCENT)
 HIGHEST    97          1200 AM
 LOWEST     46           200 PM
 AVERAGE    72

..........................................................


THE HARTFORD CT CLIMATE NORMALS FOR TOMORROW
                         NORMAL    RECORD    YEAR
 MAXIMUM TEMPERATURE (F)   78        96      2015
 MINIMUM TEMPERATURE (F)   56        39      1984


SUNRISE AND SUNSET
SEPTEMBER  7 2017.....SUNRISE   623 AM EDT   SUNSET   714 PM EDT
SEPTEMBER  8 2017.....SUNRISE   624 AM EDT   SUNSET   712 PM EDT


-  INDICATES NEGATIVE NUMBERS.
R  INDICATES RECORD WAS SET OR TIED.
MM INDICATES DATA IS MISSING.
T  INDICATES TRACE AMOUNT.




$$
