000
CDUS41 KBOX 121927
CLIBDL


CLIMATE REPORT
NATIONAL WEATHER SERVICE TAUNTON MA
227 PM EST SUN FEB 12 2017


...................................

...THE HARTFORD CT CLIMATE SUMMARY FOR FEBRUARY 11 2017...

CLIMATE NORMAL PERIOD 1981 TO 2010
CLIMATE RECORD PERIOD 1904 TO 2017


WEATHER ITEM   OBSERVED TIME   RECORD YEAR NORMAL DEPARTURE LAST
                VALUE   (LST)  VALUE       VALUE  FROM      YEAR
                                                  NORMAL
..................................................................
TEMPERATURE (F)
 YESTERDAY
  MAXIMUM         30    313 PM  61    1981  38     -8       27
  MINIMUM         20    124 AM  -9    1979  20      0       10
                                      1948
  AVERAGE         25                        29     -4       19

PRECIPITATION (IN)
  YESTERDAY        0.04          1.80 1960   0.10  -0.06      T
  MONTH TO DATE    1.38                      1.12   0.26     1.65
  SINCE DEC 1      7.60                      7.79  -0.19     7.86
  SINCE JAN 1      4.87                      4.35   0.52     3.61

SNOWFALL (IN)
  YESTERDAY       MM            11.2  1933   0.5   MM         T
  MONTH TO DATE   16.9                       4.8   12.1     12.5
  SINCE DEC 1     35.5                      24.5   11.0     15.4
  SINCE JUL 1     37.0                      26.5   10.5     15.4
  SNOW DEPTH      14

DEGREE DAYS
 HEATING
  YESTERDAY       40                        36      4       46
  MONTH TO DATE  398                       408    -10      345
  SINCE DEC 1   2401                      2651   -250     2086
  SINCE JUL 1   3438                      3858   -420     3070

 COOLING
  YESTERDAY        0                         0      0        0
  MONTH TO DATE    0                         0      0        0
  SINCE DEC 1      0                         0      0        0
  SINCE JAN 1      0                         0      0        0
..................................................................


WIND (MPH)
  RESULTANT WIND SPEED   4   RESULTANT WIND DIRECTION   N (10)
  HIGHEST WIND SPEED    12   HIGHEST WIND DIRECTION     N (360)
  HIGHEST GUST SPEED    15   HIGHEST GUST DIRECTION     N (360)
  AVERAGE WIND SPEED     5.5


SKY COVER
  POSSIBLE SUNSHINE  MM
  AVERAGE SKY COVER 1.0


WEATHER CONDITIONS
 THE FOLLOWING WEATHER WAS RECORDED YESTERDAY.
  LIGHT SNOW
  FOG


RELATIVE HUMIDITY (PERCENT)
 HIGHEST   100           100 AM
 LOWEST     74          1100 PM
 AVERAGE    87

..........................................................


THE HARTFORD CT CLIMATE NORMALS FOR TODAY
                         NORMAL    RECORD    YEAR
 MAXIMUM TEMPERATURE (F)   38        54      1999
                                             1984
 MINIMUM TEMPERATURE (F)   20       -13      1979


SUNRISE AND SUNSET
FEBRUARY 12 2017......SUNRISE   650 AM EST   SUNSET   520 PM EST
FEBRUARY 13 2017......SUNRISE   649 AM EST   SUNSET   521 PM EST


-  INDICATES NEGATIVE NUMBERS.
R  INDICATES RECORD WAS SET OR TIED.
MM INDICATES DATA IS MISSING.
T  INDICATES TRACE AMOUNT.




$$
