000
CDUS41 KBOX 230531
CLIBDL


CLIMATE REPORT
NATIONAL WEATHER SERVICE TAUNTON MA
131 AM EDT SAT AUG 23 2014


...................................

...THE HARTFORD CT CLIMATE SUMMARY FOR AUGUST 22 2014...

CLIMATE NORMAL PERIOD 1981 TO 2010
CLIMATE RECORD PERIOD 1904 TO 2014


WEATHER ITEM   OBSERVED TIME   RECORD YEAR NORMAL DEPARTURE LAST
                VALUE   (LST)  VALUE       VALUE  FROM      YEAR
                                                  NORMAL
..................................................................
TEMPERATURE (F)
 YESTERDAY
  MAXIMUM         71    434 PM  93    1976  82    -11       83
                                      1916
  MINIMUM         65   1159 PM  41    1982  60      5       63
  AVERAGE         68                        71     -3       73

PRECIPITATION (IN)
  YESTERDAY        0.11          1.95 1937   0.11   0.00     0.08
  MONTH TO DATE    3.49                      2.97   0.52     5.39
  SINCE JUN 1      9.69                     11.50  -1.81    20.37
  SINCE JAN 1     31.70                     29.31   2.39    36.51

SNOWFALL (IN)
  YESTERDAY        0.0           0.0  2002   0.0    0.0      0.0
                                      2001
                                      2000
  MONTH TO DATE    0.0                       0.0    0.0      0.0
  SINCE JUN 1      0.0                       0.0    0.0      0.0
  SINCE JUL 1      0.0                       0.0    0.0      0.0
  SNOW DEPTH       0

DEGREE DAYS
 HEATING
  YESTERDAY        0                         0      0        0
  MONTH TO DATE    2                         0      2        0
  SINCE JUN 1      8                        43    -35       35
  SINCE JUL 1      2                         3     -1        2

 COOLING
  YESTERDAY        3                         7     -4        8
  MONTH TO DATE  117                       172    -55      114
  SINCE JUN 1    569                       585    -16      702
  SINCE JAN 1    601                       624    -23      756
..................................................................


WIND (MPH)
  RESULTANT WIND SPEED   6   RESULTANT WIND DIRECTION   N (20)
  HIGHEST WIND SPEED    12   HIGHEST WIND DIRECTION    NE (40)
  HIGHEST GUST SPEED    15   HIGHEST GUST DIRECTION    NE (30)
  AVERAGE WIND SPEED     6.0


SKY COVER
  POSSIBLE SUNSHINE  MM
  AVERAGE SKY COVER 0.8


WEATHER CONDITIONS
 THE FOLLOWING WEATHER WAS RECORDED YESTERDAY.
  LIGHT RAIN
  FOG


RELATIVE HUMIDITY (PERCENT)
 HIGHEST    87           500 AM
 LOWEST     73          1200 PM
 AVERAGE    80

..........................................................


THE HARTFORD CT CLIMATE NORMALS FOR TODAY
                         NORMAL    RECORD    YEAR
 MAXIMUM TEMPERATURE (F)   82        91      1916
 MINIMUM TEMPERATURE (F)   60        42      1988


SUNRISE AND SUNSET
AUGUST 23 2014........SUNRISE   607 AM EDT   SUNSET   739 PM EDT
AUGUST 24 2014........SUNRISE   608 AM EDT   SUNSET   737 PM EDT


-  INDICATES NEGATIVE NUMBERS.
R  INDICATES RECORD WAS SET OR TIED.
MM INDICATES DATA IS MISSING.
T  INDICATES TRACE AMOUNT.




$$
