000
CDUS41 KBOX 022118
CLIBDL


CLIMATE REPORT
NATIONAL WEATHER SERVICE TAUNTON MA
418 PM EST MON JAN 2 2017


...................................

...THE HARTFORD CT CLIMATE SUMMARY FOR JANUARY 2 2017...
VALID AS OF 0400 PM LOCAL TIME.

CLIMATE NORMAL PERIOD 1981 TO 2010
CLIMATE RECORD PERIOD 1904 TO 2017


WEATHER ITEM   OBSERVED TIME   RECORD YEAR NORMAL DEPARTURE LAST
                VALUE   (LST)  VALUE       VALUE  FROM      YEAR
                                                  NORMAL
..................................................................
TEMPERATURE (F)
 TODAY
  MAXIMUM         34    359 PM  57    1979  35     -1       40
  MINIMUM         21    424 AM  -8    1918  18      3       26
  AVERAGE         28                        27      1       33

PRECIPITATION (IN)
  TODAY            0.00          1.74 1987   0.10  -0.10     0.00
  MONTH TO DATE    0.01                      0.20  -0.19      T
  SINCE DEC 1      2.74                      3.64  -0.90     4.25
  SINCE JAN 1      0.01                      0.20  -0.19      T

SNOWFALL (IN)
  TODAY            0.0           5.6  1987   0.4   -0.4      0.0
  MONTH TO DATE    0.0                       0.8   -0.8       T
  SINCE DEC 1     10.2                       8.2    2.0      1.0
  SINCE JUL 1     11.7                      10.2    1.5      1.0
  SNOW DEPTH       0

DEGREE DAYS
 HEATING
  TODAY           37                        38     -1       32
  MONTH TO DATE   67                        76     -9       63
  SINCE DEC 1   1077                      1113    -36      733
  SINCE JUL 1   2114                      2320   -206     1717

 COOLING
  TODAY            0                         0      0        0
  MONTH TO DATE    0                         0      0        0
  SINCE DEC 1      0                         0      0        0
  SINCE JAN 1      0                         0      0        0
..................................................................


WIND (MPH)
  HIGHEST WIND SPEED    10   HIGHEST WIND DIRECTION    NE (30)
  HIGHEST GUST SPEED    11   HIGHEST GUST DIRECTION    NE (30)
  AVERAGE WIND SPEED     2.9


SKY COVER
  POSSIBLE SUNSHINE  MM
  AVERAGE SKY COVER 0.8


WEATHER CONDITIONS
 THE FOLLOWING WEATHER WAS RECORDED TODAY.
  NO SIGNIFICANT WEATHER WAS OBSERVED.


RELATIVE HUMIDITY (PERCENT)
 HIGHEST    92           400 AM
 LOWEST     69           100 PM
 AVERAGE    81

..........................................................


THE HARTFORD CT CLIMATE NORMALS FOR TOMORROW
                         NORMAL    RECORD    YEAR
 MAXIMUM TEMPERATURE (F)   35        62      2000
 MINIMUM TEMPERATURE (F)   18        -3      2008
                                             2001


SUNRISE AND SUNSET
JANUARY  2 2017.......SUNRISE   719 AM EST   SUNSET   431 PM EST
JANUARY  3 2017.......SUNRISE   719 AM EST   SUNSET   432 PM EST


-  INDICATES NEGATIVE NUMBERS.
R  INDICATES RECORD WAS SET OR TIED.
MM INDICATES DATA IS MISSING.
T  INDICATES TRACE AMOUNT.




$$
