000
CDUS41 KBOX 140850
CLIBDL


CLIMATE REPORT
NATIONAL WEATHER SERVICE TAUNTON MA
444 AM EDT TUE MAR 14 2017


...................................

...THE HARTFORD CT CLIMATE SUMMARY FOR MARCH 13 2017...

CLIMATE NORMAL PERIOD 1981 TO 2010
CLIMATE RECORD PERIOD 1904 TO 2017


WEATHER ITEM   OBSERVED TIME   RECORD YEAR NORMAL DEPARTURE LAST
                VALUE   (LST)  VALUE       VALUE  FROM      YEAR
                                                  NORMAL
..................................................................
TEMPERATURE (F)
 YESTERDAY
  MAXIMUM         35    420 PM  79    1990  46    -11       64
  MINIMUM         12    543 AM   5    1941  27    -15       47
  AVERAGE         24                        37    -13       56

PRECIPITATION (IN)
  YESTERDAY        0.00          2.15 1953   0.11  -0.11     0.00
  MONTH TO DATE    0.35                      1.43  -1.08     0.59
  SINCE MAR 1      0.35                      1.43  -1.08     0.59
  SINCE JAN 1      6.33                      7.55  -1.22     7.42

SNOWFALL (IN)
  YESTERDAY        0.0          12.3  1993   0.2   -0.2      0.0
  MONTH TO DATE    2.3                       3.3   -1.0      0.2
  SINCE MAR 1      2.3                       3.3   -1.0      0.2
  SINCE JUL 1     45.0                      36.0    9.0     17.3
  SNOW DEPTH       0

DEGREE DAYS
 HEATING
  YESTERDAY       41                        28     13        9
  MONTH TO DATE  425                       393     32      281
  SINCE MAR 1    425                       393     32      281
  SINCE JUL 1   4318                      4831   -513     3957

 COOLING
  YESTERDAY        0                         0      0        0
  MONTH TO DATE    0                         0      0        0
  SINCE MAR 1      0                         0      0        0
  SINCE JAN 1      0                         0      0        0
..................................................................


WIND (MPH)
  RESULTANT WIND SPEED   2   RESULTANT WIND DIRECTION  SW (230)
  HIGHEST WIND SPEED    13   HIGHEST WIND DIRECTION    NW (320)
  HIGHEST GUST SPEED    16   HIGHEST GUST DIRECTION     S (160)
  AVERAGE WIND SPEED     6.9


SKY COVER
  POSSIBLE SUNSHINE  MM
  AVERAGE SKY COVER 0.5


WEATHER CONDITIONS
 THE FOLLOWING WEATHER WAS RECORDED YESTERDAY.
  NO SIGNIFICANT WEATHER WAS OBSERVED.


RELATIVE HUMIDITY (PERCENT)
 HIGHEST    61           300 AM
 LOWEST     22           400 PM
 AVERAGE    42

..........................................................


THE HARTFORD CT CLIMATE NORMALS FOR TODAY
                         NORMAL    RECORD    YEAR
 MAXIMUM TEMPERATURE (F)   47        78      1946
 MINIMUM TEMPERATURE (F)   27         7      1948
                                             1941


SUNRISE AND SUNSET
MARCH 14 2017.........SUNRISE   704 AM EDT   SUNSET   656 PM EDT
MARCH 15 2017.........SUNRISE   702 AM EDT   SUNSET   658 PM EDT


-  INDICATES NEGATIVE NUMBERS.
R  INDICATES RECORD WAS SET OR TIED.
MM INDICATES DATA IS MISSING.
T  INDICATES TRACE AMOUNT.




$$
