700
CDUS41 KBOX 180531
CLIBDL


CLIMATE REPORT
NATIONAL WEATHER SERVICE TAUNTON MA
1231 AM EST SAT FEB 18 2017


...................................

...THE HARTFORD CT CLIMATE SUMMARY FOR FEBRUARY 17 2017...

CLIMATE NORMAL PERIOD 1981 TO 2010
CLIMATE RECORD PERIOD 1904 TO 2017


WEATHER ITEM   OBSERVED TIME   RECORD YEAR NORMAL DEPARTURE LAST
                VALUE   (LST)  VALUE       VALUE  FROM      YEAR
                                                  NORMAL
..................................................................
TEMPERATURE (F)
 YESTERDAY
  MAXIMUM         37    356 PM  64    1981  39     -2       39
  MINIMUM         21   1149 PM  -6    1922  21      0       30
  AVERAGE         29                        30     -1       35

PRECIPITATION (IN)
  YESTERDAY        0.00          1.16 1952   0.10  -0.10     0.00
  MONTH TO DATE    2.09                      1.73   0.36     2.70
  SINCE DEC 1      8.31                      8.40  -0.09     8.91
  SINCE JAN 1      5.58                      4.96   0.62     4.66

SNOWFALL (IN)
  YESTERDAY        0.0          15.0  2003   0.4   -0.4      0.0
  MONTH TO DATE   22.6                       7.3   15.3     13.7
  SINCE DEC 1     41.2                      27.0   14.2     16.6
  SINCE JUL 1     42.7                      29.0   13.7     16.6
  SNOW DEPTH       9

DEGREE DAYS
 HEATING
  YESTERDAY       36                        35      1       30
  MONTH TO DATE  620                       621     -1      639
  SINCE DEC 1   2623                      2864   -241     2380
  SINCE JUL 1   3660                      4071   -411     3364

 COOLING
  YESTERDAY        0                         0      0        0
  MONTH TO DATE    0                         0      0        0
  SINCE DEC 1      0                         0      0        0
  SINCE JAN 1      0                         0      0        0
..................................................................


WIND (MPH)
  RESULTANT WIND SPEED  11   RESULTANT WIND DIRECTION  NW (310)
  HIGHEST WIND SPEED    24   HIGHEST WIND DIRECTION    NW (300)
  HIGHEST GUST SPEED    32   HIGHEST GUST DIRECTION    NW (300)
  AVERAGE WIND SPEED    11.0


SKY COVER
  POSSIBLE SUNSHINE  MM
  AVERAGE SKY COVER 0.3


WEATHER CONDITIONS
 THE FOLLOWING WEATHER WAS RECORDED YESTERDAY.
  NO SIGNIFICANT WEATHER WAS OBSERVED.


RELATIVE HUMIDITY (PERCENT)
 HIGHEST    68           300 AM
 LOWEST     40           300 PM
 AVERAGE    54

..........................................................


THE HARTFORD CT CLIMATE NORMALS FOR TODAY
                         NORMAL    RECORD    YEAR
 MAXIMUM TEMPERATURE (F)   39        68      1981
 MINIMUM TEMPERATURE (F)   22        -9      1979


SUNRISE AND SUNSET
FEBRUARY 18 2017......SUNRISE   642 AM EST   SUNSET   528 PM EST
FEBRUARY 19 2017......SUNRISE   641 AM EST   SUNSET   529 PM EST


-  INDICATES NEGATIVE NUMBERS.
R  INDICATES RECORD WAS SET OR TIED.
MM INDICATES DATA IS MISSING.
T  INDICATES TRACE AMOUNT.




$$
