000
CDUS41 KBOX 110541
CLIBDL


CLIMATE REPORT
NATIONAL WEATHER SERVICE TAUNTON MA
1235 AM EST THU DEC 11 2014


...................................

...THE HARTFORD CT CLIMATE SUMMARY FOR DECEMBER 10 2014...

CLIMATE NORMAL PERIOD 1981 TO 2010
CLIMATE RECORD PERIOD 1904 TO 2014


WEATHER ITEM   OBSERVED TIME   RECORD YEAR NORMAL DEPARTURE LAST
                VALUE   (LST)  VALUE       VALUE  FROM      YEAR
                                                  NORMAL
..................................................................
TEMPERATURE (F)
 YESTERDAY
  MAXIMUM         41   1248 PM  67    1946  42     -1       33
  MINIMUM         33   1159 PM   1    1964  25      8       21
                                      1958
  AVERAGE         37                        34      3       27

PRECIPITATION (IN)
  YESTERDAY        0.23          1.63 1936   0.12   0.11     0.04
  MONTH TO DATE    3.33                      1.23   2.10     0.93
  SINCE DEC 1      3.33                      1.23   2.10     0.93
  SINCE JAN 1     44.61                     43.64   0.97    48.72

SNOWFALL (IN)
  YESTERDAY        T             3.9  1945   0.2   -0.2      0.3
  MONTH TO DATE    T                         1.8   -1.8      0.9
  SINCE DEC 1      T                         1.8   -1.8      0.9
  SINCE JUL 1      5.1                       3.8    1.3      0.9
  SNOW DEPTH       0

DEGREE DAYS
 HEATING
  YESTERDAY       28                        32     -4       38
  MONTH TO DATE  297                       298     -1      303
  SINCE DEC 1    297                       298     -1      303
  SINCE JUL 1   1394                      1505   -111     1535

 COOLING
  YESTERDAY        0                         0      0        0
  MONTH TO DATE    0                         0      0        0
  SINCE DEC 1      0                         0      0        0
  SINCE JAN 1    771                       756     15      894
..................................................................


WIND (MPH)
  RESULTANT WIND SPEED  11   RESULTANT WIND DIRECTION   N (350)
  HIGHEST WIND SPEED    18   HIGHEST WIND DIRECTION     N (360)
  HIGHEST GUST SPEED    24   HIGHEST GUST DIRECTION     N (360)
  AVERAGE WIND SPEED     9.6


SKY COVER
  POSSIBLE SUNSHINE  MM
  AVERAGE SKY COVER 0.7


WEATHER CONDITIONS
 THE FOLLOWING WEATHER WAS RECORDED YESTERDAY.
  LIGHT RAIN
  SNOW
  LIGHT SNOW
  FOG


RELATIVE HUMIDITY (PERCENT)
 HIGHEST    92          1000 AM
 LOWEST     85           800 AM
 AVERAGE    89

..........................................................


THE HARTFORD CT CLIMATE NORMALS FOR TODAY
                         NORMAL    RECORD    YEAR
 MAXIMUM TEMPERATURE (F)   41        64      1966
 MINIMUM TEMPERATURE (F)   25        -6      1958


SUNRISE AND SUNSET
DECEMBER 11 2014......SUNRISE   708 AM EST   SUNSET   420 PM EST
DECEMBER 12 2014......SUNRISE   709 AM EST   SUNSET   420 PM EST


-  INDICATES NEGATIVE NUMBERS.
R  INDICATES RECORD WAS SET OR TIED.
MM INDICATES DATA IS MISSING.
T  INDICATES TRACE AMOUNT.




$$
