000
CDUS41 KBOX 030039
CLIBDL


CLIMATE REPORT
NATIONAL WEATHER SERVICE TAUNTON MA
839 PM EDT THU NOV 2 2017


...................................

...THE HARTFORD CT CLIMATE SUMMARY FOR NOVEMBER 2 2017...
VALID TODAY AS OF 0800 PM LOCAL TIME.

CLIMATE NORMAL PERIOD 1981 TO 2010
CLIMATE RECORD PERIOD 1904 TO 2017


WEATHER ITEM   OBSERVED TIME   RECORD YEAR NORMAL DEPARTURE LAST
                VALUE   (LST)  VALUE       VALUE  FROM      YEAR
                                                  NORMAL
..................................................................
TEMPERATURE (F)
 TODAY
  MAXIMUM         72    227 PM  83    1950  57     15       71
  MINIMUM         46    236 AM  23    1978  37      9       47
                                      1976
  AVERAGE         59                        47     12       59

PRECIPITATION (IN)
  TODAY            T             1.78 1940   0.13  -0.13      T
  MONTH TO DATE    0.02                      0.26  -0.24      T
  SINCE SEP 1     11.04                      8.51   2.53     4.59
  SINCE JAN 1     42.15                     38.78   3.37    26.93

SNOWFALL (IN)
  TODAY            0.0           T    1992   0.1   -0.1      0.0
  MONTH TO DATE    0.0                       0.1   -0.1      0.0
  SINCE SEP 1      0.0                       0.1   -0.1      1.5
  SINCE JUL 1      0.0                       0.1   -0.1      1.5
  SNOW DEPTH       0

DEGREE DAYS
 HEATING
  TODAY            6                        18    -12        6
  MONTH TO DATE   33                        36     -3       28
  SINCE SEP 1    278                       553   -275      437
  SINCE JUL 1    294                       565   -271      437

 COOLING
  TODAY            0                         0      0        0
  MONTH TO DATE    0                         0      0        0
  SINCE SEP 1    178                        81     97      138
  SINCE JAN 1    865                       756    109     1068
..................................................................


WIND (MPH)
  HIGHEST WIND SPEED    16   HIGHEST WIND DIRECTION     S (170)
  HIGHEST GUST SPEED    21   HIGHEST GUST DIRECTION     S (180)
  AVERAGE WIND SPEED     6.3


SKY COVER
  POSSIBLE SUNSHINE  MM
  AVERAGE SKY COVER 0.8


WEATHER CONDITIONS
 THE FOLLOWING WEATHER WAS RECORDED TODAY.
  LIGHT RAIN
  FOG
  HAZE


RELATIVE HUMIDITY (PERCENT)
 HIGHEST    96           900 AM
 LOWEST     66           100 PM
 AVERAGE    81

..........................................................


THE HARTFORD CT CLIMATE NORMALS FOR TOMORROW
                         NORMAL    RECORD    YEAR
 MAXIMUM TEMPERATURE (F)   57        78      1990
 MINIMUM TEMPERATURE (F)   36        20      1980


SUNRISE AND SUNSET
NOVEMBER  2 2017......SUNRISE   725 AM EDT   SUNSET   543 PM EDT
NOVEMBER  3 2017......SUNRISE   726 AM EDT   SUNSET   542 PM EDT


-  INDICATES NEGATIVE NUMBERS.
R  INDICATES RECORD WAS SET OR TIED.
MM INDICATES DATA IS MISSING.
T  INDICATES TRACE AMOUNT.




$$
