948
CDUS41 KBOX 162134
CLIBDL


CLIMATE REPORT
NATIONAL WEATHER SERVICE TAUNTON MA
430 PM EST TUE JAN 16 2018


...................................

...THE HARTFORD CT CLIMATE SUMMARY FOR JANUARY 16 2018...
VALID AS OF 0400 PM LOCAL TIME.

CLIMATE NORMAL PERIOD 1981 TO 2010
CLIMATE RECORD PERIOD 1904 TO 2018


WEATHER ITEM   OBSERVED TIME   RECORD YEAR NORMAL DEPARTURE LAST
                VALUE   (LST)  VALUE       VALUE  FROM      YEAR
                                                  NORMAL
..................................................................
TEMPERATURE (F)
 TODAY
  MAXIMUM         32    325 PM  62    1995  34     -2       43
  MINIMUM         17    252 AM  -8    1994  17      0       16
                                      1984
  AVERAGE         25                        26     -1       30

PRECIPITATION (IN)
  TODAY            T             1.00 1924   0.11  -0.11     0.00
  MONTH TO DATE    2.64                      1.65   0.99     1.66
  SINCE DEC 1      5.05                      5.09  -0.04     4.39
  SINCE JAN 1      2.64                      1.65   0.99     1.66

SNOWFALL (IN)
  TODAY           MM             5.5  1961   0.4   MM        0.0
  MONTH TO DATE   10.2                       6.3    3.9      4.1
  SINCE DEC 1     20.0                      13.7    6.3     14.3
  SINCE JUL 1     20.0                      15.7    4.3     15.8
  SNOW DEPTH       0

DEGREE DAYS
 HEATING
  TODAY           40                        39      1       35
  MONTH TO DATE  713                       621     92      565
  SINCE DEC 1   1872                      1658    214     1575
  SINCE JUL 1   2863                      2865     -2     2612

 COOLING
  TODAY            0                         0      0        0
  MONTH TO DATE    0                         0      0        0
  SINCE DEC 1      0                         0      0        0
  SINCE JAN 1      0                         0      0        0
..................................................................


WIND (MPH)
  HIGHEST WIND SPEED     9   HIGHEST WIND DIRECTION     N (20)
  HIGHEST GUST SPEED    11   HIGHEST GUST DIRECTION     N (20)
  AVERAGE WIND SPEED     4.1


SKY COVER
  POSSIBLE SUNSHINE  MM
  AVERAGE SKY COVER 0.9


WEATHER CONDITIONS
 THE FOLLOWING WEATHER WAS RECORDED TODAY.
  LIGHT SNOW


RELATIVE HUMIDITY (PERCENT)
 HIGHEST    69           100 PM
 LOWEST     57          1200 AM
 AVERAGE    63

..........................................................


THE HARTFORD CT CLIMATE NORMALS FOR TOMORROW
                         NORMAL    RECORD    YEAR
 MAXIMUM TEMPERATURE (F)   34        60      1973
 MINIMUM TEMPERATURE (F)   17        -9      1971


SUNRISE AND SUNSET
JANUARY 16 2018.......SUNRISE   716 AM EST   SUNSET   446 PM EST
JANUARY 17 2018.......SUNRISE   715 AM EST   SUNSET   447 PM EST


-  INDICATES NEGATIVE NUMBERS.
R  INDICATES RECORD WAS SET OR TIED.
MM INDICATES DATA IS MISSING.
T  INDICATES TRACE AMOUNT.




$$
