000
CDUS41 KBOX 120550
CLIBDL


CLIMATE REPORT
NATIONAL WEATHER SERVICE TAUNTON MA
139 AM EDT WED JUL 12 2017


...................................

...THE HARTFORD CT CLIMATE SUMMARY FOR JULY 11 2017...

CLIMATE NORMAL PERIOD 1981 TO 2010
CLIMATE RECORD PERIOD 1904 TO 2017


WEATHER ITEM   OBSERVED TIME   RECORD YEAR NORMAL DEPARTURE LAST
                VALUE   (LST)  VALUE       VALUE  FROM      YEAR
                                                  NORMAL
..................................................................
TEMPERATURE (F)
 YESTERDAY
  MAXIMUM         85    148 PM  97    1911  85      0       80
  MINIMUM         68    709 AM  51    2002  63      5       60
  AVERAGE         77                        74      3       70

PRECIPITATION (IN)
  YESTERDAY        1.10          1.20 1917   0.13   0.97     0.00
  MONTH TO DATE    2.27                      1.33   0.94     0.97
  SINCE JUN 1      5.88                      5.68   0.20     2.98
  SINCE JAN 1     24.15                     23.49   0.66    16.92

SNOWFALL (IN)
  YESTERDAY        0.0           0.0  2002   0.0    0.0      0.0
                                      2001
                                      2000
  MONTH TO DATE    0.0                       0.0    0.0      0.0
  SINCE JUN 1      0.0                       0.0    0.0      0.0
  SINCE JUL 1      0.0                       0.0    0.0      0.0
  SNOW DEPTH       0

DEGREE DAYS
 HEATING
  YESTERDAY        0                         0      0        0
  MONTH TO DATE    0                         0      0        0
  SINCE JUN 1     44                        40      4       16
  SINCE JUL 1      0                         0      0        0

 COOLING
  YESTERDAY       12                         9      3        5
  MONTH TO DATE   97                        91      6       91
  SINCE JUN 1    263                       235     28      240
  SINCE JAN 1    323                       274     49      314
..................................................................


WIND (MPH)
  RESULTANT WIND SPEED   5   RESULTANT WIND DIRECTION  SW (210)
  HIGHEST WIND SPEED    16   HIGHEST WIND DIRECTION    SW (220)
  HIGHEST GUST SPEED    19   HIGHEST GUST DIRECTION    SW (220)
  AVERAGE WIND SPEED     6.0


SKY COVER
  POSSIBLE SUNSHINE  MM
  AVERAGE SKY COVER 0.7


WEATHER CONDITIONS
 THE FOLLOWING WEATHER WAS RECORDED YESTERDAY.
  HEAVY RAIN
  RAIN
  LIGHT RAIN
  FOG


RELATIVE HUMIDITY (PERCENT)
 HIGHEST   100           400 AM
 LOWEST     55           200 PM
 AVERAGE    78

..........................................................


THE HARTFORD CT CLIMATE NORMALS FOR TODAY
                         NORMAL    RECORD    YEAR
 MAXIMUM TEMPERATURE (F)   85        97      1966
 MINIMUM TEMPERATURE (F)   63        48      2002
                                             1978
                                             1945


SUNRISE AND SUNSET
JULY 12 2017..........SUNRISE   526 AM EDT   SUNSET   826 PM EDT
JULY 13 2017..........SUNRISE   527 AM EDT   SUNSET   825 PM EDT


-  INDICATES NEGATIVE NUMBERS.
R  INDICATES RECORD WAS SET OR TIED.
MM INDICATES DATA IS MISSING.
T  INDICATES TRACE AMOUNT.




$$
