000
CDUS41 KBOX 270540
CLIBDL


CLIMATE REPORT
NATIONAL WEATHER SERVICE TAUNTON MA
137 AM EDT MON JUL 27 2015


...................................

...THE HARTFORD CT CLIMATE SUMMARY FOR JULY 26 2015...

CLIMATE NORMAL PERIOD 1981 TO 2010
CLIMATE RECORD PERIOD 1904 TO 2015


WEATHER ITEM   OBSERVED TIME   RECORD YEAR NORMAL DEPARTURE LAST
                VALUE   (LST)  VALUE       VALUE  FROM      YEAR
                                                  NORMAL
..................................................................
TEMPERATURE (F)
 YESTERDAY
  MAXIMUM         85    328 PM  95    1989  85      0       84
                                      1940
  MINIMUM         67    631 AM  50    1984  63      4       63
                                      1978
                                      1976
  AVERAGE         76                        74      2       74

PRECIPITATION (IN)
  YESTERDAY        0.03          1.16 1937   0.15  -0.12      T
  MONTH TO DATE    2.41                      3.42  -1.01     3.71
  SINCE JUN 1      9.09                      7.77   1.32     5.42
  SINCE JAN 1     22.66                     25.58  -2.92    27.43

SNOWFALL (IN)
  YESTERDAY        0.0           0.0  2002   0.0    0.0      0.0
                                      2001
                                      2000
  MONTH TO DATE    0.0                       0.0    0.0      0.0
  SINCE JUN 1      0.0                       0.0    0.0      0.0
  SINCE JUL 1      0.0                       0.0    0.0      0.0
  SNOW DEPTH       0

DEGREE DAYS
 HEATING
  YESTERDAY        0                         0      0        0
  MONTH TO DATE    1                         0      1        0
  SINCE JUN 1     49                        40      9        6
  SINCE JUL 1      1                         0      1        0

 COOLING
  YESTERDAY       11                         9      2        9
  MONTH TO DATE  213                       226    -13      269
  SINCE JUN 1    345                       370    -25      417
  SINCE JAN 1    462                       409     53      449
..................................................................


WIND (MPH)
  RESULTANT WIND SPEED   8   RESULTANT WIND DIRECTION   S (180)
  HIGHEST WIND SPEED    16   HIGHEST WIND DIRECTION     S (190)
  HIGHEST GUST SPEED    22   HIGHEST GUST DIRECTION     S (180)
  AVERAGE WIND SPEED     8.3


SKY COVER
  POSSIBLE SUNSHINE  MM
  AVERAGE SKY COVER 0.9


WEATHER CONDITIONS
 THE FOLLOWING WEATHER WAS RECORDED YESTERDAY.
  LIGHT RAIN
  FOG


RELATIVE HUMIDITY (PERCENT)
 HIGHEST    93           600 AM
 LOWEST     55           300 PM
 AVERAGE    74

..........................................................


THE HARTFORD CT CLIMATE NORMALS FOR TODAY
                         NORMAL    RECORD    YEAR
 MAXIMUM TEMPERATURE (F)   85        96      1964
 MINIMUM TEMPERATURE (F)   63        49      2001
                                             1977


SUNRISE AND SUNSET
JULY 27 2015..........SUNRISE   539 AM EDT   SUNSET   815 PM EDT
JULY 28 2015..........SUNRISE   540 AM EDT   SUNSET   814 PM EDT


-  INDICATES NEGATIVE NUMBERS.
R  INDICATES RECORD WAS SET OR TIED.
MM INDICATES DATA IS MISSING.
T  INDICATES TRACE AMOUNT.




$$
