000
CDUS41 KBOX 262117
CLIBDL


CLIMATE REPORT
NATIONAL WEATHER SERVICE TAUNTON MA
417 PM EST SUN NOV 26 2017


...................................

...THE HARTFORD CT CLIMATE SUMMARY FOR NOVEMBER 26 2017...
VALID AS OF 0400 PM LOCAL TIME.

CLIMATE NORMAL PERIOD 1981 TO 2010
CLIMATE RECORD PERIOD 1904 TO 2017


WEATHER ITEM   OBSERVED TIME   RECORD YEAR NORMAL DEPARTURE LAST
                VALUE   (LST)  VALUE       VALUE  FROM      YEAR
                                                  NORMAL
..................................................................
TEMPERATURE (F)
 TODAY
  MAXIMUM         49    130 AM  65    1979  47      2       47
  MINIMUM         39    359 PM   7    1938  30      9       29
  AVERAGE         44                        39      5       38

PRECIPITATION (IN)
  TODAY            T             1.59 1972   0.13  -0.13      T
  MONTH TO DATE    1.02                      3.37  -2.35     1.38
  SINCE SEP 1     12.04                     11.62   0.42     5.97
  SINCE JAN 1     43.15                     41.89   1.26    28.31

SNOWFALL (IN)
  TODAY           MM             4.6  2014   0.1   MM        0.0
  MONTH TO DATE    T                         1.5   -1.5       T
  SINCE SEP 1      T                         1.5   -1.5      1.5
  SINCE JUL 1      T                         1.5   -1.5      1.5
  SNOW DEPTH       0

DEGREE DAYS
 HEATING
  TODAY           21                        26     -5       27
  MONTH TO DATE  621                       569     52      529
  SINCE SEP 1    866                      1086   -220      938
  SINCE JUL 1    882                      1098   -216      938

 COOLING
  TODAY            0                         0      0        0
  MONTH TO DATE    0                         0      0        0
  SINCE SEP 1    178                        81     97      138
  SINCE JAN 1    865                       756    109     1068
..................................................................


WIND (MPH)
  HIGHEST WIND SPEED    30   HIGHEST WIND DIRECTION    NW (300)
  HIGHEST GUST SPEED    39   HIGHEST GUST DIRECTION    NW (320)
  AVERAGE WIND SPEED    15.0


SKY COVER
  POSSIBLE SUNSHINE  MM
  AVERAGE SKY COVER 0.7


WEATHER CONDITIONS
 THE FOLLOWING WEATHER WAS RECORDED TODAY.
  LIGHT RAIN


RELATIVE HUMIDITY (PERCENT)
 HIGHEST    66           100 AM
 LOWEST     41          1100 AM
 AVERAGE    54

..........................................................


THE HARTFORD CT CLIMATE NORMALS FOR TOMORROW
                         NORMAL    RECORD    YEAR
 MAXIMUM TEMPERATURE (F)   47        67      2015
 MINIMUM TEMPERATURE (F)   30        10      1932


SUNRISE AND SUNSET
NOVEMBER 26 2017......SUNRISE   654 AM EST   SUNSET   422 PM EST
NOVEMBER 27 2017......SUNRISE   655 AM EST   SUNSET   422 PM EST


-  INDICATES NEGATIVE NUMBERS.
R  INDICATES RECORD WAS SET OR TIED.
MM INDICATES DATA IS MISSING.
T  INDICATES TRACE AMOUNT.




$$
