000
CDUS41 KBOX 270644
CLIBDL


CLIMATE REPORT
NATIONAL WEATHER SERVICE TAUNTON MA
141 AM EST SUN NOV 27 2016


...................................

...THE HARTFORD CT CLIMATE SUMMARY FOR NOVEMBER 26 2016...

CLIMATE NORMAL PERIOD 1981 TO 2010
CLIMATE RECORD PERIOD 1904 TO 2016


WEATHER ITEM   OBSERVED TIME   RECORD YEAR NORMAL DEPARTURE LAST
                VALUE   (LST)  VALUE       VALUE  FROM      YEAR
                                                  NORMAL
..................................................................
TEMPERATURE (F)
 YESTERDAY
  MAXIMUM         47    307 PM  65    1979  47      0       57
  MINIMUM         29   1155 PM   7    1938  30     -1       32
  AVERAGE         38                        39     -1       45

PRECIPITATION (IN)
  YESTERDAY        T             1.59 1972   0.13  -0.13     0.00
  MONTH TO DATE    1.38                      3.37  -1.99     2.00
  SINCE SEP 1      5.97                     11.62  -5.65     9.35
  SINCE JAN 1     28.31                     41.89 -13.58    34.76

SNOWFALL (IN)
  YESTERDAY        0.0           4.6  2014   0.1   -0.1      0.0
  MONTH TO DATE    T                         1.5   -1.5      0.0
  SINCE SEP 1      1.5                       1.5    0.0       T
  SINCE JUL 1      1.5                       1.5    0.0       T
  SNOW DEPTH       0

DEGREE DAYS
 HEATING
  YESTERDAY       27                        26      1       20
  MONTH TO DATE  529                       569    -40      465
  SINCE SEP 1    938                      1086   -148      897
  SINCE JUL 1    938                      1098   -160      898

 COOLING
  YESTERDAY        0                         0      0        0
  MONTH TO DATE    0                         0      0        2
  SINCE SEP 1    138                        81     57      150
  SINCE JAN 1   1068                       756    312      964
..................................................................


WIND (MPH)
  RESULTANT WIND SPEED   3   RESULTANT WIND DIRECTION  NW (330)
  HIGHEST WIND SPEED    13   HIGHEST WIND DIRECTION     N (340)
  HIGHEST GUST SPEED    16   HIGHEST GUST DIRECTION     N (350)
  AVERAGE WIND SPEED     4.1


SKY COVER
  POSSIBLE SUNSHINE  MM
  AVERAGE SKY COVER 0.8


WEATHER CONDITIONS
 THE FOLLOWING WEATHER WAS RECORDED YESTERDAY.
  LIGHT RAIN
  FOG
  FOG W/VISIBILITY <= 1/4 MILE


RELATIVE HUMIDITY (PERCENT)
 HIGHEST   100           100 AM
 LOWEST     70           400 PM
 AVERAGE    85

..........................................................


THE HARTFORD CT CLIMATE NORMALS FOR TODAY
                         NORMAL    RECORD    YEAR
 MAXIMUM TEMPERATURE (F)   47        67      2015
 MINIMUM TEMPERATURE (F)   30        10      1932


SUNRISE AND SUNSET
NOVEMBER 27 2016......SUNRISE   655 AM EST   SUNSET   422 PM EST
NOVEMBER 28 2016......SUNRISE   656 AM EST   SUNSET   421 PM EST


-  INDICATES NEGATIVE NUMBERS.
R  INDICATES RECORD WAS SET OR TIED.
MM INDICATES DATA IS MISSING.
T  INDICATES TRACE AMOUNT.




$$
