000
CDUS41 KBOX 101040
CLIBDL


CLIMATE REPORT
NATIONAL WEATHER SERVICE TAUNTON MA
639 AM EDT FRI OCT 10 2014


...................................

...THE HARTFORD CT CLIMATE SUMMARY FOR OCTOBER 9 2014...

CLIMATE NORMAL PERIOD 1981 TO 2010
CLIMATE RECORD PERIOD 1904 TO 2014


WEATHER ITEM   OBSERVED TIME   RECORD YEAR NORMAL DEPARTURE LAST
                VALUE   (LST)  VALUE       VALUE  FROM      YEAR
                                                  NORMAL
..................................................................
TEMPERATURE (F)
 YESTERDAY
  MAXIMUM         70    303 PM  85    2011  66      4       65
  MINIMUM         45    610 AM  28    2001  43      2       41
                                      2000
                                      1988
  AVERAGE         58                        54      4       53

PRECIPITATION (IN)
  YESTERDAY        0.00          1.91 1977   0.15  -0.15     0.00
  MONTH TO DATE    1.71                      1.36   0.35     1.97
  SINCE SEP 1      3.33                      5.24  -1.91     5.55
  SINCE JAN 1     35.30                     35.51  -0.21    43.55

SNOWFALL (IN)
  YESTERDAY        0.0           T    1972   0.0    0.0      0.0
  MONTH TO DATE    0.0                       0.0    0.0      0.0
  SINCE SEP 1      0.0                       0.0    0.0      0.0
  SINCE JUL 1      0.0                       0.0    0.0      0.0
  SNOW DEPTH       0

DEGREE DAYS
 HEATING
  YESTERDAY        7                        11     -4       12
  MONTH TO DATE   61                        86    -25       36
  SINCE SEP 1    145                       196    -51      167
  SINCE JUL 1    147                       208    -61      169

 COOLING
  YESTERDAY        0                         0      0        0
  MONTH TO DATE    0                         5     -5        5
  SINCE SEP 1     97                        79     18       70
  SINCE JAN 1    756                       754      2      894
..................................................................


WIND (MPH)
  RESULTANT WIND SPEED   7   RESULTANT WIND DIRECTION   W (260)
  HIGHEST WIND SPEED    24   HIGHEST WIND DIRECTION    SW (240)
  HIGHEST GUST SPEED    30   HIGHEST GUST DIRECTION     W (250)
  AVERAGE WIND SPEED     7.6


SKY COVER
  POSSIBLE SUNSHINE  MM
  AVERAGE SKY COVER 0.2


WEATHER CONDITIONS
 THE FOLLOWING WEATHER WAS RECORDED YESTERDAY.
  NO SIGNIFICANT WEATHER WAS OBSERVED.


RELATIVE HUMIDITY (PERCENT)
 HIGHEST    83           600 AM
 LOWEST     28           200 PM
 AVERAGE    56

..........................................................


THE HARTFORD CT CLIMATE NORMALS FOR TODAY
                         NORMAL    RECORD    YEAR
 MAXIMUM TEMPERATURE (F)   65        89      1949
                                             1939
 MINIMUM TEMPERATURE (F)   43        29      1989


SUNRISE AND SUNSET
OCTOBER 10 2014.......SUNRISE   657 AM EDT   SUNSET   617 PM EDT
OCTOBER 11 2014.......SUNRISE   659 AM EDT   SUNSET   616 PM EDT


-  INDICATES NEGATIVE NUMBERS.
R  INDICATES RECORD WAS SET OR TIED.
MM INDICATES DATA IS MISSING.
T  INDICATES TRACE AMOUNT.




$$
