000
CDUS41 KBOX 020556
CLIBDL


CLIMATE REPORT
NATIONAL WEATHER SERVICE TAUNTON MA
1255 AM EST SAT DEC 2 2017


...................................

...THE HARTFORD CT CLIMATE SUMMARY FOR DECEMBER 1 2017...

CLIMATE NORMAL PERIOD 1981 TO 2010
CLIMATE RECORD PERIOD 1904 TO 2017


WEATHER ITEM   OBSERVED TIME   RECORD YEAR NORMAL DEPARTURE LAST
                VALUE   (LST)  VALUE       VALUE  FROM      YEAR
                                                  NORMAL
..................................................................
TEMPERATURE (F)
 YESTERDAY
  MAXIMUM         50    151 PM  70    2001  45      5       57
  MINIMUM         32   1156 PM   9    1976  29      3       36
  AVERAGE         41                        37      4       47

PRECIPITATION (IN)
  YESTERDAY        0.03          1.43 2010   0.12  -0.09     0.30
  MONTH TO DATE    0.03                      0.12  -0.09     0.30
  SINCE DEC 1      0.03                      0.12  -0.09     0.30
  SINCE JAN 1     43.20                     42.53   0.67    30.29

SNOWFALL (IN)
  YESTERDAY        0.0           1.9  1925   0.1   -0.1      0.0
  MONTH TO DATE    0.0                       0.1   -0.1      0.0
  SINCE DEC 1      0.0                       0.1   -0.1      0.0
  SINCE JUL 1      T                         2.1   -2.1      1.5
  SNOW DEPTH       0

DEGREE DAYS
 HEATING
  YESTERDAY       24                        28     -4       18
  MONTH TO DATE   24                        28     -4       18
  SINCE DEC 1     24                        28     -4       18
  SINCE JUL 1   1015                      1235   -220     1055

 COOLING
  YESTERDAY        0                         0      0        0
  MONTH TO DATE    0                         0      0        0
  SINCE DEC 1      0                         0      0        0
  SINCE JAN 1    865                       756    109     1068
..................................................................


WIND (MPH)
  RESULTANT WIND SPEED   6   RESULTANT WIND DIRECTION  NW (310)
  HIGHEST WIND SPEED    18   HIGHEST WIND DIRECTION    NW (310)
  HIGHEST GUST SPEED    25   HIGHEST GUST DIRECTION    NW (300)
  AVERAGE WIND SPEED     6.7


SKY COVER
  POSSIBLE SUNSHINE  MM
  AVERAGE SKY COVER 0.6


WEATHER CONDITIONS
 THE FOLLOWING WEATHER WAS RECORDED YESTERDAY.
  LIGHT RAIN
  FOG
  FOG W/VISIBILITY <= 1/4 MILE


RELATIVE HUMIDITY (PERCENT)
 HIGHEST   100           400 AM
 LOWEST     46           200 PM
 AVERAGE    73

..........................................................


THE HARTFORD CT CLIMATE NORMALS FOR TODAY
                         NORMAL    RECORD    YEAR
 MAXIMUM TEMPERATURE (F)   45        64      1970
 MINIMUM TEMPERATURE (F)   28         7      1989


SUNRISE AND SUNSET
DECEMBER  2 2017......SUNRISE   700 AM EST   SUNSET   420 PM EST
DECEMBER  3 2017......SUNRISE   701 AM EST   SUNSET   420 PM EST


-  INDICATES NEGATIVE NUMBERS.
R  INDICATES RECORD WAS SET OR TIED.
MM INDICATES DATA IS MISSING.
T  INDICATES TRACE AMOUNT.




$$
