000
CDUS41 KBOX 082138
CLIBDL


CLIMATE REPORT
NATIONAL WEATHER SERVICE TAUNTON MA
533 PM EDT SAT APR 8 2017


...................................

...THE HARTFORD CT CLIMATE SUMMARY FOR APRIL 8 2017...
VALID TODAY AS OF 0500 PM LOCAL TIME.

CLIMATE NORMAL PERIOD 1981 TO 2010
CLIMATE RECORD PERIOD 1904 TO 2017


WEATHER ITEM   OBSERVED TIME   RECORD YEAR NORMAL DEPARTURE LAST
                VALUE   (LST)  VALUE       VALUE  FROM      YEAR
                                                  NORMAL
..................................................................
TEMPERATURE (F)
 TODAY
  MAXIMUM         52    324 PM  89    1991  57     -5       51
  MINIMUM         37    611 AM  20    1982  36      1       33
  AVERAGE         45                        47     -2       42

PRECIPITATION (IN)
  TODAY            0.00          1.44 1940   0.13  -0.13     0.00
  MONTH TO DATE    2.18                      1.00   1.18     1.30
  SINCE MAR 1      6.11                      4.62   1.49     3.50
  SINCE JAN 1     12.09                     10.74   1.35    10.33

SNOWFALL (IN)
  TODAY            0.0           4.3  1956   0.0    0.0      0.0
  MONTH TO DATE    0.5                       0.6   -0.1      6.9
  SINCE MAR 1     19.6                       7.0   12.6      9.8
  SINCE JUL 1     62.3                      39.7   22.6     26.9
  SNOW DEPTH       0

DEGREE DAYS
 HEATING
  TODAY           20                        19      1       23
  MONTH TO DATE  168                       160      8      202
  SINCE MAR 1   1145                      1003    142      846
  SINCE JUL 1   5038                      5441   -403     4522

 COOLING
  TODAY            0                         0      0        0
  MONTH TO DATE    0                         0      0        0
  SINCE MAR 1      0                         0      0        0
  SINCE JAN 1      0                         0      0        0
..................................................................


WIND (MPH)
  HIGHEST WIND SPEED    24   HIGHEST WIND DIRECTION    NW (320)
  HIGHEST GUST SPEED    32   HIGHEST GUST DIRECTION    NW (300)
  AVERAGE WIND SPEED    15.7


SKY COVER
  POSSIBLE SUNSHINE  MM
  AVERAGE SKY COVER 0.8


WEATHER CONDITIONS
 THE FOLLOWING WEATHER WAS RECORDED TODAY.
  NO SIGNIFICANT WEATHER WAS OBSERVED.


RELATIVE HUMIDITY (PERCENT)
 HIGHEST    64           300 AM
 LOWEST     33           400 PM
 AVERAGE    49

..........................................................


THE HARTFORD CT CLIMATE NORMALS FOR TOMORROW
                         NORMAL    RECORD    YEAR
 MAXIMUM TEMPERATURE (F)   58        85      1991
 MINIMUM TEMPERATURE (F)   36        23      1977


SUNRISE AND SUNSET
APRIL  8 2017.........SUNRISE   621 AM EDT   SUNSET   724 PM EDT
APRIL  9 2017.........SUNRISE   620 AM EDT   SUNSET   725 PM EDT


-  INDICATES NEGATIVE NUMBERS.
R  INDICATES RECORD WAS SET OR TIED.
MM INDICATES DATA IS MISSING.
T  INDICATES TRACE AMOUNT.




$$
