000
CDUS41 KBOX 270528
CLIBDL


CLIMATE REPORT
NATIONAL WEATHER SERVICE TAUNTON MA
1228 AM EST WED JAN 27 2016


...................................

...THE HARTFORD CT CLIMATE SUMMARY FOR JANUARY 26 2016...

CLIMATE NORMAL PERIOD 1981 TO 2010
CLIMATE RECORD PERIOD 1904 TO 2016


WEATHER ITEM   OBSERVED TIME   RECORD YEAR NORMAL DEPARTURE LAST
                VALUE   (LST)  VALUE       VALUE  FROM      YEAR
                                                  NORMAL
..................................................................
TEMPERATURE (F)
 YESTERDAY
  MAXIMUM         47    251 PM  65    1950  35     12       23
  MINIMUM         22    437 AM  -8    1948  18      4       14
  AVERAGE         35                        26      9       19

PRECIPITATION (IN)
  YESTERDAY        T             2.00 1986   0.10  -0.10     0.06
  MONTH TO DATE    1.96                      2.71  -0.75     2.95
  SINCE DEC 1      6.21                      6.15   0.06     7.50
  SINCE JAN 1      1.96                      2.71  -0.75     2.95

SNOWFALL (IN)
  YESTERDAY        0.0           6.2  1949   0.4   -0.4      1.5
  MONTH TO DATE    1.9                      10.3   -8.4     10.5
  SINCE DEC 1      2.9                      17.7  -14.8     11.2
  SINCE JUL 1      2.9                      19.7  -16.8     16.3
  SNOW DEPTH       1

DEGREE DAYS
 HEATING
  YESTERDAY       30                        39     -9       46
  MONTH TO DATE  929                      1011    -82     1054
  SINCE DEC 1   1599                      2048   -449     1956
  SINCE JUL 1   2583                      3255   -672     3053

 COOLING
  YESTERDAY        0                         0      0        0
  MONTH TO DATE    0                         0      0        0
  SINCE DEC 1      0                         0      0        0
  SINCE JAN 1      0                         0      0        0
..................................................................


WIND (MPH)
  RESULTANT WIND SPEED   8   RESULTANT WIND DIRECTION   S (180)
  HIGHEST WIND SPEED    20   HIGHEST WIND DIRECTION     S (200)
  HIGHEST GUST SPEED    23   HIGHEST GUST DIRECTION     S (200)
  AVERAGE WIND SPEED     8.1


SKY COVER
  POSSIBLE SUNSHINE  MM
  AVERAGE SKY COVER 0.9


WEATHER CONDITIONS
 THE FOLLOWING WEATHER WAS RECORDED YESTERDAY.
  NO SIGNIFICANT WEATHER WAS OBSERVED.


RELATIVE HUMIDITY (PERCENT)
 HIGHEST    89           800 AM
 LOWEST     53           200 PM
 AVERAGE    71

..........................................................


THE HARTFORD CT CLIMATE NORMALS FOR TODAY
                         NORMAL    RECORD    YEAR
 MAXIMUM TEMPERATURE (F)   35        67      1916
 MINIMUM TEMPERATURE (F)   18       -10      1994


SUNRISE AND SUNSET
JANUARY 27 2016.......SUNRISE   708 AM EST   SUNSET   459 PM EST
JANUARY 28 2016.......SUNRISE   708 AM EST   SUNSET   500 PM EST


-  INDICATES NEGATIVE NUMBERS.
R  INDICATES RECORD WAS SET OR TIED.
MM INDICATES DATA IS MISSING.
T  INDICATES TRACE AMOUNT.




$$
