000
CDUS41 KBOX 102121
CLIBDL


CLIMATE REPORT
NATIONAL WEATHER SERVICE TAUNTON MA
417 PM EST MON NOV 10 2014


...................................

...THE HARTFORD CT CLIMATE SUMMARY FOR NOVEMBER 10 2014...
VALID AS OF 0400 PM LOCAL TIME.

CLIMATE NORMAL PERIOD 1981 TO 2010
CLIMATE RECORD PERIOD 1904 TO 2014


WEATHER ITEM   OBSERVED TIME   RECORD YEAR NORMAL DEPARTURE LAST
                VALUE   (LST)  VALUE       VALUE  FROM      YEAR
                                                  NORMAL
..................................................................
TEMPERATURE (F)
 TODAY
  MAXIMUM         62    259 PM  76    1931  54      8       57
  MINIMUM         29    618 AM  18    2004  35     -6       39
  AVERAGE         46                        44      2       48

PRECIPITATION (IN)
  TODAY            0.00          2.56 1990   0.12  -0.12      T
  MONTH TO DATE    0.45                      1.26  -0.81     0.25
  SINCE SEP 1      5.99                      9.51  -3.52     6.02
  SINCE JAN 1     37.96                     39.78  -1.82    44.02

SNOWFALL (IN)
  TODAY            0.0           2.1  1968   0.1   -0.1      0.0
  MONTH TO DATE    0.0                       0.4   -0.4      0.0
  SINCE SEP 1      0.0                       0.4   -0.4       T
  SINCE JUL 1      0.0                       0.4   -0.4       T
  SNOW DEPTH       0

DEGREE DAYS
 HEATING
  TODAY           19                        21     -2       17
  MONTH TO DATE  187                       193     -6      194
  SINCE SEP 1    570                       710   -140      675
  SINCE JUL 1    572                       722   -150      677

 COOLING
  TODAY            0                         0      0        0
  MONTH TO DATE    0                         0      0        0
  SINCE SEP 1    112                        81     31       70
  SINCE JAN 1    771                       756     15      894
..................................................................


WIND (MPH)
  HIGHEST WIND SPEED     9   HIGHEST WIND DIRECTION     S (170)
  HIGHEST GUST SPEED    13   HIGHEST GUST DIRECTION     S (160)
  AVERAGE WIND SPEED     2.2


SKY COVER
  POSSIBLE SUNSHINE  MM
  AVERAGE SKY COVER 0.4


WEATHER CONDITIONS
 THE FOLLOWING WEATHER WAS RECORDED TODAY.
  NO SIGNIFICANT WEATHER WAS OBSERVED.


RELATIVE HUMIDITY (PERCENT)
 HIGHEST    92           600 AM
 LOWEST     32           200 PM
 AVERAGE    62

..........................................................


THE HARTFORD CT CLIMATE NORMALS FOR TOMORROW
                         NORMAL    RECORD    YEAR
 MAXIMUM TEMPERATURE (F)   54        69      1977
 MINIMUM TEMPERATURE (F)   35        12      1956


SUNRISE AND SUNSET
NOVEMBER 10 2014......SUNRISE   634 AM EST   SUNSET   435 PM EST
NOVEMBER 11 2014......SUNRISE   635 AM EST   SUNSET   434 PM EST


-  INDICATES NEGATIVE NUMBERS.
R  INDICATES RECORD WAS SET OR TIED.
MM INDICATES DATA IS MISSING.
T  INDICATES TRACE AMOUNT.




$$
