000
CDUS41 KBOX 020541
CLIBDL


CLIMATE REPORT
NATIONAL WEATHER SERVICE TAUNTON MA
141 AM EDT WED APR 2 2014


...................................

...THE HARTFORD CT CLIMATE SUMMARY FOR APRIL 1 2014...

CLIMATE NORMAL PERIOD 1981 TO 2010
CLIMATE RECORD PERIOD 1904 TO 2014


WEATHER ITEM   OBSERVED TIME   RECORD YEAR NORMAL DEPARTURE LAST
                VALUE   (LST)  VALUE       VALUE  FROM      YEAR
                                                  NORMAL
..................................................................
TEMPERATURE (F)
 YESTERDAY
  MAXIMUM         58    324 PM  78    1967  54      4       62
  MINIMUM         31    547 AM   9    1970  33     -2       32
  AVERAGE         45                        44      1       47

PRECIPITATION (IN)
  YESTERDAY        0.00          2.36 1976   0.12  -0.12     0.03
  MONTH TO DATE    0.00                      0.12  -0.12     0.03
  SINCE MAR 1      4.72                      3.74   0.98     2.63
  SINCE JAN 1     12.09                      9.86   2.23     8.14

SNOWFALL (IN)
  YESTERDAY        0.0          11.4  1997   0.1   -0.1      0.0
  MONTH TO DATE    0.0                       0.1   -0.1      0.0
  SINCE MAR 1      0.8                       6.5   -5.7      9.8
  SINCE JUL 1     50.9                      39.2   11.7     56.9
  SNOW DEPTH       0

DEGREE DAYS
 HEATING
  YESTERDAY       20                        21     -1       18
  MONTH TO DATE   20                        21     -1       18
  SINCE MAR 1   1059                       864    195      878
  SINCE JUL 1   5738                      5302    436     5030

 COOLING
  YESTERDAY        0                         0      0        0
  MONTH TO DATE    0                         0      0        0
  SINCE MAR 1      0                         0      0        0
  SINCE JAN 1      0                         0      0        0
..................................................................


WIND (MPH)
  RESULTANT WIND SPEED   4   RESULTANT WIND DIRECTION  NE (30)
  HIGHEST WIND SPEED    20   HIGHEST WIND DIRECTION     S (170)
  HIGHEST GUST SPEED    23   HIGHEST GUST DIRECTION     S (170)
  AVERAGE WIND SPEED     7.3


SKY COVER
  POSSIBLE SUNSHINE  MM
  AVERAGE SKY COVER 0.4


WEATHER CONDITIONS
 THE FOLLOWING WEATHER WAS RECORDED YESTERDAY.
  NO SIGNIFICANT WEATHER WAS OBSERVED.


RELATIVE HUMIDITY (PERCENT)
 HIGHEST    72           600 AM
 LOWEST     36           300 PM
 AVERAGE    54

..........................................................


THE HARTFORD CT CLIMATE NORMALS FOR TODAY
                         NORMAL    RECORD    YEAR
 MAXIMUM TEMPERATURE (F)   55        77      1967
 MINIMUM TEMPERATURE (F)   34        18      1919


SUNRISE AND SUNSET
APRIL  2 2014.........SUNRISE   632 AM EDT   SUNSET   717 PM EDT
APRIL  3 2014.........SUNRISE   630 AM EDT   SUNSET   718 PM EDT


-  INDICATES NEGATIVE NUMBERS.
R  INDICATES RECORD WAS SET OR TIED.
MM INDICATES DATA IS MISSING.
T  INDICATES TRACE AMOUNT.




$$
