000
CDUS41 KBOX 211047
CLIBDL


CLIMATE REPORT
NATIONAL WEATHER SERVICE TAUNTON MA
642 AM EDT SAT MAR 21 2015


...................................

...THE HARTFORD CT CLIMATE SUMMARY FOR MARCH 20 2015...

CLIMATE NORMAL PERIOD 1981 TO 2010
CLIMATE RECORD PERIOD 1904 TO 2015


WEATHER ITEM   OBSERVED TIME   RECORD YEAR NORMAL DEPARTURE LAST
                VALUE   (LST)  VALUE       VALUE  FROM      YEAR
                                                  NORMAL
..................................................................
TEMPERATURE (F)
 YESTERDAY
  MAXIMUM         31   1256 PM  81    1945  49    -18       52
  MINIMUM         21    528 AM   2    1949  29     -8       33
  AVERAGE         26                        39    -13       43

PRECIPITATION (IN)
  YESTERDAY        0.13          1.19 1922   0.13   0.00     0.25
  MONTH TO DATE    1.86                      2.26  -0.40     1.21
  SINCE MAR 1      1.86                      2.26  -0.40     1.21
  SINCE JAN 1      8.04                      8.38  -0.34     8.58

SNOWFALL (IN)
  YESTERDAY        2.8          10.8  1944   0.2    2.6      0.0
  MONTH TO DATE    7.3                       4.7    2.6       T
  SINCE MAR 1      7.3                       4.7    2.6       T
  SINCE JUL 1     62.1                      37.4   24.7     50.1
  SNOW DEPTH       3

DEGREE DAYS
 HEATING
  YESTERDAY       39                        26     13       22
  MONTH TO DATE  672                       582     90      709
  SINCE MAR 1    672                       582     90      709
  SINCE JUL 1   5317                      5020    297     5388

 COOLING
  YESTERDAY        0                         0      0        0
  MONTH TO DATE    0                         0      0        0
  SINCE MAR 1      0                         0      0        0
  SINCE JAN 1      0                         0      0        0
..................................................................


WIND (MPH)
  RESULTANT WIND SPEED   2   RESULTANT WIND DIRECTION   N (10)
  HIGHEST WIND SPEED     9   HIGHEST WIND DIRECTION     N (10)
  HIGHEST GUST SPEED    11   HIGHEST GUST DIRECTION     W (250)
  AVERAGE WIND SPEED     2.8


SKY COVER
  POSSIBLE SUNSHINE  MM
  AVERAGE SKY COVER 1.0


WEATHER CONDITIONS
 THE FOLLOWING WEATHER WAS RECORDED YESTERDAY.
  SNOW
  LIGHT SNOW
  FOG


RELATIVE HUMIDITY (PERCENT)
 HIGHEST    92           900 PM
 LOWEST     31          1100 AM
 AVERAGE    62

..........................................................


THE HARTFORD CT CLIMATE NORMALS FOR TODAY
                         NORMAL    RECORD    YEAR
 MAXIMUM TEMPERATURE (F)   50        82      1921
 MINIMUM TEMPERATURE (F)   29        10      1986


SUNRISE AND SUNSET
MARCH 21 2015.........SUNRISE   653 AM EDT   SUNSET   704 PM EDT
MARCH 22 2015.........SUNRISE   651 AM EDT   SUNSET   705 PM EDT


-  INDICATES NEGATIVE NUMBERS.
R  INDICATES RECORD WAS SET OR TIED.
MM INDICATES DATA IS MISSING.
T  INDICATES TRACE AMOUNT.




$$
