000
CDUS41 KBOX 120533
CLIBDL


CLIMATE REPORT
NATIONAL WEATHER SERVICE TAUNTON MA
133 AM EDT TUE SEP 12 2017


...................................

...THE HARTFORD CT CLIMATE SUMMARY FOR SEPTEMBER 11 2017...

CLIMATE NORMAL PERIOD 1981 TO 2010
CLIMATE RECORD PERIOD 1904 TO 2017


WEATHER ITEM   OBSERVED TIME   RECORD YEAR NORMAL DEPARTURE LAST
                VALUE   (LST)  VALUE       VALUE  FROM      YEAR
                                                  NORMAL
..................................................................
TEMPERATURE (F)
 YESTERDAY
  MAXIMUM         79    407 PM  99    1983  77      2       81
  MINIMUM         47    601 AM  36    1917  55     -8       58
  AVERAGE         63                        66     -3       70

PRECIPITATION (IN)
  YESTERDAY        0.00          3.86 1954   0.12  -0.12     0.46
  MONTH TO DATE    2.09                      1.21   0.88     0.98
  SINCE SEP 1      2.09                      1.21   0.88     0.98
  SINCE JAN 1     33.20                     31.48   1.72    23.32

SNOWFALL (IN)
  YESTERDAY        0.0           0.0  2002   0.0    0.0      0.0
                                      2001
                                      2000
  MONTH TO DATE    0.0                       0.0    0.0      0.0
  SINCE SEP 1      0.0                       0.0    0.0      0.0
  SINCE JUL 1      0.0                       0.0    0.0      0.0
  SNOW DEPTH       0

DEGREE DAYS
 HEATING
  YESTERDAY        2                         2      0        0
  MONTH TO DATE   39                        16     23        0
  SINCE SEP 1     39                        16     23        0
  SINCE JUL 1     55                        28     27        0

 COOLING
  YESTERDAY        0                         3     -3        5
  MONTH TO DATE   15                        44    -29       82
  SINCE SEP 1     15                        44    -29       82
  SINCE JAN 1    702                       719    -17     1012
..................................................................


WIND (MPH)
  RESULTANT WIND SPEED   2   RESULTANT WIND DIRECTION   N (10)
  HIGHEST WIND SPEED    14   HIGHEST WIND DIRECTION     N (20)
  HIGHEST GUST SPEED    17   HIGHEST GUST DIRECTION     N (20)
  AVERAGE WIND SPEED     2.9


SKY COVER
  POSSIBLE SUNSHINE  MM
  AVERAGE SKY COVER 0.3


WEATHER CONDITIONS
 THE FOLLOWING WEATHER WAS RECORDED YESTERDAY.
  NO SIGNIFICANT WEATHER WAS OBSERVED.


RELATIVE HUMIDITY (PERCENT)
 HIGHEST    93           400 AM
 LOWEST     39           200 PM
 AVERAGE    66

..........................................................


THE HARTFORD CT CLIMATE NORMALS FOR TODAY
                         NORMAL    RECORD    YEAR
 MAXIMUM TEMPERATURE (F)   76        92      1961
 MINIMUM TEMPERATURE (F)   54        36      1958


SUNRISE AND SUNSET
SEPTEMBER 12 2017.....SUNRISE   628 AM EDT   SUNSET   705 PM EDT
SEPTEMBER 13 2017.....SUNRISE   629 AM EDT   SUNSET   703 PM EDT


-  INDICATES NEGATIVE NUMBERS.
R  INDICATES RECORD WAS SET OR TIED.
MM INDICATES DATA IS MISSING.
T  INDICATES TRACE AMOUNT.




$$
