000
CDUS41 KBOX 260620
CLIBDL


CLIMATE REPORT
NATIONAL WEATHER SERVICE TAUNTON MA
217 AM EDT WED AUG 26 2015


...................................

...THE HARTFORD CT CLIMATE SUMMARY FOR AUGUST 25 2015...

CLIMATE NORMAL PERIOD 1981 TO 2010
CLIMATE RECORD PERIOD 1904 TO 2015


WEATHER ITEM   OBSERVED TIME   RECORD YEAR NORMAL DEPARTURE LAST
                VALUE   (LST)  VALUE       VALUE  FROM      YEAR
                                                  NORMAL
..................................................................
TEMPERATURE (F)
 YESTERDAY
  MAXIMUM         88    109 PM  95    1968  81      7       88
                                      1948
  MINIMUM         67   1154 PM  38    1940  60      7       57
  AVERAGE         78                        71      7       73

PRECIPITATION (IN)
  YESTERDAY        0.16          1.35 1941   0.12   0.04     0.00
  MONTH TO DATE    1.95                      3.32  -1.37     3.49
  SINCE JUN 1     11.71                     11.85  -0.14     9.69
  SINCE JAN 1     25.28                     29.66  -4.38    31.70

SNOWFALL (IN)
  YESTERDAY        0.0           0.0  2002   0.0    0.0      0.0
                                      2001
                                      2000
  MONTH TO DATE    0.0                       0.0    0.0      0.0
  SINCE JUN 1      0.0                       0.0    0.0      0.0
  SINCE JUL 1      0.0                       0.0    0.0      0.0
  SNOW DEPTH       0

DEGREE DAYS
 HEATING
  YESTERDAY        0                         0      0        0
  MONTH TO DATE    0                         0      0        2
  SINCE JUN 1     49                        43      6        8
  SINCE JUL 1      1                         3     -2        2

 COOLING
  YESTERDAY       13                         6      7        8
  MONTH TO DATE  244                       190     54      130
  SINCE JUN 1    660                       603     57      582
  SINCE JAN 1    777                       642    135      614
..................................................................


WIND (MPH)
  RESULTANT WIND SPEED   7   RESULTANT WIND DIRECTION   S (170)
  HIGHEST WIND SPEED    20   HIGHEST WIND DIRECTION    SE (140)
  HIGHEST GUST SPEED    24   HIGHEST GUST DIRECTION     S (160)
  AVERAGE WIND SPEED     6.8


SKY COVER
  POSSIBLE SUNSHINE  MM
  AVERAGE SKY COVER 0.8


WEATHER CONDITIONS
 THE FOLLOWING WEATHER WAS RECORDED YESTERDAY.
  THUNDERSTORM
  LIGHT RAIN
  FOG


RELATIVE HUMIDITY (PERCENT)
 HIGHEST    97           100 AM
 LOWEST     55           100 PM
 AVERAGE    76

..........................................................


THE HARTFORD CT CLIMATE NORMALS FOR TODAY
                         NORMAL    RECORD    YEAR
 MAXIMUM TEMPERATURE (F)   81        99      1948
 MINIMUM TEMPERATURE (F)   60        44      1944


SUNRISE AND SUNSET
AUGUST 26 2015........SUNRISE   610 AM EDT   SUNSET   735 PM EDT
AUGUST 27 2015........SUNRISE   611 AM EDT   SUNSET   733 PM EDT


-  INDICATES NEGATIVE NUMBERS.
R  INDICATES RECORD WAS SET OR TIED.
MM INDICATES DATA IS MISSING.
T  INDICATES TRACE AMOUNT.




$$
