000
CDUS41 KBOX 030613
CLIBDL


CLIMATE REPORT
NATIONAL WEATHER SERVICE TAUNTON MA
202 AM EDT SUN JUL 3 2016


...................................

...THE HARTFORD CT CLIMATE SUMMARY FOR JULY 2 2016...

CLIMATE NORMAL PERIOD 1981 TO 2010
CLIMATE RECORD PERIOD 1904 TO 2016


WEATHER ITEM   OBSERVED TIME   RECORD YEAR NORMAL DEPARTURE LAST
                VALUE   (LST)  VALUE       VALUE  FROM      YEAR
                                                  NORMAL
..................................................................
TEMPERATURE (F)
 YESTERDAY
  MAXIMUM         79    357 PM  99    1966  84     -5       78
  MINIMUM         59   1129 PM  44    1962  62     -3       58
  AVERAGE         69                        73     -4       68

PRECIPITATION (IN)
  YESTERDAY        0.00          1.63 1986   0.12  -0.12     0.00
  MONTH TO DATE    0.34                      0.23   0.11     0.81
  SINCE JUN 1      2.35                      4.58  -2.23     7.49
  SINCE JAN 1     16.29                     22.39  -6.10    21.06

SNOWFALL (IN)
  YESTERDAY        0.0           0.0  2002   0.0    0.0      0.0
                                      2001
                                      2000
  MONTH TO DATE    0.0                       0.0    0.0      0.0
  SINCE JUN 1      0.0                       0.0    0.0      0.0
  SINCE JUL 1      0.0                       0.0    0.0      0.0
  SNOW DEPTH       0

DEGREE DAYS
 HEATING
  YESTERDAY        0                         0      0        0
  MONTH TO DATE    0                         0      0        0
  SINCE JUN 1     16                        40    -24       48
  SINCE JUL 1      0                         0      0        0

 COOLING
  YESTERDAY        4                         8     -4        3
  MONTH TO DATE   13                        16     -3       12
  SINCE JUN 1    162                       160      2      144
  SINCE JAN 1    236                       199     37      261
..................................................................


WIND (MPH)
  RESULTANT WIND SPEED   9   RESULTANT WIND DIRECTION  NW (300)
  HIGHEST WIND SPEED    22   HIGHEST WIND DIRECTION     W (290)
  HIGHEST GUST SPEED    30   HIGHEST GUST DIRECTION     W (290)
  AVERAGE WIND SPEED    10.5


SKY COVER
  POSSIBLE SUNSHINE  MM
  AVERAGE SKY COVER 0.4


WEATHER CONDITIONS
 THE FOLLOWING WEATHER WAS RECORDED YESTERDAY.
  THUNDERSTORM


RELATIVE HUMIDITY (PERCENT)
 HIGHEST    87           200 AM
 LOWEST     30           400 PM
 AVERAGE    59

..........................................................


THE HARTFORD CT CLIMATE NORMALS FOR TODAY
                         NORMAL    RECORD    YEAR
 MAXIMUM TEMPERATURE (F)   84       102      1966
 MINIMUM TEMPERATURE (F)   62        45      2001


SUNRISE AND SUNSET
JULY  3 2016..........SUNRISE   521 AM EDT   SUNSET   829 PM EDT
JULY  4 2016..........SUNRISE   521 AM EDT   SUNSET   829 PM EDT


-  INDICATES NEGATIVE NUMBERS.
R  INDICATES RECORD WAS SET OR TIED.
MM INDICATES DATA IS MISSING.
T  INDICATES TRACE AMOUNT.




$$
