000
CDUS41 KBOX 040539
CLIBDL


CLIMATE REPORT
NATIONAL WEATHER SERVICE TAUNTON MA
139 AM EDT FRI APR 4 2014


...................................

...THE HARTFORD CT CLIMATE SUMMARY FOR APRIL 3 2014...

CLIMATE NORMAL PERIOD 1981 TO 2010
CLIMATE RECORD PERIOD 1904 TO 2014


WEATHER ITEM   OBSERVED TIME   RECORD YEAR NORMAL DEPARTURE LAST
                VALUE   (LST)  VALUE       VALUE  FROM      YEAR
                                                  NORMAL
..................................................................
TEMPERATURE (F)
 YESTERDAY
  MAXIMUM         60    104 PM  77    1981  55      5       45
  MINIMUM         39    603 AM  17    1954  34      5       29
  AVERAGE         50                        44      6       37

PRECIPITATION (IN)
  YESTERDAY        0.00          2.18 1975   0.13  -0.13     0.00
  MONTH TO DATE    0.00                      0.38  -0.38     0.03
  SINCE MAR 1      4.72                      4.00   0.72     2.63
  SINCE JAN 1     12.09                     10.12   1.97     8.14

SNOWFALL (IN)
  YESTERDAY        0.0           6.0  1915   0.1   -0.1      0.0
  MONTH TO DATE    0.0                       0.3   -0.3      0.0
  SINCE MAR 1      0.8                       6.7   -5.9      9.8
  SINCE JUL 1     50.9                      39.4   11.5     56.9
  SNOW DEPTH       0

DEGREE DAYS
 HEATING
  YESTERDAY       15                        21     -6       28
  MONTH TO DATE   54                        63     -9       76
  SINCE MAR 1   1093                       906    187      936
  SINCE JUL 1   5772                      5344    428     5088

 COOLING
  YESTERDAY        0                         0      0        0
  MONTH TO DATE    0                         0      0        0
  SINCE MAR 1      0                         0      0        0
  SINCE JAN 1      0                         0      0        0
..................................................................


WIND (MPH)
  RESULTANT WIND SPEED   7   RESULTANT WIND DIRECTION  NW (330)
  HIGHEST WIND SPEED    16   HIGHEST WIND DIRECTION    NW (310)
  HIGHEST GUST SPEED    22   HIGHEST GUST DIRECTION    NW (330)
  AVERAGE WIND SPEED     8.8


SKY COVER
  POSSIBLE SUNSHINE  MM
  AVERAGE SKY COVER 0.3


WEATHER CONDITIONS
 THE FOLLOWING WEATHER WAS RECORDED YESTERDAY.
  NO SIGNIFICANT WEATHER WAS OBSERVED.


RELATIVE HUMIDITY (PERCENT)
 HIGHEST    79          1200 AM
 LOWEST     21           200 PM
 AVERAGE    50

..........................................................


THE HARTFORD CT CLIMATE NORMALS FOR TODAY
                         NORMAL    RECORD    YEAR
 MAXIMUM TEMPERATURE (F)   56        77      1974
 MINIMUM TEMPERATURE (F)   34        14      1954


SUNRISE AND SUNSET
APRIL  4 2014.........SUNRISE   629 AM EDT   SUNSET   720 PM EDT
APRIL  5 2014.........SUNRISE   627 AM EDT   SUNSET   721 PM EDT


-  INDICATES NEGATIVE NUMBERS.
R  INDICATES RECORD WAS SET OR TIED.
MM INDICATES DATA IS MISSING.
T  INDICATES TRACE AMOUNT.




$$
