000
CDUS41 KBOX 200528
CLIBDL


CLIMATE REPORT
NATIONAL WEATHER SERVICE TAUNTON MA
1228 AM EST TUE JAN 20 2015


...................................

...THE HARTFORD CT CLIMATE SUMMARY FOR JANUARY 19 2015...

CLIMATE NORMAL PERIOD 1981 TO 2010
CLIMATE RECORD PERIOD 1904 TO 2015


WEATHER ITEM   OBSERVED TIME   RECORD YEAR NORMAL DEPARTURE LAST
                VALUE   (LST)  VALUE       VALUE  FROM      YEAR
                                                  NORMAL
..................................................................
TEMPERATURE (F)
 YESTERDAY
  MAXIMUM         41    216 PM  60    1951  34      7       34
                                      1929
  MINIMUM         31    625 AM -16    1948  17     14       27
  AVERAGE         36                        26     10       31

PRECIPITATION (IN)
  YESTERDAY        0.00          1.95 1936   0.10  -0.10     0.01
  MONTH TO DATE    2.41                      1.96   0.45     3.30
  SINCE DEC 1      6.96                      5.40   1.56     7.22
  SINCE JAN 1      2.41                      1.96   0.45     3.30

SNOWFALL (IN)
  YESTERDAY        0.0           7.7  1936   0.4   -0.4      0.1
  MONTH TO DATE    4.1                       7.4   -3.3      8.9
  SINCE DEC 1      4.8                      14.8  -10.0     21.6
  SINCE JUL 1      9.9                      16.8   -6.9     21.6
  SNOW DEPTH       0

DEGREE DAYS
 HEATING
  YESTERDAY       29                        39    -10       34
  MONTH TO DATE  793                       738     55      704
  SINCE DEC 1   1695                      1775    -80     1768
  SINCE JUL 1   2792                      2982   -190     3000

 COOLING
  YESTERDAY        0                         0      0        0
  MONTH TO DATE    0                         0      0        0
  SINCE DEC 1      0                         0      0        0
  SINCE JAN 1      0                         0      0        0
..................................................................


WIND (MPH)
  RESULTANT WIND SPEED   8   RESULTANT WIND DIRECTION   W (290)
  HIGHEST WIND SPEED    28   HIGHEST WIND DIRECTION    NW (300)
  HIGHEST GUST SPEED    35   HIGHEST GUST DIRECTION     W (290)
  AVERAGE WIND SPEED     8.5


SKY COVER
  POSSIBLE SUNSHINE  MM
  AVERAGE SKY COVER 0.6


WEATHER CONDITIONS
 THE FOLLOWING WEATHER WAS RECORDED YESTERDAY.
  NO SIGNIFICANT WEATHER WAS OBSERVED.


RELATIVE HUMIDITY (PERCENT)
 HIGHEST    89           300 AM
 LOWEST     51           100 PM
 AVERAGE    70

..........................................................


THE HARTFORD CT CLIMATE NORMALS FOR TODAY
                         NORMAL    RECORD    YEAR
 MAXIMUM TEMPERATURE (F)   34        60      1951
 MINIMUM TEMPERATURE (F)   17       -13      1971


SUNRISE AND SUNSET
JANUARY 20 2015.......SUNRISE   713 AM EST   SUNSET   450 PM EST
JANUARY 21 2015.......SUNRISE   713 AM EST   SUNSET   452 PM EST


-  INDICATES NEGATIVE NUMBERS.
R  INDICATES RECORD WAS SET OR TIED.
MM INDICATES DATA IS MISSING.
T  INDICATES TRACE AMOUNT.




$$
