000
CDUS41 KBOX 170549
CLIBDL


CLIMATE REPORT
NATIONAL WEATHER SERVICE TAUNTON MA
1239 AM EST THU NOV 17 2016


...................................

...THE HARTFORD CT CLIMATE SUMMARY FOR NOVEMBER 16 2016...

CLIMATE NORMAL PERIOD 1981 TO 2010
CLIMATE RECORD PERIOD 1904 TO 2016


WEATHER ITEM   OBSERVED TIME   RECORD YEAR NORMAL DEPARTURE LAST
                VALUE   (LST)  VALUE       VALUE  FROM      YEAR
                                                  NORMAL
..................................................................
TEMPERATURE (F)
 YESTERDAY
  MAXIMUM         59    257 PM  72    1990  52      7       63
  MINIMUM         42   1159 PM  14    1933  33      9       37
  AVERAGE         51                        42      9       50

PRECIPITATION (IN)
  YESTERDAY        0.01          2.21 1944   0.13  -0.12     0.00
  MONTH TO DATE    0.72                      2.02  -1.30     0.85
  SINCE SEP 1      5.31                     10.27  -4.96     8.20
  SINCE JAN 1     27.65                     40.54 -12.89    33.61

SNOWFALL (IN)
  YESTERDAY        0.0           6.2  1944   0.1   -0.1      0.0
  MONTH TO DATE    0.0                       0.7   -0.7      0.0
  SINCE SEP 1      1.5                       0.7    0.8       T
  SINCE JUL 1      1.5                       0.7    0.8       T
  SNOW DEPTH       0

DEGREE DAYS
 HEATING
  YESTERDAY       14                        23     -9       15
  MONTH TO DATE  283                       324    -41      221
  SINCE SEP 1    692                       841   -149      653
  SINCE JUL 1    692                       853   -161      654

 COOLING
  YESTERDAY        0                         0      0        0
  MONTH TO DATE    0                         0      0        2
  SINCE SEP 1    138                        81     57      150
  SINCE JAN 1   1068                       756    312      964
..................................................................


WIND (MPH)
  RESULTANT WIND SPEED   7   RESULTANT WIND DIRECTION  NW (300)
  HIGHEST WIND SPEED    17   HIGHEST WIND DIRECTION    NW (310)
  HIGHEST GUST SPEED    24   HIGHEST GUST DIRECTION    NW (310)
  AVERAGE WIND SPEED     7.6


SKY COVER
  POSSIBLE SUNSHINE  MM
  AVERAGE SKY COVER 0.7


WEATHER CONDITIONS
 THE FOLLOWING WEATHER WAS RECORDED YESTERDAY.
  LIGHT RAIN
  FOG


RELATIVE HUMIDITY (PERCENT)
 HIGHEST    93          1200 AM
 LOWEST     47           300 PM
 AVERAGE    70

..........................................................


THE HARTFORD CT CLIMATE NORMALS FOR TODAY
                         NORMAL    RECORD    YEAR
 MAXIMUM TEMPERATURE (F)   51        72      1928
 MINIMUM TEMPERATURE (F)   33         6      1924


SUNRISE AND SUNSET
NOVEMBER 17 2016......SUNRISE   643 AM EST   SUNSET   428 PM EST
NOVEMBER 18 2016......SUNRISE   645 AM EST   SUNSET   427 PM EST


-  INDICATES NEGATIVE NUMBERS.
R  INDICATES RECORD WAS SET OR TIED.
MM INDICATES DATA IS MISSING.
T  INDICATES TRACE AMOUNT.




$$
