000
CDUS41 KBOX 062217
CLIBDL


CLIMATE REPORT
NATIONAL WEATHER SERVICE TAUNTON MA
608 PM EDT SAT MAY 6 2017


...................................

...THE HARTFORD CT CLIMATE SUMMARY FOR MAY 6 2017...
VALID AS OF 0600 PM LOCAL TIME.

CLIMATE NORMAL PERIOD 1981 TO 2010
CLIMATE RECORD PERIOD 1904 TO 2017


WEATHER ITEM   OBSERVED TIME   RECORD YEAR NORMAL DEPARTURE LAST
                VALUE   (LST)  VALUE       VALUE  FROM      YEAR
                                                  NORMAL
..................................................................
TEMPERATURE (F)
 TODAY
  MAXIMUM         71   1220 PM  89    1930  68      3       63
  MINIMUM         50    303 AM  32    1992  45      5       49
                                      1961
  AVERAGE         61                        57      4       56

PRECIPITATION (IN)
  TODAY            0.20          2.72 1991   0.12   0.08     0.28
  MONTH TO DATE    1.74                      0.74   1.00     1.46
  SINCE MAR 1      9.44                      8.08   1.36     6.10
  SINCE JAN 1     15.42                     14.20   1.22    12.93

SNOWFALL (IN)
  TODAY            0.0           T    1994   0.0    0.0      0.0
  MONTH TO DATE    0.0                       0.0    0.0      0.0
  SINCE MAR 1     19.6                       7.8   11.8      9.8
  SINCE JUL 1     62.3                      40.5   21.8     26.9
  SNOW DEPTH       0

DEGREE DAYS
 HEATING
  TODAY            4                         9     -5        9
  MONTH TO DATE   51                        57     -6       92
  SINCE MAR 1   1393                      1372     21     1252
  SINCE JUL 1   5286                      5810   -524     4928

 COOLING
  TODAY            0                         0      0        0
  MONTH TO DATE    0                         0      0        0
  SINCE MAR 1     23                         6     17        2
  SINCE JAN 1     23                         6     17        2
..................................................................


WIND (MPH)
  HIGHEST WIND SPEED    30   HIGHEST WIND DIRECTION     S (170)
  HIGHEST GUST SPEED    39   HIGHEST GUST DIRECTION     S (190)
  AVERAGE WIND SPEED    16.4


SKY COVER
  POSSIBLE SUNSHINE  MM
  AVERAGE SKY COVER 0.9


WEATHER CONDITIONS
 THE FOLLOWING WEATHER WAS RECORDED TODAY.
  LIGHT RAIN
  FOG


RELATIVE HUMIDITY (PERCENT)
 HIGHEST   100          1200 AM
 LOWEST     40           200 PM
 AVERAGE    70

..........................................................


THE HARTFORD CT CLIMATE NORMALS FOR TOMORROW
                         NORMAL    RECORD    YEAR
 MAXIMUM TEMPERATURE (F)   69        93      2000
                                             1930
 MINIMUM TEMPERATURE (F)   45        28      2001


SUNRISE AND SUNSET
MAY  6 2017...........SUNRISE   540 AM EDT   SUNSET   755 PM EDT
MAY  7 2017...........SUNRISE   539 AM EDT   SUNSET   756 PM EDT


-  INDICATES NEGATIVE NUMBERS.
R  INDICATES RECORD WAS SET OR TIED.
MM INDICATES DATA IS MISSING.
T  INDICATES TRACE AMOUNT.




$$
