000
CDUS41 KBOX 060532
CLIBDL


CLIMATE REPORT
NATIONAL WEATHER SERVICE TAUNTON MA
1232 AM EST MON FEB 6 2017


...................................

...THE HARTFORD CT CLIMATE SUMMARY FOR FEBRUARY 5 2017...

CLIMATE NORMAL PERIOD 1981 TO 2010
CLIMATE RECORD PERIOD 1904 TO 2017


WEATHER ITEM   OBSERVED TIME   RECORD YEAR NORMAL DEPARTURE LAST
                VALUE   (LST)  VALUE       VALUE  FROM      YEAR
                                                  NORMAL
..................................................................
TEMPERATURE (F)
 YESTERDAY
  MAXIMUM         42    220 PM  67    1991  36      6       42
  MINIMUM         24    559 AM -13    1996  19      5       25
  AVERAGE         33                        28      5       34

PRECIPITATION (IN)
  YESTERDAY        0.00          1.87 1920   0.10  -0.10     0.47
  MONTH TO DATE    0.04                      0.51  -0.47     1.23
  SINCE DEC 1      6.26                      7.18  -0.92     7.44
  SINCE JAN 1      3.53                      3.74  -0.21     3.19

SNOWFALL (IN)
  YESTERDAY        0.0          16.3  2001   0.4   -0.4      6.6
  MONTH TO DATE    0.7                       2.2   -1.5      6.6
  SINCE DEC 1     19.3                      21.9   -2.6      9.5
  SINCE JUL 1     20.8                      23.9   -3.1      9.5
  SNOW DEPTH       1

DEGREE DAYS
 HEATING
  YESTERDAY       32                        37     -5       31
  MONTH TO DATE  177                       188    -11      112
  SINCE DEC 1   2180                      2431   -251     1853
  SINCE JUL 1   3217                      3638   -421     2837

 COOLING
  YESTERDAY        0                         0      0        0
  MONTH TO DATE    0                         0      0        0
  SINCE DEC 1      0                         0      0        0
  SINCE JAN 1      0                         0      0        0
..................................................................


WIND (MPH)
  RESULTANT WIND SPEED   8   RESULTANT WIND DIRECTION  SW (210)
  HIGHEST WIND SPEED    25   HIGHEST WIND DIRECTION    SW (220)
  HIGHEST GUST SPEED    32   HIGHEST GUST DIRECTION    SW (220)
  AVERAGE WIND SPEED     9.8


SKY COVER
  POSSIBLE SUNSHINE  MM
  AVERAGE SKY COVER 0.8


WEATHER CONDITIONS
 THE FOLLOWING WEATHER WAS RECORDED YESTERDAY.
  NO SIGNIFICANT WEATHER WAS OBSERVED.


RELATIVE HUMIDITY (PERCENT)
 HIGHEST    61          1100 PM
 LOWEST     40          1100 AM
 AVERAGE    51

..........................................................


THE HARTFORD CT CLIMATE NORMALS FOR TODAY
                         NORMAL    RECORD    YEAR
 MAXIMUM TEMPERATURE (F)   36        57      1991
 MINIMUM TEMPERATURE (F)   19        -7      2015


SUNRISE AND SUNSET
FEBRUARY  6 2017......SUNRISE   658 AM EST   SUNSET   513 PM EST
FEBRUARY  7 2017......SUNRISE   656 AM EST   SUNSET   514 PM EST


-  INDICATES NEGATIVE NUMBERS.
R  INDICATES RECORD WAS SET OR TIED.
MM INDICATES DATA IS MISSING.
T  INDICATES TRACE AMOUNT.




$$
