000
CDUS41 KBOX 180552
CLIBDL


CLIMATE REPORT
NATIONAL WEATHER SERVICE TAUNTON MA
151 AM EDT THU JUN 18 2015


...................................

...THE HARTFORD CT CLIMATE SUMMARY FOR JUNE 17 2015...

CLIMATE NORMAL PERIOD 1981 TO 2010
CLIMATE RECORD PERIOD 1904 TO 2015


WEATHER ITEM   OBSERVED TIME   RECORD YEAR NORMAL DEPARTURE LAST
                VALUE   (LST)  VALUE       VALUE  FROM      YEAR
                                                  NORMAL
..................................................................
TEMPERATURE (F)
 YESTERDAY
  MAXIMUM         76    337 PM  95    1957  80     -4       90
  MINIMUM         58   1159 PM  42    1926  58      0       62
  AVERAGE         67                        69     -2       76

PRECIPITATION (IN)
  YESTERDAY        0.00          2.50 1920   0.13  -0.13     0.00
  MONTH TO DATE    4.51                      2.75   1.76     1.32
  SINCE JUN 1      4.51                      2.75   1.76     1.32
  SINCE JAN 1     18.08                     20.56  -2.48    23.33

SNOWFALL (IN)
  YESTERDAY        0.0           0.0  2014   0.0    0.0      0.0
  MONTH TO DATE    0.0                       0.0    0.0      0.0
  SINCE JUN 1      0.0                       0.0    0.0      0.0
  SINCE JUL 1     63.8                      40.5   23.3     51.1
  SNOW DEPTH       0

DEGREE DAYS
 HEATING
  YESTERDAY        0                         1     -1        0
  MONTH TO DATE   40                        34      6        5
  SINCE JUN 1     40                        34      6        5
  SINCE JUL 1   6218                      5992    226     6358

 COOLING
  YESTERDAY        2                         5     -3       11
  MONTH TO DATE   67                        62      5       55
  SINCE JUN 1     67                        62      5       55
  SINCE JAN 1    184                       101     83       87
..................................................................


WIND (MPH)
  RESULTANT WIND SPEED   2   RESULTANT WIND DIRECTION  NE (40)
  HIGHEST WIND SPEED    16   HIGHEST WIND DIRECTION     N (10)
  HIGHEST GUST SPEED    19   HIGHEST GUST DIRECTION    NE (30)
  AVERAGE WIND SPEED     6.0


SKY COVER
  POSSIBLE SUNSHINE  MM
  AVERAGE SKY COVER 0.8


WEATHER CONDITIONS
 THE FOLLOWING WEATHER WAS RECORDED YESTERDAY.
  NO SIGNIFICANT WEATHER WAS OBSERVED.


RELATIVE HUMIDITY (PERCENT)
 HIGHEST    81           600 AM
 LOWEST     36           400 PM
 AVERAGE    59

..........................................................


THE HARTFORD CT CLIMATE NORMALS FOR TODAY
                         NORMAL    RECORD    YEAR
 MAXIMUM TEMPERATURE (F)   80        95      1994
                                             1957
 MINIMUM TEMPERATURE (F)   58        40      1958


SUNRISE AND SUNSET
JUNE 18 2015..........SUNRISE   515 AM EDT   SUNSET   829 PM EDT
JUNE 19 2015..........SUNRISE   515 AM EDT   SUNSET   829 PM EDT


-  INDICATES NEGATIVE NUMBERS.
R  INDICATES RECORD WAS SET OR TIED.
MM INDICATES DATA IS MISSING.
T  INDICATES TRACE AMOUNT.




$$
