000
CDUS41 KBOX 150553
CLIBDL


CLIMATE REPORT
NATIONAL WEATHER SERVICE TAUNTON MA
153 AM EDT WED JUL 15 2015


...................................

...THE HARTFORD CT CLIMATE SUMMARY FOR JULY 14 2015...

CLIMATE NORMAL PERIOD 1981 TO 2010
CLIMATE RECORD PERIOD 1904 TO 2015


WEATHER ITEM   OBSERVED TIME   RECORD YEAR NORMAL DEPARTURE LAST
                VALUE   (LST)  VALUE       VALUE  FROM      YEAR
                                                  NORMAL
..................................................................
TEMPERATURE (F)
 YESTERDAY
  MAXIMUM         83    235 PM 100    1965  85     -2       82
  MINIMUM         66    108 AM  51    2009  63      3       72
  AVERAGE         75                        74      1       77

PRECIPITATION (IN)
  YESTERDAY        0.63          2.47 1975   0.14   0.49     0.35
  MONTH TO DATE    2.23                      1.75   0.48     2.34
  SINCE JUN 1      8.91                      6.10   2.81     4.05
  SINCE JAN 1     22.48                     23.91  -1.43    26.06

SNOWFALL (IN)
  YESTERDAY        0.0           0.0  2002   0.0    0.0      0.0
                                      2001
                                      2000
  MONTH TO DATE    0.0                       0.0    0.0      0.0
  SINCE JUN 1      0.0                       0.0    0.0      0.0
  SINCE JUL 1      0.0                       0.0    0.0      0.0
  SNOW DEPTH       0

DEGREE DAYS
 HEATING
  YESTERDAY        0                         0      0        0
  MONTH TO DATE    1                         0      1        0
  SINCE JUN 1     49                        40      9        6
  SINCE JUL 1      1                         0      1        0

 COOLING
  YESTERDAY       10                         9      1       12
  MONTH TO DATE  109                       118     -9      167
  SINCE JUN 1    241                       262    -21      315
  SINCE JAN 1    358                       301     57      347
..................................................................


WIND (MPH)
  RESULTANT WIND SPEED   5   RESULTANT WIND DIRECTION   S (160)
  HIGHEST WIND SPEED    17   HIGHEST WIND DIRECTION     S (190)
  HIGHEST GUST SPEED    22   HIGHEST GUST DIRECTION     S (190)
  AVERAGE WIND SPEED     6.4


SKY COVER
  POSSIBLE SUNSHINE  MM
  AVERAGE SKY COVER 0.9


WEATHER CONDITIONS
 THE FOLLOWING WEATHER WAS RECORDED YESTERDAY.
  HEAVY RAIN
  LIGHT RAIN
  FOG


RELATIVE HUMIDITY (PERCENT)
 HIGHEST    93          1100 PM
 LOWEST     54           300 PM
 AVERAGE    74

..........................................................


THE HARTFORD CT CLIMATE NORMALS FOR TODAY
                         NORMAL    RECORD    YEAR
 MAXIMUM TEMPERATURE (F)   85       100      1995
 MINIMUM TEMPERATURE (F)   63        52      1950


SUNRISE AND SUNSET
JULY 15 2015..........SUNRISE   528 AM EDT   SUNSET   825 PM EDT
JULY 16 2015..........SUNRISE   529 AM EDT   SUNSET   824 PM EDT


-  INDICATES NEGATIVE NUMBERS.
R  INDICATES RECORD WAS SET OR TIED.
MM INDICATES DATA IS MISSING.
T  INDICATES TRACE AMOUNT.




$$
