000
CDUS41 KBOX 100616
CLIBDL


CLIMATE REPORT
NATIONAL WEATHER SERVICE TAUNTON MA
215 AM EDT SUN AUG 10 2014


...................................

...THE HARTFORD CT CLIMATE SUMMARY FOR AUGUST 9 2014...

CLIMATE NORMAL PERIOD 1981 TO 2010
CLIMATE RECORD PERIOD 1904 TO 2014


WEATHER ITEM   OBSERVED TIME   RECORD YEAR NORMAL DEPARTURE LAST
                VALUE   (LST)  VALUE       VALUE  FROM      YEAR
                                                  NORMAL
..................................................................
TEMPERATURE (F)
 YESTERDAY
  MAXIMUM         85    318 PM 102    2001  84      1       80
  MINIMUM         57    522 AM  48    1989  62     -5       72
  AVERAGE         71                        73     -2       76

PRECIPITATION (IN)
  YESTERDAY        0.00          3.79 2013   0.14  -0.14     3.79
  MONTH TO DATE    0.97                      1.32  -0.35     5.06
  SINCE JUN 1      7.17                      9.85  -2.68    20.04
  SINCE JAN 1     29.18                     27.66   1.52    36.18

SNOWFALL (IN)
  YESTERDAY        0.0           0.0  2002   0.0    0.0      0.0
  MONTH TO DATE    0.0                       0.0    0.0      0.0
  SINCE JUN 1      0.0                       0.0    0.0      0.0
  SINCE JUL 1      0.0                       0.0    0.0      0.0
  SNOW DEPTH       0

DEGREE DAYS
 HEATING
  YESTERDAY        0                         0      0        0
  MONTH TO DATE    0                         0      0        0
  SINCE JUN 1      6                        43    -37       35
  SINCE JUL 1      0                         3     -3        2

 COOLING
  YESTERDAY        6                         8     -2       11
  MONTH TO DATE   60                        75    -15       51
  SINCE JUN 1    512                       488     24      639
  SINCE JAN 1    544                       527     17      693
..................................................................


WIND (MPH)
  RESULTANT WIND SPEED   3   RESULTANT WIND DIRECTION   N (340)
  HIGHEST WIND SPEED    10   HIGHEST WIND DIRECTION    NW (310)
  HIGHEST GUST SPEED    14   HIGHEST GUST DIRECTION     N (20)
  AVERAGE WIND SPEED     3.6


SKY COVER
  POSSIBLE SUNSHINE  MM
  AVERAGE SKY COVER 0.2


WEATHER CONDITIONS
 THE FOLLOWING WEATHER WAS RECORDED YESTERDAY.
  NO SIGNIFICANT WEATHER WAS OBSERVED.


RELATIVE HUMIDITY (PERCENT)
 HIGHEST    93           400 AM
 LOWEST     34           200 PM
 AVERAGE    64

..........................................................


THE HARTFORD CT CLIMATE NORMALS FOR TODAY
                         NORMAL    RECORD    YEAR
 MAXIMUM TEMPERATURE (F)   84       100      1949
 MINIMUM TEMPERATURE (F)   62        45      1964


SUNRISE AND SUNSET
AUGUST 10 2014........SUNRISE   553 AM EDT   SUNSET   758 PM EDT
AUGUST 11 2014........SUNRISE   555 AM EDT   SUNSET   757 PM EDT


-  INDICATES NEGATIVE NUMBERS.
R  INDICATES RECORD WAS SET OR TIED.
MM INDICATES DATA IS MISSING.
T  INDICATES TRACE AMOUNT.




$$
