000
CDUS41 KBOX 220707
CLIBDL


CLIMATE REPORT
NATIONAL WEATHER SERVICE TAUNTON MA
306 AM EDT SAT JUL 22 2017


...................................

...THE HARTFORD CT CLIMATE SUMMARY FOR JULY 21 2017...

CLIMATE NORMAL PERIOD 1981 TO 2010
CLIMATE RECORD PERIOD 1904 TO 2017


WEATHER ITEM   OBSERVED TIME   RECORD YEAR NORMAL DEPARTURE LAST
                VALUE   (LST)  VALUE       VALUE  FROM      YEAR
                                                  NORMAL
..................................................................
TEMPERATURE (F)
 YESTERDAY
  MAXIMUM         90    405 PM 101    1991  85      5       93
                                      1977
  MINIMUM         68    457 AM  50    1974  63      5       56
                                      1966
  AVERAGE         79                        74      5       75

PRECIPITATION (IN)
  YESTERDAY        0.00          1.94 2009   0.14  -0.14     0.00
  MONTH TO DATE    5.19                      2.71   2.48     1.17
  SINCE JUN 1      8.80                      7.06   1.74     3.18
  SINCE JAN 1     27.07                     24.87   2.20    17.12

SNOWFALL (IN)
  YESTERDAY        0.0           0.0  2002   0.0    0.0      0.0
                                      2001
                                      2000
  MONTH TO DATE    0.0                       0.0    0.0      0.0
  SINCE JUN 1      0.0                       0.0    0.0      0.0
  SINCE JUL 1      0.0                       0.0    0.0      0.0
  SNOW DEPTH       0

DEGREE DAYS
 HEATING
  YESTERDAY        0                         0      0        0
  MONTH TO DATE    3                         0      3        0
  SINCE JUN 1     47                        40      7       16
  SINCE JUL 1      3                         0      3        0

 COOLING
  YESTERDAY       14                         9      5       10
  MONTH TO DATE  213                       181     32      213
  SINCE JUN 1    379                       325     54      362
  SINCE JAN 1    439                       364     75      436
..................................................................


WIND (MPH)
  RESULTANT WIND SPEED   5   RESULTANT WIND DIRECTION   W (280)
  HIGHEST WIND SPEED    16   HIGHEST WIND DIRECTION    NW (300)
  HIGHEST GUST SPEED    21   HIGHEST GUST DIRECTION     W (280)
  AVERAGE WIND SPEED     6.1


SKY COVER
  POSSIBLE SUNSHINE  MM
  AVERAGE SKY COVER 0.4


WEATHER CONDITIONS
 THE FOLLOWING WEATHER WAS RECORDED YESTERDAY.
  FOG


RELATIVE HUMIDITY (PERCENT)
 HIGHEST   100          1200 AM
 LOWEST     41           300 PM
 AVERAGE    71

..........................................................


THE HARTFORD CT CLIMATE NORMALS FOR TODAY
                         NORMAL    RECORD    YEAR
 MAXIMUM TEMPERATURE (F)   85       103      2011
 MINIMUM TEMPERATURE (F)   63        52      1974
                                             1944


SUNRISE AND SUNSET
JULY 22 2017..........SUNRISE   535 AM EDT   SUNSET   819 PM EDT
JULY 23 2017..........SUNRISE   536 AM EDT   SUNSET   818 PM EDT


-  INDICATES NEGATIVE NUMBERS.
R  INDICATES RECORD WAS SET OR TIED.
MM INDICATES DATA IS MISSING.
T  INDICATES TRACE AMOUNT.




$$
