000
CDUS41 KBOX 270536
CLIBDL


CLIMATE REPORT
NATIONAL WEATHER SERVICE TAUNTON MA
136 AM EDT WED MAY 27 2015


...................................

...THE HARTFORD CT CLIMATE SUMMARY FOR MAY 26 2015...

CLIMATE NORMAL PERIOD 1981 TO 2010
CLIMATE RECORD PERIOD 1904 TO 2015


WEATHER ITEM   OBSERVED TIME   RECORD YEAR NORMAL DEPARTURE LAST
                VALUE   (LST)  VALUE       VALUE  FROM      YEAR
                                                  NORMAL
..................................................................
TEMPERATURE (F)
 YESTERDAY
  MAXIMUM         89    325 PM  99    2010  74     15       88
  MINIMUM         64    616 AM  36    1992  51     13       55
                                      1972
  AVERAGE         77                        62     15       72

PRECIPITATION (IN)
  YESTERDAY        0.00          1.60 2003   0.16  -0.16     0.01
  MONTH TO DATE    0.60                      3.55  -2.95     4.01
  SINCE MAR 1      6.66                     10.89  -4.23    14.19
  SINCE JAN 1     12.84                     17.01  -4.17    21.56

SNOWFALL (IN)
  YESTERDAY        0.0           T    1988   0.0    0.0      0.0
  MONTH TO DATE    0.0                       0.0    0.0      0.0
  SINCE MAR 1      9.0                       7.8    1.2      1.0
  SINCE JUL 1     63.8                      40.5   23.3     51.1
  SNOW DEPTH       0

DEGREE DAYS
 HEATING
  YESTERDAY        0                         4     -4        0
  MONTH TO DATE   74                       185   -111      125
  SINCE MAR 1   1532                      1500     32     1643
  SINCE JUL 1   6177                      5938    239     6322

 COOLING
  YESTERDAY       12                         2     10        7
  MONTH TO DATE   85                        22     63       27
  SINCE MAR 1     85                        28     57       28
  SINCE JAN 1     85                        28     57       28
..................................................................


WIND (MPH)
  RESULTANT WIND SPEED  12   RESULTANT WIND DIRECTION   S (180)
  HIGHEST WIND SPEED    21   HIGHEST WIND DIRECTION    SW (210)
  HIGHEST GUST SPEED    26   HIGHEST GUST DIRECTION    SW (210)
  AVERAGE WIND SPEED    11.7


SKY COVER
  POSSIBLE SUNSHINE  MM
  AVERAGE SKY COVER 0.7


WEATHER CONDITIONS
 THE FOLLOWING WEATHER WAS RECORDED YESTERDAY.
  NO SIGNIFICANT WEATHER WAS OBSERVED.


RELATIVE HUMIDITY (PERCENT)
 HIGHEST    73           300 AM
 LOWEST     43           200 PM
 AVERAGE    58

..........................................................


THE HARTFORD CT CLIMATE NORMALS FOR TODAY
                         NORMAL    RECORD    YEAR
 MAXIMUM TEMPERATURE (F)   74        94      1965
                                             1914
 MINIMUM TEMPERATURE (F)   51        37      1969
                                             1968


SUNRISE AND SUNSET
MAY 27 2015...........SUNRISE   521 AM EDT   SUNSET   815 PM EDT
MAY 28 2015...........SUNRISE   520 AM EDT   SUNSET   816 PM EDT


-  INDICATES NEGATIVE NUMBERS.
R  INDICATES RECORD WAS SET OR TIED.
MM INDICATES DATA IS MISSING.
T  INDICATES TRACE AMOUNT.




$$
