000
CDUS41 KBOX 210612
CLIBDL


CLIMATE REPORT
NATIONAL WEATHER SERVICE TAUNTON MA
211 AM EDT SUN JUN 21 2015


...................................

...THE HARTFORD CT CLIMATE SUMMARY FOR JUNE 20 2015...

CLIMATE NORMAL PERIOD 1981 TO 2010
CLIMATE RECORD PERIOD 1904 TO 2015


WEATHER ITEM   OBSERVED TIME   RECORD YEAR NORMAL DEPARTURE LAST
                VALUE   (LST)  VALUE       VALUE  FROM      YEAR
                                                  NORMAL
..................................................................
TEMPERATURE (F)
 YESTERDAY
  MAXIMUM         74    124 PM  97    2012  81     -7       78
  MINIMUM         54    408 AM  45    1918  59     -5       54
  AVERAGE         64                        70     -6       66

PRECIPITATION (IN)
  YESTERDAY        0.05          1.08 2001   0.13  -0.08     0.00
  MONTH TO DATE    4.60                      3.16   1.44     1.44
  SINCE JUN 1      4.60                      3.16   1.44     1.44
  SINCE JAN 1     18.17                     20.97  -2.80    23.45

SNOWFALL (IN)
  YESTERDAY        0.0           0.0  2014   0.0    0.0      0.0
  MONTH TO DATE    0.0                       0.0    0.0      0.0
  SINCE JUN 1      0.0                       0.0    0.0      0.0
  SINCE JUL 1     63.8                      40.5   23.3     51.1
  SNOW DEPTH       0

DEGREE DAYS
 HEATING
  YESTERDAY        1                         1      0        0
  MONTH TO DATE   41                        37      4        5
  SINCE JUN 1     41                        37      4        5
  SINCE JUL 1   6219                      5995    224     6358

 COOLING
  YESTERDAY        0                         6     -6        1
  MONTH TO DATE   77                        78     -1       76
  SINCE JUN 1     77                        78     -1       76
  SINCE JAN 1    194                       117     77      108
..................................................................


WIND (MPH)
  RESULTANT WIND SPEED   1   RESULTANT WIND DIRECTION   E (110)
  HIGHEST WIND SPEED    20   HIGHEST WIND DIRECTION     S (170)
  HIGHEST GUST SPEED    23   HIGHEST GUST DIRECTION     S (180)
  AVERAGE WIND SPEED     5.9


SKY COVER
  POSSIBLE SUNSHINE  MM
  AVERAGE SKY COVER 0.8


WEATHER CONDITIONS
 THE FOLLOWING WEATHER WAS RECORDED YESTERDAY.
  LIGHT RAIN
  FOG


RELATIVE HUMIDITY (PERCENT)
 HIGHEST    84           700 PM
 LOWEST     52          1200 AM
 AVERAGE    68

..........................................................


THE HARTFORD CT CLIMATE NORMALS FOR TODAY
                         NORMAL    RECORD    YEAR
 MAXIMUM TEMPERATURE (F)   81        96      2012
                                             1953
 MINIMUM TEMPERATURE (F)   59        44      1918


SUNRISE AND SUNSET
JUNE 21 2015..........SUNRISE   515 AM EDT   SUNSET   830 PM EDT
JUNE 22 2015..........SUNRISE   516 AM EDT   SUNSET   830 PM EDT


-  INDICATES NEGATIVE NUMBERS.
R  INDICATES RECORD WAS SET OR TIED.
MM INDICATES DATA IS MISSING.
T  INDICATES TRACE AMOUNT.




$$
