000
CDUS41 KBOX 292128
CLIBDL


CLIMATE REPORT
NATIONAL WEATHER SERVICE TAUNTON MA
528 PM EDT SAT JUL 29 2017


...................................

...THE HARTFORD CT CLIMATE SUMMARY FOR JULY 29 2017...
VALID AS OF 0500 PM LOCAL TIME.

CLIMATE NORMAL PERIOD 1981 TO 2010
CLIMATE RECORD PERIOD 1904 TO 2017


WEATHER ITEM   OBSERVED TIME   RECORD YEAR NORMAL DEPARTURE LAST
                VALUE   (LST)  VALUE       VALUE  FROM      YEAR
                                                  NORMAL
..................................................................
TEMPERATURE (F)
 TODAY
  MAXIMUM         78    359 PM  96    1933  85     -7       90
  MINIMUM         62    656 AM  51    1977  63     -1       70
  AVERAGE         70                        74     -4       80

PRECIPITATION (IN)
  TODAY            0.00          1.32 1969   0.15  -0.15     0.16
  MONTH TO DATE    6.57                      3.87   2.70     1.42
  SINCE JUN 1     10.18                      8.22   1.96     3.43
  SINCE JAN 1     28.45                     26.03   2.42    17.37

SNOWFALL (IN)
  TODAY            0.0           0.0  2002   0.0    0.0      0.0
                                      2001
                                      2000
  MONTH TO DATE    0.0                       0.0    0.0      0.0
  SINCE JUN 1      0.0                       0.0    0.0      0.0
  SINCE JUL 1      0.0                       0.0    0.0      0.0
  SNOW DEPTH       0

DEGREE DAYS
 HEATING
  TODAY            0                         0      0        0
  MONTH TO DATE    8                         0      8        0
  SINCE JUN 1     52                        40     12       16
  SINCE JUL 1      8                         0      8        0

 COOLING
  TODAY            5                         9     -4       15
  MONTH TO DATE  250                       253     -3      339
  SINCE JUN 1    416                       397     19      488
  SINCE JAN 1    476                       436     40      562
..................................................................


WIND (MPH)
  HIGHEST WIND SPEED    23   HIGHEST WIND DIRECTION    NE (30)
  HIGHEST GUST SPEED    29   HIGHEST GUST DIRECTION     N (20)
  AVERAGE WIND SPEED    12.2


SKY COVER
  POSSIBLE SUNSHINE  MM
  AVERAGE SKY COVER 0.9


WEATHER CONDITIONS
 THE FOLLOWING WEATHER WAS RECORDED TODAY.
  NO SIGNIFICANT WEATHER WAS OBSERVED.


RELATIVE HUMIDITY (PERCENT)
 HIGHEST    72           700 AM
 LOWEST     40           300 PM
 AVERAGE    56

..........................................................


THE HARTFORD CT CLIMATE NORMALS FOR TOMORROW
                         NORMAL    RECORD    YEAR
 MAXIMUM TEMPERATURE (F)   85        98      1988
 MINIMUM TEMPERATURE (F)   63        48      1968


SUNRISE AND SUNSET
JULY 29 2017..........SUNRISE   542 AM EDT   SUNSET   812 PM EDT
JULY 30 2017..........SUNRISE   543 AM EDT   SUNSET   811 PM EDT


-  INDICATES NEGATIVE NUMBERS.
R  INDICATES RECORD WAS SET OR TIED.
MM INDICATES DATA IS MISSING.
T  INDICATES TRACE AMOUNT.




$$
