274
CDUS41 KBOX 110537
CLIBDL


CLIMATE REPORT
NATIONAL WEATHER SERVICE TAUNTON MA
135 AM EDT WED OCT 11 2017


...................................

...THE HARTFORD CT CLIMATE SUMMARY FOR OCTOBER 10 2017...

CLIMATE NORMAL PERIOD 1981 TO 2010
CLIMATE RECORD PERIOD 1904 TO 2017


WEATHER ITEM   OBSERVED TIME   RECORD YEAR NORMAL DEPARTURE LAST
                VALUE   (LST)  VALUE       VALUE  FROM      YEAR
                                                  NORMAL
..................................................................
TEMPERATURE (F)
 YESTERDAY
  MAXIMUM         78    243 PM  89    1949  65     13       60
                                      1939
  MINIMUM         55   1159 PM  29    1989  43     12       37
  AVERAGE         67                        54     13       49

PRECIPITATION (IN)
  YESTERDAY        0.00          2.67 1971   0.15  -0.15     0.00
  MONTH TO DATE    0.72                      1.51  -0.79     0.45
  SINCE SEP 1      2.97                      5.39  -2.42     2.87
  SINCE JAN 1     34.08                     35.66  -1.58    25.21

SNOWFALL (IN)
  YESTERDAY        0.0           1.7  1979   0.0    0.0      0.0
  MONTH TO DATE    0.0                       0.0    0.0      0.0
  SINCE SEP 1      0.0                       0.0    0.0      0.0
  SINCE JUL 1      0.0                       0.0    0.0      0.0
  SNOW DEPTH       0

DEGREE DAYS
 HEATING
  YESTERDAY        0                        11    -11       16
  MONTH TO DATE   30                        97    -67       86
  SINCE SEP 1     89                       207   -118      144
  SINCE JUL 1    105                       219   -114      144

 COOLING
  YESTERDAY        2                         0      2        0
  MONTH TO DATE   28                         5     23        0
  SINCE SEP 1    170                        79     91      126
  SINCE JAN 1    857                       754    103     1056
..................................................................


WIND (MPH)
  RESULTANT WIND SPEED   6   RESULTANT WIND DIRECTION  NW (310)
  HIGHEST WIND SPEED    17   HIGHEST WIND DIRECTION    NW (310)
  HIGHEST GUST SPEED    20   HIGHEST GUST DIRECTION    NW (310)
  AVERAGE WIND SPEED     7.0


SKY COVER
  POSSIBLE SUNSHINE  MM
  AVERAGE SKY COVER 0.4


WEATHER CONDITIONS
 THE FOLLOWING WEATHER WAS RECORDED YESTERDAY.
  NO SIGNIFICANT WEATHER WAS OBSERVED.


RELATIVE HUMIDITY (PERCENT)
 HIGHEST    93           500 AM
 LOWEST     47           200 PM
 AVERAGE    70

..........................................................


THE HARTFORD CT CLIMATE NORMALS FOR TODAY
                         NORMAL    RECORD    YEAR
 MAXIMUM TEMPERATURE (F)   65        85      1955
                                             1949
 MINIMUM TEMPERATURE (F)   42        25      1993
                                             1956


SUNRISE AND SUNSET
OCTOBER 11 2017.......SUNRISE   659 AM EDT   SUNSET   615 PM EDT
OCTOBER 12 2017.......SUNRISE   700 AM EDT   SUNSET   614 PM EDT


-  INDICATES NEGATIVE NUMBERS.
R  INDICATES RECORD WAS SET OR TIED.
MM INDICATES DATA IS MISSING.
T  INDICATES TRACE AMOUNT.




$$
