000
CDUS41 KBOX 300543
CLIBDL


CLIMATE REPORT
NATIONAL WEATHER SERVICE TAUNTON MA
142 AM EDT TUE MAY 30 2017


...................................

...THE HARTFORD CT CLIMATE SUMMARY FOR MAY 29 2017...

CLIMATE NORMAL PERIOD 1981 TO 2010
CLIMATE RECORD PERIOD 1904 TO 2017


WEATHER ITEM   OBSERVED TIME   RECORD YEAR NORMAL DEPARTURE LAST
                VALUE   (LST)  VALUE       VALUE  FROM      YEAR
                                                  NORMAL
..................................................................
TEMPERATURE (F)
 YESTERDAY
  MAXIMUM         59   1013 AM  93    2012  75    -16       91
                                      1987
  MINIMUM         53   1159 PM  37    1962  52      1       65
  AVERAGE         56                        63     -7       78

PRECIPITATION (IN)
  YESTERDAY        0.03          2.60 1984   0.16  -0.13     0.00
  MONTH TO DATE    4.20                      4.02   0.18     1.83
  SINCE MAR 1     11.90                     11.36   0.54     6.47
  SINCE JAN 1     17.88                     17.48   0.40    13.30

SNOWFALL (IN)
  YESTERDAY        0.0           0.0  2002   0.0    0.0      0.0
                                      2001
                                      2000
  MONTH TO DATE    0.0                       0.0    0.0      0.0
  SINCE MAR 1     19.6                       7.8   11.8      9.8
  SINCE JUL 1     62.3                      40.5   21.8     26.9
  SNOW DEPTH       0

DEGREE DAYS
 HEATING
  YESTERDAY        9                         4      5        0
  MONTH TO DATE  228                       197     31      208
  SINCE MAR 1   1570                      1512     58     1368
  SINCE JUL 1   5463                      5950   -487     5044

 COOLING
  YESTERDAY        0                         2     -2       13
  MONTH TO DATE   37                        28      9       54
  SINCE MAR 1     60                        34     26       56
  SINCE JAN 1     60                        34     26       56
..................................................................


WIND (MPH)
  RESULTANT WIND SPEED   4   RESULTANT WIND DIRECTION   E (110)
  HIGHEST WIND SPEED    12   HIGHEST WIND DIRECTION     E (110)
  HIGHEST GUST SPEED    16   HIGHEST GUST DIRECTION     E (110)
  AVERAGE WIND SPEED     5.1


SKY COVER
  POSSIBLE SUNSHINE  MM
  AVERAGE SKY COVER 0.9


WEATHER CONDITIONS
 THE FOLLOWING WEATHER WAS RECORDED YESTERDAY.
  LIGHT RAIN
  FOG


RELATIVE HUMIDITY (PERCENT)
 HIGHEST    89           200 AM
 LOWEST     72           800 AM
 AVERAGE    81

..........................................................


THE HARTFORD CT CLIMATE NORMALS FOR TODAY
                         NORMAL    RECORD    YEAR
 MAXIMUM TEMPERATURE (F)   75        93      1987
 MINIMUM TEMPERATURE (F)   52        37      1961
                                             1949


SUNRISE AND SUNSET
MAY 30 2017...........SUNRISE   519 AM EDT   SUNSET   818 PM EDT
MAY 31 2017...........SUNRISE   518 AM EDT   SUNSET   819 PM EDT


-  INDICATES NEGATIVE NUMBERS.
R  INDICATES RECORD WAS SET OR TIED.
MM INDICATES DATA IS MISSING.
T  INDICATES TRACE AMOUNT.




$$
