000
CDUS41 KBOX 120810
CLIBDL


CLIMATE REPORT
NATIONAL WEATHER SERVICE TAUNTON MA
409 AM EDT SUN OCT 12 2014


...................................

...THE HARTFORD CT CLIMATE SUMMARY FOR OCTOBER 11 2014...

CLIMATE NORMAL PERIOD 1981 TO 2010
CLIMATE RECORD PERIOD 1904 TO 2014


WEATHER ITEM   OBSERVED TIME   RECORD YEAR NORMAL DEPARTURE LAST
                VALUE   (LST)  VALUE       VALUE  FROM      YEAR
                                                  NORMAL
..................................................................
TEMPERATURE (F)
 YESTERDAY
  MAXIMUM         54    336 PM  86    1949  65    -11       73
  MINIMUM         42   1159 PM  25    1993  42      0       47
                                      1956
  AVERAGE         48                        54     -6       60

PRECIPITATION (IN)
  YESTERDAY        0.16          1.44 2006   0.15   0.01     0.00
  MONTH TO DATE    1.87                      1.66   0.21     1.97
  SINCE SEP 1      3.49                      5.54  -2.05     5.55
  SINCE JAN 1     35.46                     35.81  -0.35    43.55

SNOWFALL (IN)
  YESTERDAY        0.0           0.0  2013   0.0    0.0      0.0
  MONTH TO DATE    0.0                       0.0    0.0      0.0
  SINCE SEP 1      0.0                       0.0    0.0      0.0
  SINCE JUL 1      0.0                       0.0    0.0      0.0
  SNOW DEPTH       0

DEGREE DAYS
 HEATING
  YESTERDAY       17                        12      5        5
  MONTH TO DATE   90                       109    -19       55
  SINCE SEP 1    174                       219    -45      186
  SINCE JUL 1    176                       231    -55      188

 COOLING
  YESTERDAY        0                         0      0        0
  MONTH TO DATE    0                         5     -5        5
  SINCE SEP 1     97                        79     18       70
  SINCE JAN 1    756                       754      2      894
..................................................................


WIND (MPH)
  RESULTANT WIND SPEED   3   RESULTANT WIND DIRECTION   N (340)
  HIGHEST WIND SPEED    10   HIGHEST WIND DIRECTION     N (20)
  HIGHEST GUST SPEED    12   HIGHEST GUST DIRECTION     N (10)
  AVERAGE WIND SPEED     3.5


SKY COVER
  POSSIBLE SUNSHINE  MM
  AVERAGE SKY COVER 0.9


WEATHER CONDITIONS
 THE FOLLOWING WEATHER WAS RECORDED YESTERDAY.
  LIGHT RAIN
  FOG


RELATIVE HUMIDITY (PERCENT)
 HIGHEST    93           900 AM
 LOWEST     71           200 PM
 AVERAGE    82

..........................................................


THE HARTFORD CT CLIMATE NORMALS FOR TODAY
                         NORMAL    RECORD    YEAR
 MAXIMUM TEMPERATURE (F)   65        88      1954
                                             1928
 MINIMUM TEMPERATURE (F)   42        24      1964


SUNRISE AND SUNSET
OCTOBER 12 2014.......SUNRISE   700 AM EDT   SUNSET   614 PM EDT
OCTOBER 13 2014.......SUNRISE   701 AM EDT   SUNSET   612 PM EDT


-  INDICATES NEGATIVE NUMBERS.
R  INDICATES RECORD WAS SET OR TIED.
MM INDICATES DATA IS MISSING.
T  INDICATES TRACE AMOUNT.




$$
