000
CDUS41 KBOX 310541
CLIBDL


CLIMATE REPORT
NATIONAL WEATHER SERVICE TAUNTON MA
137 AM EDT MON MAR 31 2014


...................................

...THE HARTFORD CT CLIMATE SUMMARY FOR MARCH 30 2014...

CLIMATE NORMAL PERIOD 1981 TO 2010
CLIMATE RECORD PERIOD 1904 TO 2014


WEATHER ITEM   OBSERVED TIME   RECORD YEAR NORMAL DEPARTURE LAST
                VALUE   (LST)  VALUE       VALUE  FROM      YEAR
                                                  NORMAL
..................................................................
TEMPERATURE (F)
 YESTERDAY
  MAXIMUM         43    310 PM  87    1977  53    -10       58
  MINIMUM         38   1159 PM  15    1970  33      5       34
  AVERAGE         41                        43     -2       46

PRECIPITATION (IN)
  YESTERDAY        1.10          2.28 1951   0.13   0.97     0.00
  MONTH TO DATE    4.00                      3.50   0.50     2.38
  SINCE MAR 1      4.00                      3.50   0.50     2.38
  SINCE JAN 1     11.37                      9.62   1.75     7.89

SNOWFALL (IN)
  YESTERDAY        0.0           1.8  1942   0.1   -0.1      0.0
  MONTH TO DATE    T                         6.3   -6.3      9.8
  SINCE MAR 1      T                         6.3   -6.3      9.8
  SINCE JUL 1     50.1                      39.0   11.1     56.9
  SNOW DEPTH       0

DEGREE DAYS
 HEATING
  YESTERDAY       24                        22      2       19
  MONTH TO DATE 1011                       822    189      837
  SINCE MAR 1   1011                       822    189      837
  SINCE JUL 1   5690                      5260    430     4989

 COOLING
  YESTERDAY        0                         0      0        0
  MONTH TO DATE    0                         0      0        0
  SINCE MAR 1      0                         0      0        0
  SINCE JAN 1      0                         0      0        0
..................................................................


WIND (MPH)
  RESULTANT WIND SPEED  15   RESULTANT WIND DIRECTION   N (10)
  HIGHEST WIND SPEED    29   HIGHEST WIND DIRECTION     N (20)
  HIGHEST GUST SPEED    35   HIGHEST GUST DIRECTION     N (20)
  AVERAGE WIND SPEED    15.9


SKY COVER
  POSSIBLE SUNSHINE  MM
  AVERAGE SKY COVER 1.0


WEATHER CONDITIONS
 THE FOLLOWING WEATHER WAS RECORDED YESTERDAY.
  HEAVY RAIN
  RAIN
  LIGHT RAIN
  FOG


RELATIVE HUMIDITY (PERCENT)
 HIGHEST   100           200 AM
 LOWEST     79           500 PM
 AVERAGE    90

..........................................................


THE HARTFORD CT CLIMATE NORMALS FOR TODAY
                         NORMAL    RECORD    YEAR
 MAXIMUM TEMPERATURE (F)   54        89      1998
 MINIMUM TEMPERATURE (F)   33        13      1923


SUNRISE AND SUNSET
MARCH 31 2014.........SUNRISE   635 AM EDT   SUNSET   715 PM EDT
APRIL  1 2014.........SUNRISE   634 AM EDT   SUNSET   716 PM EDT


-  INDICATES NEGATIVE NUMBERS.
R  INDICATES RECORD WAS SET OR TIED.
MM INDICATES DATA IS MISSING.
T  INDICATES TRACE AMOUNT.




$$
