000
CDUS41 KBOX 090814
CLIBDL


CLIMATE REPORT
NATIONAL WEATHER SERVICE TAUNTON MA
414 AM EDT THU OCT 9 2014


...................................

...THE HARTFORD CT CLIMATE SUMMARY FOR OCTOBER 8 2014...

CLIMATE NORMAL PERIOD 1981 TO 2010
CLIMATE RECORD PERIOD 1904 TO 2014


WEATHER ITEM   OBSERVED TIME   RECORD YEAR NORMAL DEPARTURE LAST
                VALUE   (LST)  VALUE       VALUE  FROM      YEAR
                                                  NORMAL
..................................................................
TEMPERATURE (F)
 YESTERDAY
  MAXIMUM         74    238 PM  85    1990  66      8       68
  MINIMUM         53   1159 PM  27    1954  44      9       45
  AVERAGE         64                        55      9       57

PRECIPITATION (IN)
  YESTERDAY        0.07          4.41 2005   0.15  -0.08     0.00
  MONTH TO DATE    1.71                      1.21   0.50     1.97
  SINCE SEP 1      3.33                      5.09  -1.76     5.55
  SINCE JAN 1     35.30                     35.36  -0.06    43.55

SNOWFALL (IN)
  YESTERDAY        0.0           0.0  2013   0.0    0.0      0.0
  MONTH TO DATE    0.0                       0.0    0.0      0.0
  SINCE SEP 1      0.0                       0.0    0.0      0.0
  SINCE JUL 1      0.0                       0.0    0.0      0.0
  SNOW DEPTH       0

DEGREE DAYS
 HEATING
  YESTERDAY        1                        11    -10        8
  MONTH TO DATE   54                        75    -21       24
  SINCE SEP 1    138                       185    -47      155
  SINCE JUL 1    140                       197    -57      157

 COOLING
  YESTERDAY        0                         0      0        0
  MONTH TO DATE    0                         5     -5        5
  SINCE SEP 1     97                        79     18       70
  SINCE JAN 1    756                       754      2      894
..................................................................


WIND (MPH)
  RESULTANT WIND SPEED  10   RESULTANT WIND DIRECTION  SW (230)
  HIGHEST WIND SPEED    28   HIGHEST WIND DIRECTION     S (190)
  HIGHEST GUST SPEED    38   HIGHEST GUST DIRECTION     S (200)
  AVERAGE WIND SPEED    11.9


SKY COVER
  POSSIBLE SUNSHINE  MM
  AVERAGE SKY COVER 0.5


WEATHER CONDITIONS
 THE FOLLOWING WEATHER WAS RECORDED YESTERDAY.
  THUNDERSTORM
  LIGHT RAIN


RELATIVE HUMIDITY (PERCENT)
 HIGHEST    90           300 AM
 LOWEST     33           400 PM
 AVERAGE    62

..........................................................


THE HARTFORD CT CLIMATE NORMALS FOR TODAY
                         NORMAL    RECORD    YEAR
 MAXIMUM TEMPERATURE (F)   66        85      2011
 MINIMUM TEMPERATURE (F)   43        28      2001
                                             2000
                                             1988


SUNRISE AND SUNSET
OCTOBER  9 2014.......SUNRISE   656 AM EDT   SUNSET   619 PM EDT
OCTOBER 10 2014.......SUNRISE   657 AM EDT   SUNSET   617 PM EDT


-  INDICATES NEGATIVE NUMBERS.
R  INDICATES RECORD WAS SET OR TIED.
MM INDICATES DATA IS MISSING.
T  INDICATES TRACE AMOUNT.




$$
