000
CDUS41 KBOX 172156
CLIBDL


CLIMATE REPORT
NATIONAL WEATHER SERVICE TAUNTON MA
545 PM EDT THU APR 17 2014


...................................

...THE HARTFORD CT CLIMATE SUMMARY FOR APRIL 17 2014...
VALID AS OF 0500 PM LOCAL TIME.

CLIMATE NORMAL PERIOD 1981 TO 2010
CLIMATE RECORD PERIOD 1904 TO 2014


WEATHER ITEM   OBSERVED TIME   RECORD YEAR NORMAL DEPARTURE LAST
                VALUE   (LST)  VALUE       VALUE  FROM      YEAR
                                                  NORMAL
..................................................................
TEMPERATURE (F)
 TODAY
  MAXIMUM         52    349 PM  95    2002  61     -9       68
  MINIMUM         26    458 AM  25    1908  39    -13       46
  AVERAGE         39                        50    -11       57

PRECIPITATION (IN)
  TODAY            0.00          1.74 1954   0.12  -0.12     0.02
  MONTH TO DATE    2.44                      2.14   0.30     0.94
  SINCE MAR 1      7.16                      5.76   1.40     3.54
  SINCE JAN 1     14.53                     11.88   2.65     9.05

SNOWFALL (IN)
  TODAY            0.0           0.7  1935   0.1   -0.1      0.0
  MONTH TO DATE    0.2                       1.2   -1.0      0.0
  SINCE MAR 1      1.0                       7.6   -6.6      9.8
  SINCE JUL 1     51.1                      40.3   10.8     56.9
  SNOW DEPTH       0

DEGREE DAYS
 HEATING
  TODAY           26                        15     11        8
  MONTH TO DATE  270                       309    -39      308
  SINCE MAR 1   1309                      1152    157     1168
  SINCE JUL 1   5988                      5590    398     5320

 COOLING
  TODAY            0                         0      0        0
  MONTH TO DATE    1                         0      1        0
  SINCE MAR 1      1                         0      1        0
  SINCE JAN 1      1                         0      1        0
..................................................................


WIND (MPH)
  HIGHEST WIND SPEED    17   HIGHEST WIND DIRECTION     N (20)
  HIGHEST GUST SPEED    20   HIGHEST GUST DIRECTION    NE (40)
  AVERAGE WIND SPEED     6.9


SKY COVER
  POSSIBLE SUNSHINE  MM
  AVERAGE SKY COVER 0.3


WEATHER CONDITIONS
 THE FOLLOWING WEATHER WAS RECORDED TODAY.
  NO SIGNIFICANT WEATHER WAS OBSERVED.


RELATIVE HUMIDITY (PERCENT)
 HIGHEST    75           400 AM
 LOWEST     28           400 PM
 AVERAGE    52

..........................................................


THE HARTFORD CT CLIMATE NORMALS FOR TOMORROW
                         NORMAL    RECORD    YEAR
 MAXIMUM TEMPERATURE (F)   62        95      1976
 MINIMUM TEMPERATURE (F)   39        24      1962


SUNRISE AND SUNSET
APRIL 17 2014.........SUNRISE   607 AM EDT   SUNSET   734 PM EDT
APRIL 18 2014.........SUNRISE   606 AM EDT   SUNSET   735 PM EDT


-  INDICATES NEGATIVE NUMBERS.
R  INDICATES RECORD WAS SET OR TIED.
MM INDICATES DATA IS MISSING.
T  INDICATES TRACE AMOUNT.




$$
