000
CDUS41 KBOX 260555
CLIBDL


CLIMATE REPORT
NATIONAL WEATHER SERVICE TAUNTON MA
148 AM EDT THU MAR 26 2015


...................................

...THE HARTFORD CT CLIMATE SUMMARY FOR MARCH 25 2015...

CLIMATE NORMAL PERIOD 1981 TO 2010
CLIMATE RECORD PERIOD 1904 TO 2015


WEATHER ITEM   OBSERVED TIME   RECORD YEAR NORMAL DEPARTURE LAST
                VALUE   (LST)  VALUE       VALUE  FROM      YEAR
                                                  NORMAL
..................................................................
TEMPERATURE (F)
 YESTERDAY
  MAXIMUM         50    236 PM  78    1910  51     -1       38
  MINIMUM         19    558 AM   9    1956  31    -12       14
                                      1906
  AVERAGE         35                        41     -6       26

PRECIPITATION (IN)
  YESTERDAY        0.09          1.96 1969   0.12  -0.03     0.00
  MONTH TO DATE    2.03                      2.89  -0.86     1.21
  SINCE MAR 1      2.03                      2.89  -0.86     1.21
  SINCE JAN 1      8.21                      9.01  -0.80     8.58

SNOWFALL (IN)
  YESTERDAY        T             1.0  1912   0.2   -0.2      0.0
  MONTH TO DATE    8.1                       5.6    2.5       T
  SINCE MAR 1      8.1                       5.6    2.5       T
  SINCE JUL 1     62.9                      38.3   24.6     50.1
  SNOW DEPTH       0

DEGREE DAYS
 HEATING
  YESTERDAY       30                        24      6       39
  MONTH TO DATE  841                       707    134      876
  SINCE MAR 1    841                       707    134      876
  SINCE JUL 1   5486                      5145    341     5555

 COOLING
  YESTERDAY        0                         0      0        0
  MONTH TO DATE    0                         0      0        0
  SINCE MAR 1      0                         0      0        0
  SINCE JAN 1      0                         0      0        0
..................................................................


WIND (MPH)
  RESULTANT WIND SPEED   5   RESULTANT WIND DIRECTION   S (190)
  HIGHEST WIND SPEED    23   HIGHEST WIND DIRECTION     S (170)
  HIGHEST GUST SPEED    28   HIGHEST GUST DIRECTION     S (170)
  AVERAGE WIND SPEED     6.4


SKY COVER
  POSSIBLE SUNSHINE  MM
  AVERAGE SKY COVER 0.6


WEATHER CONDITIONS
 THE FOLLOWING WEATHER WAS RECORDED YESTERDAY.
  RAIN
  LIGHT RAIN
  SLEET
  FOG


RELATIVE HUMIDITY (PERCENT)
 HIGHEST    92          1100 PM
 LOWEST     29           200 PM
 AVERAGE    61

..........................................................


THE HARTFORD CT CLIMATE NORMALS FOR TODAY
                         NORMAL    RECORD    YEAR
 MAXIMUM TEMPERATURE (F)   52        74      1922
 MINIMUM TEMPERATURE (F)   31         6      1960


SUNRISE AND SUNSET
MARCH 26 2015.........SUNRISE   644 AM EDT   SUNSET   709 PM EDT
MARCH 27 2015.........SUNRISE   643 AM EDT   SUNSET   710 PM EDT


-  INDICATES NEGATIVE NUMBERS.
R  INDICATES RECORD WAS SET OR TIED.
MM INDICATES DATA IS MISSING.
T  INDICATES TRACE AMOUNT.




$$
