000
CDUS41 KBOX 260547
CLIBDL


CLIMATE REPORT
NATIONAL WEATHER SERVICE TAUNTON MA
1247 AM EST WED NOV 26 2014


...................................

...THE HARTFORD CT CLIMATE SUMMARY FOR NOVEMBER 25 2014...

CLIMATE NORMAL PERIOD 1981 TO 2010
CLIMATE RECORD PERIOD 1904 TO 2014


WEATHER ITEM   OBSERVED TIME   RECORD YEAR NORMAL DEPARTURE LAST
                VALUE   (LST)  VALUE       VALUE  FROM      YEAR
                                                  NORMAL
..................................................................
TEMPERATURE (F)
 YESTERDAY
  MAXIMUM         67   1251 AM  71    1979  48     19       35
  MINIMUM         41   1002 PM  12    2000  31     10       17
                                      1938
  AVERAGE         54                        39     15       26

PRECIPITATION (IN)
  YESTERDAY        0.00          2.14 1950   0.13  -0.13     0.00
  MONTH TO DATE    2.57                      3.24  -0.67     0.58
  SINCE SEP 1      8.11                     11.49  -3.38     6.35
  SINCE JAN 1     40.08                     41.76  -1.68    44.35

SNOWFALL (IN)
  YESTERDAY        0.0           8.6  1938   0.1   -0.1      0.0
  MONTH TO DATE    T                         1.4   -1.4       T
  SINCE SEP 1      T                         1.4   -1.4       T
  SINCE JUL 1      T                         1.4   -1.4       T
  SNOW DEPTH       0

DEGREE DAYS
 HEATING
  YESTERDAY       11                        26    -15       39
  MONTH TO DATE  559                       543     16      582
  SINCE SEP 1    942                      1060   -118     1063
  SINCE JUL 1    944                      1072   -128     1065

 COOLING
  YESTERDAY        0                         0      0        0
  MONTH TO DATE    0                         0      0        0
  SINCE SEP 1    112                        81     31       70
  SINCE JAN 1    771                       756     15      894
..................................................................


WIND (MPH)
  RESULTANT WIND SPEED   8   RESULTANT WIND DIRECTION  SW (230)
  HIGHEST WIND SPEED    20   HIGHEST WIND DIRECTION     W (250)
  HIGHEST GUST SPEED    25   HIGHEST GUST DIRECTION     W (260)
  AVERAGE WIND SPEED     9.0


SKY COVER
  POSSIBLE SUNSHINE  MM
  AVERAGE SKY COVER 0.7


WEATHER CONDITIONS
 THE FOLLOWING WEATHER WAS RECORDED YESTERDAY.
  NO SIGNIFICANT WEATHER WAS OBSERVED.


RELATIVE HUMIDITY (PERCENT)
 HIGHEST    93           600 AM
 LOWEST     30          1200 PM
 AVERAGE    62

..........................................................


THE HARTFORD CT CLIMATE NORMALS FOR TODAY
                         NORMAL    RECORD    YEAR
 MAXIMUM TEMPERATURE (F)   47        65      1979
 MINIMUM TEMPERATURE (F)   30         7      1938


SUNRISE AND SUNSET
NOVEMBER 26 2014......SUNRISE   653 AM EST   SUNSET   422 PM EST
NOVEMBER 27 2014......SUNRISE   655 AM EST   SUNSET   422 PM EST


-  INDICATES NEGATIVE NUMBERS.
R  INDICATES RECORD WAS SET OR TIED.
MM INDICATES DATA IS MISSING.
T  INDICATES TRACE AMOUNT.




$$
