269
CDUS41 KBOX 291955
CLIBDL


CLIMATE REPORT
NATIONAL WEATHER SERVICE TAUNTON MA
353 PM EDT SAT APR 29 2017


...................................

...THE HARTFORD CT CLIMATE SUMMARY FOR APRIL 28 2017...

CLIMATE NORMAL PERIOD 1981 TO 2010
CLIMATE RECORD PERIOD 1904 TO 2017


WEATHER ITEM   OBSERVED TIME   RECORD YEAR NORMAL DEPARTURE LAST
                VALUE   (LST)  VALUE       VALUE  FROM      YEAR
                                                  NORMAL
..................................................................
TEMPERATURE (F)
 YESTERDAY
  MAXIMUM         86    402 PM  94    2009  66     20       61
                                      1990
  MINIMUM         57   1253 AM  29    1972  43     14       33
  AVERAGE         72                        54     18       47

PRECIPITATION (IN)
  YESTERDAY        T             1.85 2008   0.13  -0.13     0.00
  MONTH TO DATE    3.67                      3.47   0.20     2.44
  SINCE MAR 1      7.60                      7.09   0.51     4.64
  SINCE JAN 1     13.58                     13.21   0.37    11.47

SNOWFALL (IN)
  YESTERDAY        0.0           0.4  1987   0.0    0.0      0.0
  MONTH TO DATE    0.5                       1.4   -0.9      6.9
  SINCE MAR 1     19.6                       7.8   11.8      9.8
  SINCE JUL 1     62.3                      40.5   21.8     26.9
  SNOW DEPTH       0

DEGREE DAYS
 HEATING
  YESTERDAY        0                        11    -11       18
  MONTH TO DATE  355                       452    -97      493
  SINCE MAR 1   1332                      1295     37     1137
  SINCE JUL 1   5225                      5733   -508     4813

 COOLING
  YESTERDAY        7                         0      7        0
  MONTH TO DATE   16                         0     16        2
  SINCE MAR 1     16                         0     16        2
  SINCE JAN 1     16                         0     16        2
..................................................................


WIND (MPH)
  RESULTANT WIND SPEED   5   RESULTANT WIND DIRECTION   S (180)
  HIGHEST WIND SPEED    16   HIGHEST WIND DIRECTION     S (190)
  HIGHEST GUST SPEED    19   HIGHEST GUST DIRECTION     S (190)
  AVERAGE WIND SPEED     6.0


SKY COVER
  POSSIBLE SUNSHINE  MM
  AVERAGE SKY COVER 0.7


WEATHER CONDITIONS
 THE FOLLOWING WEATHER WAS RECORDED YESTERDAY.
  LIGHT RAIN
  FOG
  FOG W/VISIBILITY <= 1/4 MILE
  HAZE


RELATIVE HUMIDITY (PERCENT)
 HIGHEST   100          1200 AM
 LOWEST     27           500 PM
 AVERAGE    64

..........................................................


THE HARTFORD CT CLIMATE NORMALS FOR TODAY
                         NORMAL    RECORD    YEAR
 MAXIMUM TEMPERATURE (F)   66        91      1974
 MINIMUM TEMPERATURE (F)   43        30      1949


SUNRISE AND SUNSET
APRIL 29 2017.........SUNRISE   549 AM EDT   SUNSET   747 PM EDT
APRIL 30 2017.........SUNRISE   548 AM EDT   SUNSET   749 PM EDT


-  INDICATES NEGATIVE NUMBERS.
R  INDICATES RECORD WAS SET OR TIED.
MM INDICATES DATA IS MISSING.
T  INDICATES TRACE AMOUNT.




$$
