000
CDUS41 KBOX 282145
CLIBDL


CLIMATE REPORT
NATIONAL WEATHER SERVICE TAUNTON MA
543 PM EDT TUE OCT 28 2014


...................................

...THE HARTFORD CT CLIMATE SUMMARY FOR OCTOBER 28 2014...
VALID TODAY AS OF 0500 PM LOCAL TIME.

CLIMATE NORMAL PERIOD 1981 TO 2010
CLIMATE RECORD PERIOD 1904 TO 2014


WEATHER ITEM   OBSERVED TIME   RECORD YEAR NORMAL DEPARTURE LAST
                VALUE   (LST)  VALUE       VALUE  FROM      YEAR
                                                  NORMAL
..................................................................
TEMPERATURE (F)
 TODAY
  MAXIMUM         73    253 PM  81    1919  59     14       61
  MINIMUM         39    249 AM  18    1940  38      1       29
  AVERAGE         56                        48      8       45

PRECIPITATION (IN)
  TODAY            0.00          2.05 2006   0.13  -0.13     0.00
  MONTH TO DATE    3.73                      4.00  -0.27     2.08
  SINCE SEP 1      5.35                      7.88  -2.53     5.66
  SINCE JAN 1     37.32                     38.15  -0.83    43.66

SNOWFALL (IN)
  TODAY            0.0           T    1979   0.0    0.0      0.0
  MONTH TO DATE    0.0                       0.0    0.0      0.0
  SINCE SEP 1      0.0                       0.0    0.0      0.0
  SINCE JUL 1      0.0                       0.0    0.0      0.0
  SNOW DEPTH       0

DEGREE DAYS
 HEATING
  TODAY            9                        17     -8       20
  MONTH TO DATE  254                       355   -101      287
  SINCE SEP 1    338                       465   -127      418
  SINCE JUL 1    340                       477   -137      420

 COOLING
  TODAY            0                         0      0        0
  MONTH TO DATE   15                         5     10        5
  SINCE SEP 1    112                        79     33       70
  SINCE JAN 1    771                       754     17      894
..................................................................


WIND (MPH)
  HIGHEST WIND SPEED    13   HIGHEST WIND DIRECTION     S (200)
  HIGHEST GUST SPEED    16   HIGHEST GUST DIRECTION     S (170)
  AVERAGE WIND SPEED     3.0


SKY COVER
  POSSIBLE SUNSHINE  MM
  AVERAGE SKY COVER 0.7


WEATHER CONDITIONS
 THE FOLLOWING WEATHER WAS RECORDED TODAY.
  NO SIGNIFICANT WEATHER WAS OBSERVED.


RELATIVE HUMIDITY (PERCENT)
 HIGHEST    92           200 AM
 LOWEST     41           300 PM
 AVERAGE    67

..........................................................


THE HARTFORD CT CLIMATE NORMALS FOR TOMORROW
                         NORMAL    RECORD    YEAR
 MAXIMUM TEMPERATURE (F)   58        77      1918
 MINIMUM TEMPERATURE (F)   37        20      1940


SUNRISE AND SUNSET
OCTOBER 28 2014.......SUNRISE   718 AM EDT   SUNSET   550 PM EDT
OCTOBER 29 2014.......SUNRISE   720 AM EDT   SUNSET   549 PM EDT


-  INDICATES NEGATIVE NUMBERS.
R  INDICATES RECORD WAS SET OR TIED.
MM INDICATES DATA IS MISSING.
T  INDICATES TRACE AMOUNT.




$$
