000
CDUS41 KBOX 200614
CLIBDL


CLIMATE REPORT
NATIONAL WEATHER SERVICE TAUNTON MA
213 AM EDT SUN JUL 20 2014


...................................

...THE HARTFORD CT CLIMATE SUMMARY FOR JULY 19 2014...

CLIMATE NORMAL PERIOD 1981 TO 2010
CLIMATE RECORD PERIOD 1904 TO 2014


WEATHER ITEM   OBSERVED TIME   RECORD YEAR NORMAL DEPARTURE LAST
                VALUE   (LST)  VALUE       VALUE  FROM      YEAR
                                                  NORMAL
..................................................................
TEMPERATURE (F)
 YESTERDAY
  MAXIMUM         78    343 PM 100    1991  85     -7       97
  MINIMUM         58    338 AM  51    1956  63     -5       76
  AVERAGE         68                        74     -6       87

PRECIPITATION (IN)
  YESTERDAY        0.00          1.79 1935   0.14  -0.14     0.00
  MONTH TO DATE    3.32                      2.44   0.88     2.66
  SINCE JUN 1      5.03                      6.79  -1.76    13.45
  SINCE JAN 1     27.04                     24.60   2.44    29.59

SNOWFALL (IN)
  YESTERDAY        0.0           0.0  2002   0.0    0.0      0.0
                                      2001
                                      2000
  MONTH TO DATE    0.0                       0.0    0.0      0.0
  SINCE JUN 1      0.0                       0.0    0.0      0.0
  SINCE JUL 1      0.0                       0.0    0.0      0.0
  SNOW DEPTH       0

DEGREE DAYS
 HEATING
  YESTERDAY        0                         0      0        0
  MONTH TO DATE    0                         0      0        0
  SINCE JUN 1      6                        40    -34       33
  SINCE JUL 1      0                         0      0        0

 COOLING
  YESTERDAY        3                         9     -6       22
  MONTH TO DATE  205                       163     42      304
  SINCE JUN 1    353                       307     46      479
  SINCE JAN 1    385                       346     39      533
..................................................................


WIND (MPH)
  RESULTANT WIND SPEED   1   RESULTANT WIND DIRECTION  SE (150)
  HIGHEST WIND SPEED    14   HIGHEST WIND DIRECTION     S (160)
  HIGHEST GUST SPEED    17   HIGHEST GUST DIRECTION     S (160)
  AVERAGE WIND SPEED     4.1


SKY COVER
  POSSIBLE SUNSHINE  MM
  AVERAGE SKY COVER 0.8


WEATHER CONDITIONS
 THE FOLLOWING WEATHER WAS RECORDED YESTERDAY.
  NO SIGNIFICANT WEATHER WAS OBSERVED.


RELATIVE HUMIDITY (PERCENT)
 HIGHEST    87           400 AM
 LOWEST     49           700 PM
 AVERAGE    68

..........................................................


THE HARTFORD CT CLIMATE NORMALS FOR TODAY
                         NORMAL    RECORD    YEAR
 MAXIMUM TEMPERATURE (F)   85       100      1991
 MINIMUM TEMPERATURE (F)   63        50      1929


SUNRISE AND SUNSET
JULY 20 2014..........SUNRISE   533 AM EDT   SUNSET   821 PM EDT
JULY 21 2014..........SUNRISE   534 AM EDT   SUNSET   820 PM EDT


-  INDICATES NEGATIVE NUMBERS.
R  INDICATES RECORD WAS SET OR TIED.
MM INDICATES DATA IS MISSING.
T  INDICATES TRACE AMOUNT.




$$
